{"id":228748,"date":"2026-03-04T06:48:46","date_gmt":"2026-03-04T05:48:46","guid":{"rendered":"https:\/\/grupotextil.es\/producto\/adv-endur-bike-cap\/"},"modified":"2026-04-19T04:06:52","modified_gmt":"2026-04-19T02:06:52","slug":"adv-endur-bike-cap","status":"publish","type":"product","link":"https:\/\/grupotextil.es\/ca\/product\/adv-endur-bike-cap\/","title":{"rendered":"ADV Endur Bike Cap"},"content":{"rendered":"<p>Gorra de ciclismo cl\u00e1sica fabricada con tejido de poli\u00e9ster reciclado que ofrece un gran transporte de la humedad y comodidad. Ajuste ergon\u00f3mico.<\/p>\n<p><strong>Composici\u00f3n:<\/strong> 100% Polyester-Recycled<\/p>","protected":false},"excerpt":{"rendered":"<p>Gorra de ciclismo cl\u00e1sica fabricada con tejido de poli\u00e9ster reciclado que ofrece un gran transporte de la humedad y comodidad. Ajuste ergon\u00f3mico.<\/p>","protected":false},"featured_media":235873,"comment_status":"open","ping_status":"closed","template":"","meta":{"_acf_changed":false},"product_brand":[10489],"product_cat":[15147],"product_tag":[],"class_list":{"0":"post-228748","1":"product","2":"type-product","3":"status-publish","4":"has-post-thumbnail","6":"product_brand-craft","7":"product_cat-new-wave","8":"tm-no-options","10":"first","11":"instock","12":"taxable","13":"shipping-taxable","14":"product-type-variable"},"acf":[],"_links":{"self":[{"href":"https:\/\/grupotextil.es\/ca\/wp-json\/wp\/v2\/product\/228748","targetHints":{"allow":["GET"]}}],"collection":[{"href":"https:\/\/grupotextil.es\/ca\/wp-json\/wp\/v2\/product"}],"about":[{"href":"https:\/\/grupotextil.es\/ca\/wp-json\/wp\/v2\/types\/product"}],"replies":[{"embeddable":true,"href":"https:\/\/grupotextil.es\/ca\/wp-json\/wp\/v2\/comments?post=228748"}],"wp:featuredmedia":[{"embeddable":true,"href":"https:\/\/grupotextil.es\/ca\/wp-json\/wp\/v2\/media\/235873"}],"wp:attachment":[{"href":"https:\/\/grupotextil.es\/ca\/wp-json\/wp\/v2\/media?parent=228748"}],"wp:term":[{"taxonomy":"product_brand","embeddable":true,"href":"https:\/\/grupotextil.es\/ca\/wp-json\/wp\/v2\/product_brand?post=228748"},{"taxonomy":"product_cat","embeddable":true,"href":"https:\/\/grupotextil.es\/ca\/wp-json\/wp\/v2\/product_cat?post=228748"},{"taxonomy":"product_tag","embeddable":true,"href":"https:\/\/grupotextil.es\/ca\/wp-json\/wp\/v2\/product_tag?post=228748"}],"curies":[{"name":"wp","href":"https:\/\/api.w.org\/{rel}","templated":true}]}}

<p>Gorra de ciclismo clásica fabricada con tejido de poliéster reciclado que ofrece un gran transporte de la humedad y comodidad. Ajuste ergonómico.</p>
<p><strong>Composición:</strong> 100% Polyester-Recycled</p>

<p>Gorra de ciclismo clásica fabricada con tejido de poliéster reciclado que ofrece un gran transporte de la humedad y comodidad. Ajuste ergonómico.</p>
