{"id":228812,"date":"2026-03-04T06:49:35","date_gmt":"2026-03-04T05:49:35","guid":{"rendered":"https:\/\/grupotextil.es\/producto\/transit-35l-backpack\/"},"modified":"2026-04-26T04:05:44","modified_gmt":"2026-04-26T02:05:44","slug":"transit-35l-backpack","status":"publish","type":"product","link":"https:\/\/grupotextil.es\/ca\/product\/transit-35l-backpack\/","title":{"rendered":"Transit 35L Backpack"},"content":{"rendered":"<p>Mochila pr\u00e1ctica para el d\u00eda a d\u00eda con dos compartimentos principales y bolsillos exteriores. 35L.<\/p>\n<p>\u2022 Dos compartimentos principales con cierre de cremallera<\/p>\n<p>\u2022 Compartimento interior con acolchado adicional para ordenador port\u00e1til<\/p>\n<p>\u2022 Pr\u00e1ctico bolsillo exterior para guardar zapatos<\/p>\n<p>\u2022 Peque\u00f1o bolsillo exterior para llaves y m\u00f3vil con cremallera WR<\/p>\n<p>\u2022 Compartimentos laterales de malla para botellas de agua u otros dispositivos<\/p>\n<p>\u2022 Espuma en la espalda para mayor comodidad<\/p>\n<p>\u2022 30x20x49 cm<\/p>\n<p><strong>Composici\u00f3n:<\/strong> Material 1: 100% Poli\u00e9ster con revestimiento PU. Material 2: 100% Poli\u00e9ster con revestimiento PU. Material 3: 100% Poli\u00e9ster con revestimiento PU | <strong>Tallas:<\/strong> UD<\/p>","protected":false},"excerpt":{"rendered":"<p>Mochila pr\u00e1ctica para el d\u00eda a d\u00eda con dos compartimentos principales y bolsillos exteriores. 35L.<\/p>","protected":false},"featured_media":235901,"comment_status":"open","ping_status":"closed","template":"","meta":{"_acf_changed":false},"product_brand":[10489],"product_cat":[15146],"product_tag":[],"class_list":{"0":"post-228812","1":"product","2":"type-product","3":"status-publish","4":"has-post-thumbnail","6":"product_brand-craft","7":"product_cat-bolsas","8":"tm-no-options","10":"first","11":"instock","12":"taxable","13":"shipping-taxable","14":"product-type-variable"},"acf":[],"_links":{"self":[{"href":"https:\/\/grupotextil.es\/ca\/wp-json\/wp\/v2\/product\/228812","targetHints":{"allow":["GET"]}}],"collection":[{"href":"https:\/\/grupotextil.es\/ca\/wp-json\/wp\/v2\/product"}],"about":[{"href":"https:\/\/grupotextil.es\/ca\/wp-json\/wp\/v2\/types\/product"}],"replies":[{"embeddable":true,"href":"https:\/\/grupotextil.es\/ca\/wp-json\/wp\/v2\/comments?post=228812"}],"wp:featuredmedia":[{"embeddable":true,"href":"https:\/\/grupotextil.es\/ca\/wp-json\/wp\/v2\/media\/235901"}],"wp:attachment":[{"href":"https:\/\/grupotextil.es\/ca\/wp-json\/wp\/v2\/media?parent=228812"}],"wp:term":[{"taxonomy":"product_brand","embeddable":true,"href":"https:\/\/grupotextil.es\/ca\/wp-json\/wp\/v2\/product_brand?post=228812"},{"taxonomy":"product_cat","embeddable":true,"href":"https:\/\/grupotextil.es\/ca\/wp-json\/wp\/v2\/product_cat?post=228812"},{"taxonomy":"product_tag","embeddable":true,"href":"https:\/\/grupotextil.es\/ca\/wp-json\/wp\/v2\/product_tag?post=228812"}],"curies":[{"name":"wp","href":"https:\/\/api.w.org\/{rel}","templated":true}]}}

<p>Mochila práctica para el día a día con dos compartimentos principales y bolsillos exteriores. 35L.</p>
<p>• Dos compartimentos principales con cierre de cremallera</p>
<p>• Compartimento interior con acolchado adicional para ordenador portátil</p>
<p>• Práctico bolsillo exterior para guardar zapatos</p>
<p>• Pequeño bolsillo exterior para llaves y móvil con cremallera WR</p>
<p>• Compartimentos laterales de malla para botellas de agua u otros dispositivos</p>
<p>• Espuma en la espalda para mayor comodidad</p>
<p>• 30x20x49 cm</p>
<p><strong>Composición:</strong> Material 1: 100% Poliéster con revestimiento PU. Material 2: 100% Poliéster con revestimiento PU. Material 3: 100% Poliéster con revestimiento PU | <strong>Tallas:</strong> UD</p>

<p>Mochila práctica para el día a día con dos compartimentos principales y bolsillos exteriores. 35L.</p>
