{"id":228819,"date":"2026-03-04T06:49:40","date_gmt":"2026-03-04T05:49:40","guid":{"rendered":"https:\/\/grupotextil.es\/producto\/core-dry-shaftless-sock-5-pack\/"},"modified":"2026-04-26T04:05:44","modified_gmt":"2026-04-26T02:05:44","slug":"core-dry-shaftless-sock-5-pack","status":"publish","type":"product","link":"https:\/\/grupotextil.es\/ca\/product\/core-dry-shaftless-sock-5-pack\/","title":{"rendered":"CORE Dry Shaftless Sock 5-Pack"},"content":{"rendered":"<p>Los Active Shaftless son unos calcetines cortos tobilleros de entrenamiento funcional que ofrecen una gran eliminaci\u00f3n de la humedad, ventilaci\u00f3n y soporte del arco. Puntera y tal\u00f3n reforzados.<\/p>\n<p>\u2022 Soporte de arco<\/p>\n<p>\u2022 Costura plana en la puntera<\/p>\n<p>\u2022 Puntera y tal\u00f3n reforzados<\/p>\n<p>\u2022 Pack de 5<\/p>\n<p><strong>Composici\u00f3n:<\/strong> Body 62% Polyamide-Recycled, 36% Polyamide, 2% Elastane | <strong>Tallas:<\/strong> 34\/36-46\/48<\/p>","protected":false},"excerpt":{"rendered":"<p>Los Active Shaftless son unos calcetines cortos tobilleros de entrenamiento funcional que ofrecen una gran eliminaci\u00f3n de la humedad, ventilaci\u00f3n y soporte del arco. Puntera y tal\u00f3n reforzados.<\/p>","protected":false},"featured_media":235907,"comment_status":"open","ping_status":"closed","template":"","meta":{"_acf_changed":false},"product_brand":[10489],"product_cat":[13983],"product_tag":[],"class_list":{"0":"post-228819","1":"product","2":"type-product","3":"status-publish","4":"has-post-thumbnail","6":"product_brand-craft","7":"product_cat-h-pantalones","8":"tm-no-options","10":"first","11":"instock","12":"taxable","13":"shipping-taxable","14":"product-type-variable"},"acf":[],"_links":{"self":[{"href":"https:\/\/grupotextil.es\/ca\/wp-json\/wp\/v2\/product\/228819","targetHints":{"allow":["GET"]}}],"collection":[{"href":"https:\/\/grupotextil.es\/ca\/wp-json\/wp\/v2\/product"}],"about":[{"href":"https:\/\/grupotextil.es\/ca\/wp-json\/wp\/v2\/types\/product"}],"replies":[{"embeddable":true,"href":"https:\/\/grupotextil.es\/ca\/wp-json\/wp\/v2\/comments?post=228819"}],"wp:featuredmedia":[{"embeddable":true,"href":"https:\/\/grupotextil.es\/ca\/wp-json\/wp\/v2\/media\/235907"}],"wp:attachment":[{"href":"https:\/\/grupotextil.es\/ca\/wp-json\/wp\/v2\/media?parent=228819"}],"wp:term":[{"taxonomy":"product_brand","embeddable":true,"href":"https:\/\/grupotextil.es\/ca\/wp-json\/wp\/v2\/product_brand?post=228819"},{"taxonomy":"product_cat","embeddable":true,"href":"https:\/\/grupotextil.es\/ca\/wp-json\/wp\/v2\/product_cat?post=228819"},{"taxonomy":"product_tag","embeddable":true,"href":"https:\/\/grupotextil.es\/ca\/wp-json\/wp\/v2\/product_tag?post=228819"}],"curies":[{"name":"wp","href":"https:\/\/api.w.org\/{rel}","templated":true}]}}

<p>Los Active Shaftless son unos calcetines cortos tobilleros de entrenamiento funcional que ofrecen una gran eliminación de la humedad, ventilación y soporte del arco. Puntera y talón reforzados.</p>
<p>• Soporte de arco</p>
<p>• Costura plana en la puntera</p>
<p>• Puntera y talón reforzados</p>
<p>• Pack de 5</p>
<p><strong>Composición:</strong> Body 62% Polyamide-Recycled, 36% Polyamide, 2% Elastane | <strong>Tallas:</strong> 34/36-46/48</p>

<p>Los Active Shaftless son unos calcetines cortos tobilleros de entrenamiento funcional que ofrecen una gran eliminación de la humedad, ventilación y soporte del arco. Puntera y talón reforzados.</p>
