{"id":228892,"date":"2026-03-04T06:50:34","date_gmt":"2026-03-04T05:50:34","guid":{"rendered":"https:\/\/grupotextil.es\/producto\/core-unify-polo-shirt-m\/"},"modified":"2026-04-26T04:05:44","modified_gmt":"2026-04-26T02:05:44","slug":"core-unify-polo-shirt-m","status":"publish","type":"product","link":"https:\/\/grupotextil.es\/ca\/product\/core-unify-polo-shirt-m\/","title":{"rendered":"CORE Unify Polo Shirt  M"},"content":{"rendered":"<p>Polo de poli\u00e9ster reciclado funcional con ajuste c\u00f3modo y logo impreso en la manga.<\/p>\n<p>\u2022 Poli\u00e9ster reciclado<\/p>\n<p>\u2022 Ajuste c\u00f3modo<\/p>\n<p>\u2022 Logo impreso en la manga<\/p>\n<p><strong>Composici\u00f3n:<\/strong> Colores s\u00f3lidos: 100% Poli\u00e9ster reciclado, Colores marengo: 50% Poli\u00e9ster reciclado 50% Poli\u00e9ster | <strong>Peso:<\/strong> 160 g\/m2 | <strong>Tallas:<\/strong> XS-4XL<\/p>","protected":false},"excerpt":{"rendered":"<p>Polo de poli\u00e9ster reciclado funcional con ajuste c\u00f3modo y logo impreso en la manga.<\/p>","protected":false},"featured_media":235946,"comment_status":"open","ping_status":"closed","template":"","meta":{"_acf_changed":false},"product_brand":[10489],"product_cat":[13986,13977,13981,13990,13974,13932,13930,13975,13935,13973],"product_tag":[],"class_list":{"0":"post-228892","1":"product","2":"type-product","3":"status-publish","4":"has-post-thumbnail","6":"product_brand-craft","7":"product_cat-m-camisetas-manga-corta","8":"product_cat-h-camisetas-manga-corta","9":"product_cat-h-chaquetas-y-abrigos","10":"product_cat-m-chaquetas-y-abrigos","11":"product_cat-ropa-hombre","12":"product_cat-hosteleria-horeca","13":"product_cat-laboral","14":"product_cat-ropa-mujer","15":"product_cat-pantalones-cocina","16":"product_cat-ropa","17":"tm-no-options","19":"first","20":"instock","21":"taxable","22":"shipping-taxable","23":"product-type-variable"},"acf":[],"_links":{"self":[{"href":"https:\/\/grupotextil.es\/ca\/wp-json\/wp\/v2\/product\/228892","targetHints":{"allow":["GET"]}}],"collection":[{"href":"https:\/\/grupotextil.es\/ca\/wp-json\/wp\/v2\/product"}],"about":[{"href":"https:\/\/grupotextil.es\/ca\/wp-json\/wp\/v2\/types\/product"}],"replies":[{"embeddable":true,"href":"https:\/\/grupotextil.es\/ca\/wp-json\/wp\/v2\/comments?post=228892"}],"wp:featuredmedia":[{"embeddable":true,"href":"https:\/\/grupotextil.es\/ca\/wp-json\/wp\/v2\/media\/235946"}],"wp:attachment":[{"href":"https:\/\/grupotextil.es\/ca\/wp-json\/wp\/v2\/media?parent=228892"}],"wp:term":[{"taxonomy":"product_brand","embeddable":true,"href":"https:\/\/grupotextil.es\/ca\/wp-json\/wp\/v2\/product_brand?post=228892"},{"taxonomy":"product_cat","embeddable":true,"href":"https:\/\/grupotextil.es\/ca\/wp-json\/wp\/v2\/product_cat?post=228892"},{"taxonomy":"product_tag","embeddable":true,"href":"https:\/\/grupotextil.es\/ca\/wp-json\/wp\/v2\/product_tag?post=228892"}],"curies":[{"name":"wp","href":"https:\/\/api.w.org\/{rel}","templated":true}]}}

<p>Polo de poliéster reciclado funcional con ajuste cómodo y logo impreso en la manga.</p>
<p>• Poliéster reciclado</p>
<p>• Ajuste cómodo</p>
<p>• Logo impreso en la manga</p>
<p><strong>Composición:</strong> Colores sólidos: 100% Poliéster reciclado, Colores marengo: 50% Poliéster reciclado 50% Poliéster | <strong>Peso:</strong> 160 g/m2 | <strong>Tallas:</strong> XS-4XL</p>

<p>Polo de poliéster reciclado funcional con ajuste cómodo y logo impreso en la manga.</p>
