{"id":228922,"date":"2026-03-04T06:50:56","date_gmt":"2026-03-04T05:50:56","guid":{"rendered":"https:\/\/grupotextil.es\/producto\/adv-explore-pile-fleece-jacket-m\/"},"modified":"2026-04-26T04:05:44","modified_gmt":"2026-04-26T02:05:44","slug":"adv-explore-pile-fleece-jacket-m","status":"publish","type":"product","link":"https:\/\/grupotextil.es\/ca\/product\/adv-explore-pile-fleece-jacket-m\/","title":{"rendered":"ADV Explore Pile Fleece Jacket M"},"content":{"rendered":"<p>Chaqueta polar c\u00e1lida y vers\u00e1til con detalles a contraste pensada para el d\u00eda a d\u00eda. Est\u00e1 hecha de poli\u00e9ster reciclado y tiene un bolsillo en el pecho con cremallera y dos bolsillos laterales tambi\u00e9n con cremallera.<\/p>\n<p>\u2022 Bolsillo en el pecho con cremallera<\/p>\n<p>\u2022 Dos bolsillos laterales con cremallera<\/p>\n<p>\u2022 Pu\u00f1os en los extremos de las mangas para evitar la entrada del viento<\/p>\n<p>\u2022 Tejido reciclado<\/p>\n<p><strong>Composici\u00f3n:<\/strong> 100% Poli\u00e9ster reciclado | <strong>Peso:<\/strong> 270 g\/m2 | <strong>Tallas:<\/strong> S-4XL<\/p>","protected":false},"excerpt":{"rendered":"<p>Chaqueta polar c\u00e1lida y vers\u00e1til con detalles a contraste pensada para el d\u00eda a d\u00eda. Est\u00e1 hecha de poli\u00e9ster reciclado y tiene un bolsillo en el pecho con cremallera y dos bolsillos laterales tambi\u00e9n con cremallera.<\/p>","protected":false},"featured_media":235955,"comment_status":"open","ping_status":"closed","template":"","meta":{"_acf_changed":false},"product_brand":[10489],"product_cat":[13977,13986,13981,13990,13974,13932,13930,13975,13935,13973],"product_tag":[],"class_list":{"0":"post-228922","1":"product","2":"type-product","3":"status-publish","4":"has-post-thumbnail","6":"product_brand-craft","7":"product_cat-h-camisetas-manga-corta","8":"product_cat-m-camisetas-manga-corta","9":"product_cat-h-chaquetas-y-abrigos","10":"product_cat-m-chaquetas-y-abrigos","11":"product_cat-ropa-hombre","12":"product_cat-hosteleria-horeca","13":"product_cat-laboral","14":"product_cat-ropa-mujer","15":"product_cat-pantalones-cocina","16":"product_cat-ropa","17":"tm-no-options","19":"first","20":"instock","21":"taxable","22":"shipping-taxable","23":"product-type-variable"},"acf":[],"_links":{"self":[{"href":"https:\/\/grupotextil.es\/ca\/wp-json\/wp\/v2\/product\/228922","targetHints":{"allow":["GET"]}}],"collection":[{"href":"https:\/\/grupotextil.es\/ca\/wp-json\/wp\/v2\/product"}],"about":[{"href":"https:\/\/grupotextil.es\/ca\/wp-json\/wp\/v2\/types\/product"}],"replies":[{"embeddable":true,"href":"https:\/\/grupotextil.es\/ca\/wp-json\/wp\/v2\/comments?post=228922"}],"wp:featuredmedia":[{"embeddable":true,"href":"https:\/\/grupotextil.es\/ca\/wp-json\/wp\/v2\/media\/235955"}],"wp:attachment":[{"href":"https:\/\/grupotextil.es\/ca\/wp-json\/wp\/v2\/media?parent=228922"}],"wp:term":[{"taxonomy":"product_brand","embeddable":true,"href":"https:\/\/grupotextil.es\/ca\/wp-json\/wp\/v2\/product_brand?post=228922"},{"taxonomy":"product_cat","embeddable":true,"href":"https:\/\/grupotextil.es\/ca\/wp-json\/wp\/v2\/product_cat?post=228922"},{"taxonomy":"product_tag","embeddable":true,"href":"https:\/\/grupotextil.es\/ca\/wp-json\/wp\/v2\/product_tag?post=228922"}],"curies":[{"name":"wp","href":"https:\/\/api.w.org\/{rel}","templated":true}]}}

<p>Chaqueta polar cálida y versátil con detalles a contraste pensada para el día a día. Está hecha de poliéster reciclado y tiene un bolsillo en el pecho con cremallera y dos bolsillos laterales también con cremallera.</p>
<p>• Bolsillo en el pecho con cremallera</p>
<p>• Dos bolsillos laterales con cremallera</p>
<p>• Puños en los extremos de las mangas para evitar la entrada del viento</p>
<p>• Tejido reciclado</p>
<p><strong>Composición:</strong> 100% Poliéster reciclado | <strong>Peso:</strong> 270 g/m2 | <strong>Tallas:</strong> S-4XL</p>

<p>Chaqueta polar cálida y versátil con detalles a contraste pensada para el día a día. Está hecha de poliéster reciclado y tiene un bolsillo en el pecho con cremallera y dos bolsillos laterales también con cremallera.</p>
