{"id":228942,"date":"2026-03-04T06:51:11","date_gmt":"2026-03-04T05:51:11","guid":{"rendered":"https:\/\/grupotextil.es\/producto\/ashland-cardigan\/"},"modified":"2026-04-26T04:05:44","modified_gmt":"2026-04-26T02:05:44","slug":"ashland-cardigan","status":"publish","type":"product","link":"https:\/\/grupotextil.es\/ca\/product\/ashland-cardigan\/","title":{"rendered":"Ashland Cardigan"},"content":{"rendered":"<p>C\u00e1rdigan de punto con cierre de cremallera met\u00e1lica en el centro delantero. Canal\u00e9 1&#215;1 en cuello, mangas y bajo. Certificado Oeko-Tex 100.<\/p>\n<p><strong>Composici\u00f3n:<\/strong> 100% algod\u00f3n org\u00e1nico | <strong>Peso:<\/strong> 255 g\/m\u00b2 | <strong>Tallas:<\/strong> S-4XL<\/p>","protected":false},"excerpt":{"rendered":"<p>C\u00e1rdigan de punto con cierre de cremallera met\u00e1lica en el centro delantero. Canal\u00e9 1&#215;1 en cuello, mangas y bajo. Certificado Oeko-Tex 100.<\/p>","protected":false},"featured_media":235967,"comment_status":"open","ping_status":"closed","template":"","meta":{"_acf_changed":false},"product_brand":[10521],"product_cat":[13974,13975,13973],"product_tag":[],"class_list":{"0":"post-228942","1":"product","2":"type-product","3":"status-publish","4":"has-post-thumbnail","6":"product_brand-james-harvest","7":"product_cat-ropa-hombre","8":"product_cat-ropa-mujer","9":"product_cat-ropa","10":"tm-no-options","12":"first","13":"instock","14":"taxable","15":"shipping-taxable","16":"product-type-variable"},"acf":[],"_links":{"self":[{"href":"https:\/\/grupotextil.es\/ca\/wp-json\/wp\/v2\/product\/228942","targetHints":{"allow":["GET"]}}],"collection":[{"href":"https:\/\/grupotextil.es\/ca\/wp-json\/wp\/v2\/product"}],"about":[{"href":"https:\/\/grupotextil.es\/ca\/wp-json\/wp\/v2\/types\/product"}],"replies":[{"embeddable":true,"href":"https:\/\/grupotextil.es\/ca\/wp-json\/wp\/v2\/comments?post=228942"}],"wp:featuredmedia":[{"embeddable":true,"href":"https:\/\/grupotextil.es\/ca\/wp-json\/wp\/v2\/media\/235967"}],"wp:attachment":[{"href":"https:\/\/grupotextil.es\/ca\/wp-json\/wp\/v2\/media?parent=228942"}],"wp:term":[{"taxonomy":"product_brand","embeddable":true,"href":"https:\/\/grupotextil.es\/ca\/wp-json\/wp\/v2\/product_brand?post=228942"},{"taxonomy":"product_cat","embeddable":true,"href":"https:\/\/grupotextil.es\/ca\/wp-json\/wp\/v2\/product_cat?post=228942"},{"taxonomy":"product_tag","embeddable":true,"href":"https:\/\/grupotextil.es\/ca\/wp-json\/wp\/v2\/product_tag?post=228942"}],"curies":[{"name":"wp","href":"https:\/\/api.w.org\/{rel}","templated":true}]}}

<p>Cárdigan de punto con cierre de cremallera metálica en el centro delantero. Canalé 1&#215;1 en cuello, mangas y bajo. Certificado Oeko-Tex 100.</p>
<p><strong>Composición:</strong> 100% algodón orgánico | <strong>Peso:</strong> 255 g/m² | <strong>Tallas:</strong> S-4XL</p>

<p>Cárdigan de punto con cierre de cremallera metálica en el centro delantero. Canalé 1&#215;1 en cuello, mangas y bajo. Certificado Oeko-Tex 100.</p>
