{"id":229026,"date":"2026-03-04T06:52:14","date_gmt":"2026-03-04T05:52:14","guid":{"rendered":"https:\/\/grupotextil.es\/producto\/6425-chaqueta-acolchada-clase-3\/"},"modified":"2026-04-26T04:05:45","modified_gmt":"2026-04-26T02:05:45","slug":"6425-chaqueta-acolchada-clase-3","status":"publish","type":"product","link":"https:\/\/grupotextil.es\/ca\/product\/6425-chaqueta-acolchada-clase-3\/","title":{"rendered":"6425 CHAQUETA ACOLCHADA CLASE 3"},"content":{"rendered":"<p>Chaqueta acolchada de material cortaviento e impermeable con costuras selladas. El interior de la chaqueta est\u00e1 totalmente forrado de pil\u00e9, tambi\u00e9n en el interior de la capucha. Cremallera de doble sentido en la parte delantera con solapa para evitar corrientes de aire y filtraciones de agua, cierre con bot\u00f3n de presi\u00f3n. Dos bolsillos de pecho forrados de forro polar con solapa, en el lado izquierdo soporte para tarjeta de identificaci\u00f3n. Bolsillos laterales a ambos lados con solapa y cierre de cremallera, forrados de forro polar para mayor comodidad y calidez. Amplios bolsillos interiores con cremallera, tambi\u00e9n un bolsillo para m\u00f3vil con cierre de velcro. Capucha desmontable, ajustable en dos sentidos con cord\u00f3n. Pu\u00f1os ajustables con velcro. Chaqueta ajustable tanto en cintura y el dobladillo de la chaqueta con cord\u00f3n. El forro se puede abrir para facilitar la impresi\u00f3n.<\/p>\n<p><strong>Composici\u00f3n:<\/strong> 75% poli\u00e9ster, 25% poliuretano &#8211; 210 g\/m2 Acolchado: 100% poli\u00e9ster &#8211; 160 g\/m2, 100% poli\u00e9ster (pil\u00e9) &#8211; 300 g\/m2 | <strong>Peso:<\/strong> 300 g\/m2 | <strong>Tallas:<\/strong> XS-4XL<\/p>","protected":false},"excerpt":{"rendered":"<p>Chaqueta acolchada de material cortaviento e impermeable con costuras selladas. El interior de la chaqueta est\u00e1 totalmente forrado de pil\u00e9, tambi\u00e9n en el interior de la capucha. Cremallera de doble sentido en la parte delantera con solapa para evitar<\/p>","protected":false},"featured_media":236007,"comment_status":"open","ping_status":"closed","template":"","meta":{"_acf_changed":false},"product_brand":[10531],"product_cat":[13998],"product_tag":[],"class_list":{"0":"post-229026","1":"product","2":"type-product","3":"status-publish","4":"has-post-thumbnail","6":"product_brand-projob","7":"product_cat-n-chaquetas","8":"tm-no-options","10":"first","11":"instock","12":"taxable","13":"shipping-taxable","14":"product-type-variable"},"acf":[],"_links":{"self":[{"href":"https:\/\/grupotextil.es\/ca\/wp-json\/wp\/v2\/product\/229026","targetHints":{"allow":["GET"]}}],"collection":[{"href":"https:\/\/grupotextil.es\/ca\/wp-json\/wp\/v2\/product"}],"about":[{"href":"https:\/\/grupotextil.es\/ca\/wp-json\/wp\/v2\/types\/product"}],"replies":[{"embeddable":true,"href":"https:\/\/grupotextil.es\/ca\/wp-json\/wp\/v2\/comments?post=229026"}],"wp:featuredmedia":[{"embeddable":true,"href":"https:\/\/grupotextil.es\/ca\/wp-json\/wp\/v2\/media\/236007"}],"wp:attachment":[{"href":"https:\/\/grupotextil.es\/ca\/wp-json\/wp\/v2\/media?parent=229026"}],"wp:term":[{"taxonomy":"product_brand","embeddable":true,"href":"https:\/\/grupotextil.es\/ca\/wp-json\/wp\/v2\/product_brand?post=229026"},{"taxonomy":"product_cat","embeddable":true,"href":"https:\/\/grupotextil.es\/ca\/wp-json\/wp\/v2\/product_cat?post=229026"},{"taxonomy":"product_tag","embeddable":true,"href":"https:\/\/grupotextil.es\/ca\/wp-json\/wp\/v2\/product_tag?post=229026"}],"curies":[{"name":"wp","href":"https:\/\/api.w.org\/{rel}","templated":true}]}}

<p>Chaqueta acolchada de material cortaviento e impermeable con costuras selladas. El interior de la chaqueta está totalmente forrado de pilé, también en el interior de la capucha. Cremallera de doble sentido en la parte delantera con solapa para evitar corrientes de aire y filtraciones de agua, cierre con botón de presión. Dos bolsillos de pecho forrados de forro polar con solapa, en el lado izquierdo soporte para tarjeta de identificación. Bolsillos laterales a ambos lados con solapa y cierre de cremallera, forrados de forro polar para mayor comodidad y calidez. Amplios bolsillos interiores con cremallera, también un bolsillo para móvil con cierre de velcro. Capucha desmontable, ajustable en dos sentidos con cordón. Puños ajustables con velcro. Chaqueta ajustable tanto en cintura y el dobladillo de la chaqueta con cordón. El forro se puede abrir para facilitar la impresión.</p>
<p><strong>Composición:</strong> 75% poliéster, 25% poliuretano &#8211; 210 g/m2 Acolchado: 100% poliéster &#8211; 160 g/m2, 100% poliéster (pilé) &#8211; 300 g/m2 | <strong>Peso:</strong> 300 g/m2 | <strong>Tallas:</strong> XS-4XL</p>

<p>Chaqueta acolchada de material cortaviento e impermeable con costuras selladas. El interior de la chaqueta está totalmente forrado de pilé, también en el interior de la capucha. Cremallera de doble sentido en la parte delantera con solapa para evitar</p>
