{"id":229056,"date":"2026-03-04T06:52:37","date_gmt":"2026-03-04T05:52:37","guid":{"rendered":"https:\/\/grupotextil.es\/producto\/transit-25l-studio-bag\/"},"modified":"2026-04-26T04:05:45","modified_gmt":"2026-04-26T02:05:45","slug":"transit-25l-studio-bag","status":"publish","type":"product","link":"https:\/\/grupotextil.es\/ca\/product\/transit-25l-studio-bag\/","title":{"rendered":"Transit 25L Studio Bag"},"content":{"rendered":"<p>Bolsa de entrenamiento con compartimentos interiores para el almacenamiento de zapatos y\/o toalla. 28L.<\/p>\n<p>\u2022 Correa para el hombro y asa<\/p>\n<p>\u2022 Compartimento inerior en malla<\/p>\n<p>\u2022 Bolsillo interior con cremallera para el almacenamiento seguro de objetos de valor<\/p>\n<p>\u2022 Un bolsillo exterior con cremallera<\/p>\n<p>\u2022 Tama\u00f1o ajustable en los lados<\/p>\n<p>\u2022 58x21x31 cm<\/p>\n<p><strong>Composici\u00f3n:<\/strong> Material 1: 100% Poli\u00e9ster con revestimiento PU. Material 2: 100% Poli\u00e9ster con revestimiento PU. Material 3: 100% Poli\u00e9ster con revestimiento PU | <strong>Tallas:<\/strong> UD<\/p>","protected":false},"excerpt":{"rendered":"<p>Bolsa de entrenamiento con compartimentos interiores para el almacenamiento de zapatos y\/o toalla. 28L.<\/p>","protected":false},"featured_media":236020,"comment_status":"open","ping_status":"closed","template":"","meta":{"_acf_changed":false},"product_brand":[10489],"product_cat":[15146],"product_tag":[],"class_list":{"0":"post-229056","1":"product","2":"type-product","3":"status-publish","4":"has-post-thumbnail","6":"product_brand-craft","7":"product_cat-bolsas","8":"tm-no-options","10":"first","11":"instock","12":"taxable","13":"shipping-taxable","14":"product-type-variable"},"acf":[],"_links":{"self":[{"href":"https:\/\/grupotextil.es\/ca\/wp-json\/wp\/v2\/product\/229056","targetHints":{"allow":["GET"]}}],"collection":[{"href":"https:\/\/grupotextil.es\/ca\/wp-json\/wp\/v2\/product"}],"about":[{"href":"https:\/\/grupotextil.es\/ca\/wp-json\/wp\/v2\/types\/product"}],"replies":[{"embeddable":true,"href":"https:\/\/grupotextil.es\/ca\/wp-json\/wp\/v2\/comments?post=229056"}],"wp:featuredmedia":[{"embeddable":true,"href":"https:\/\/grupotextil.es\/ca\/wp-json\/wp\/v2\/media\/236020"}],"wp:attachment":[{"href":"https:\/\/grupotextil.es\/ca\/wp-json\/wp\/v2\/media?parent=229056"}],"wp:term":[{"taxonomy":"product_brand","embeddable":true,"href":"https:\/\/grupotextil.es\/ca\/wp-json\/wp\/v2\/product_brand?post=229056"},{"taxonomy":"product_cat","embeddable":true,"href":"https:\/\/grupotextil.es\/ca\/wp-json\/wp\/v2\/product_cat?post=229056"},{"taxonomy":"product_tag","embeddable":true,"href":"https:\/\/grupotextil.es\/ca\/wp-json\/wp\/v2\/product_tag?post=229056"}],"curies":[{"name":"wp","href":"https:\/\/api.w.org\/{rel}","templated":true}]}}

<p>Bolsa de entrenamiento con compartimentos interiores para el almacenamiento de zapatos y/o toalla. 28L.</p>
<p>• Correa para el hombro y asa</p>
<p>• Compartimento inerior en malla</p>
<p>• Bolsillo interior con cremallera para el almacenamiento seguro de objetos de valor</p>
<p>• Un bolsillo exterior con cremallera</p>
<p>• Tamaño ajustable en los lados</p>
<p>• 58x21x31 cm</p>
<p><strong>Composición:</strong> Material 1: 100% Poliéster con revestimiento PU. Material 2: 100% Poliéster con revestimiento PU. Material 3: 100% Poliéster con revestimiento PU | <strong>Tallas:</strong> UD</p>
