{"id":229074,"date":"2026-03-04T06:52:49","date_gmt":"2026-03-04T05:52:49","guid":{"rendered":"https:\/\/grupotextil.es\/producto\/scarsdale-vest-men\/"},"modified":"2026-04-26T04:05:45","modified_gmt":"2026-04-26T02:05:45","slug":"scarsdale-vest-men","status":"publish","type":"product","link":"https:\/\/grupotextil.es\/ca\/product\/scarsdale-vest-men\/","title":{"rendered":"Scarsdale Vest Men"},"content":{"rendered":"<p>El chaleco Scarsdale es la prenda perfecta para un look elegante pero funcional. Dise\u00f1ado con un acolchado vertical, este chaleco es ideal para llevarlo tanto con ropa informal como de negocios. Con cremallera bidireccional de color bronce para la abertura principal y bolsillos acolchados ocultos, ofrece un equilibrio entre estilo y funcionalidad. El suave cuello de canal\u00e9, con rayas a contraste, a\u00f1ade un toque sutil pero distintivo. Adem\u00e1s, presenta un acabado repelente al agua C0 Bionic Finish Eco.<\/p>\n<p><strong>Composici\u00f3n:<\/strong> Exterior: 100% poli\u00e9ster reciclado<br \/>\nRelleno: 95% poli\u00e9ster reciclado, 5% poli\u00e9ster, Bluesign<br \/>\nForro: 100% poli\u00e9ster reciclado | <strong>Peso:<\/strong> Shell: 82 g\/m\u00b2 &#8211; Padding: 140 g\/m\u00b2 &#8211; Lining: 37 g\/m\u00b2 | <strong>Tallas:<\/strong> S-4XL<\/p>","protected":false},"excerpt":{"rendered":"<p>El chaleco Scarsdale es la prenda perfecta para un look elegante pero funcional. Dise\u00f1ado con un acolchado vertical, este chaleco es ideal para llevarlo tanto con ropa informal como de negocios. Con cremallera bidireccional de color bronce para la ab<\/p>","protected":false},"featured_media":236031,"comment_status":"open","ping_status":"closed","template":"","meta":{"_acf_changed":false},"product_brand":[10521],"product_cat":[13998],"product_tag":[],"class_list":{"0":"post-229074","1":"product","2":"type-product","3":"status-publish","4":"has-post-thumbnail","6":"product_brand-james-harvest","7":"product_cat-n-chaquetas","8":"tm-no-options","10":"first","11":"instock","12":"taxable","13":"shipping-taxable","14":"product-type-variable"},"acf":[],"_links":{"self":[{"href":"https:\/\/grupotextil.es\/ca\/wp-json\/wp\/v2\/product\/229074","targetHints":{"allow":["GET"]}}],"collection":[{"href":"https:\/\/grupotextil.es\/ca\/wp-json\/wp\/v2\/product"}],"about":[{"href":"https:\/\/grupotextil.es\/ca\/wp-json\/wp\/v2\/types\/product"}],"replies":[{"embeddable":true,"href":"https:\/\/grupotextil.es\/ca\/wp-json\/wp\/v2\/comments?post=229074"}],"wp:featuredmedia":[{"embeddable":true,"href":"https:\/\/grupotextil.es\/ca\/wp-json\/wp\/v2\/media\/236031"}],"wp:attachment":[{"href":"https:\/\/grupotextil.es\/ca\/wp-json\/wp\/v2\/media?parent=229074"}],"wp:term":[{"taxonomy":"product_brand","embeddable":true,"href":"https:\/\/grupotextil.es\/ca\/wp-json\/wp\/v2\/product_brand?post=229074"},{"taxonomy":"product_cat","embeddable":true,"href":"https:\/\/grupotextil.es\/ca\/wp-json\/wp\/v2\/product_cat?post=229074"},{"taxonomy":"product_tag","embeddable":true,"href":"https:\/\/grupotextil.es\/ca\/wp-json\/wp\/v2\/product_tag?post=229074"}],"curies":[{"name":"wp","href":"https:\/\/api.w.org\/{rel}","templated":true}]}}

<p>El chaleco Scarsdale es la prenda perfecta para un look elegante pero funcional. Diseñado con un acolchado vertical, este chaleco es ideal para llevarlo tanto con ropa informal como de negocios. Con cremallera bidireccional de color bronce para la abertura principal y bolsillos acolchados ocultos, ofrece un equilibrio entre estilo y funcionalidad. El suave cuello de canalé, con rayas a contraste, añade un toque sutil pero distintivo. Además, presenta un acabado repelente al agua C0 Bionic Finish Eco.</p>
<p><strong>Composición:</strong> Exterior: 100% poliéster reciclado<br />
Relleno: 95% poliéster reciclado, 5% poliéster, Bluesign<br />
Forro: 100% poliéster reciclado | <strong>Peso:</strong> Shell: 82 g/m² &#8211; Padding: 140 g/m² &#8211; Lining: 37 g/m² | <strong>Tallas:</strong> S-4XL</p>

<p>El chaleco Scarsdale es la prenda perfecta para un look elegante pero funcional. Diseñado con un acolchado vertical, este chaleco es ideal para llevarlo tanto con ropa informal como de negocios. Con cremallera bidireccional de color bronce para la ab</p>
