{"id":229118,"date":"2026-03-04T06:53:24","date_gmt":"2026-03-04T05:53:24","guid":{"rendered":"https:\/\/grupotextil.es\/producto\/premium-active-t\/"},"modified":"2026-04-26T04:05:45","modified_gmt":"2026-04-26T02:05:45","slug":"premium-active-t","status":"publish","type":"product","link":"https:\/\/grupotextil.es\/ca\/product\/premium-active-t\/","title":{"rendered":"Premium Active-T"},"content":{"rendered":"<p>Camiseta deportiva de corte ajustado en poli\u00e9ster t\u00e9cnico. Tratada para que transporte la humedad lejos de tu piel manteniendote fresco y seco durante m\u00e1s tiempo. Protecci\u00f3n rayos ultravioleta UV\/30. Mangas raglan.<\/p>\n<p><strong>Composici\u00f3n:<\/strong> 100% Poli\u00e9ster interlock. | <strong>Peso:<\/strong> 135 g\/m2 | <strong>Tallas:<\/strong> S-4XL (11, 605: S-3XL) (170: XS-3XL)<\/p>","protected":false},"excerpt":{"rendered":"<p>Camiseta deportiva de corte ajustado en poli\u00e9ster t\u00e9cnico. Tratada para que transporte la humedad lejos de tu piel manteniendote fresco y seco durante m\u00e1s tiempo. Protecci\u00f3n rayos ultravioleta UV\/30. Mangas raglan.<\/p>","protected":false},"featured_media":236050,"comment_status":"open","ping_status":"closed","template":"","meta":{"_acf_changed":false},"product_brand":[10446],"product_cat":[13995],"product_tag":[],"class_list":{"0":"post-229118","1":"product","2":"type-product","3":"status-publish","4":"has-post-thumbnail","6":"product_brand-clique","7":"product_cat-n-camisetas","8":"tm-no-options","10":"first","11":"instock","12":"taxable","13":"shipping-taxable","14":"product-type-variable"},"acf":[],"_links":{"self":[{"href":"https:\/\/grupotextil.es\/ca\/wp-json\/wp\/v2\/product\/229118","targetHints":{"allow":["GET"]}}],"collection":[{"href":"https:\/\/grupotextil.es\/ca\/wp-json\/wp\/v2\/product"}],"about":[{"href":"https:\/\/grupotextil.es\/ca\/wp-json\/wp\/v2\/types\/product"}],"replies":[{"embeddable":true,"href":"https:\/\/grupotextil.es\/ca\/wp-json\/wp\/v2\/comments?post=229118"}],"wp:featuredmedia":[{"embeddable":true,"href":"https:\/\/grupotextil.es\/ca\/wp-json\/wp\/v2\/media\/236050"}],"wp:attachment":[{"href":"https:\/\/grupotextil.es\/ca\/wp-json\/wp\/v2\/media?parent=229118"}],"wp:term":[{"taxonomy":"product_brand","embeddable":true,"href":"https:\/\/grupotextil.es\/ca\/wp-json\/wp\/v2\/product_brand?post=229118"},{"taxonomy":"product_cat","embeddable":true,"href":"https:\/\/grupotextil.es\/ca\/wp-json\/wp\/v2\/product_cat?post=229118"},{"taxonomy":"product_tag","embeddable":true,"href":"https:\/\/grupotextil.es\/ca\/wp-json\/wp\/v2\/product_tag?post=229118"}],"curies":[{"name":"wp","href":"https:\/\/api.w.org\/{rel}","templated":true}]}}

<p>Camiseta deportiva de corte ajustado en poliéster técnico. Tratada para que transporte la humedad lejos de tu piel manteniendote fresco y seco durante más tiempo. Protección rayos ultravioleta UV/30. Mangas raglan.</p>
<p><strong>Composición:</strong> 100% Poliéster interlock. | <strong>Peso:</strong> 135 g/m2 | <strong>Tallas:</strong> S-4XL (11, 605: S-3XL) (170: XS-3XL)</p>

<p>Camiseta deportiva de corte ajustado en poliéster técnico. Tratada para que transporte la humedad lejos de tu piel manteniendote fresco y seco durante más tiempo. Protección rayos ultravioleta UV/30. Mangas raglan.</p>
