{"id":229217,"date":"2026-03-04T06:54:35","date_gmt":"2026-03-04T05:54:35","guid":{"rendered":"https:\/\/grupotextil.es\/producto\/adv-entity-wash-bag-medium\/"},"modified":"2026-04-26T04:05:46","modified_gmt":"2026-04-26T02:05:46","slug":"adv-entity-wash-bag-medium","status":"publish","type":"product","link":"https:\/\/grupotextil.es\/ca\/product\/adv-entity-wash-bag-medium\/","title":{"rendered":"ADV Entity Wash Bag Medium"},"content":{"rendered":"<p>Bolsa de lavado mediana con un gran compartimento principal y varios bolsillos m\u00e1s peque\u00f1os para un almacenamiento eficiente. La bolsa de lavado tambi\u00e9n tiene un pr\u00e1ctico gancho en el interior del compartimento principal que permite colgarla en el ba\u00f1o.<\/p>\n<p>\u2022 Tejido ripstop ligero<\/p>\n<p>\u2022 Un gran compartimento principal<\/p>\n<p>\u2022 Tres bolsillos m\u00e1s peque\u00f1os<\/p>\n<p>\u2022 Un bolsillo con cremallera<\/p>\n<p>\u2022 Asa en el exterior<\/p>\n<p>\u2022 Gancho en el interior<\/p>\n<p><strong>Composici\u00f3n:<\/strong> 100\u00a0% poli\u00e9ster reciclado | <strong>Tallas:<\/strong> UNICA<\/p>","protected":false},"excerpt":{"rendered":"<p>Bolsa de lavado mediana con un gran compartimento principal y varios bolsillos m\u00e1s peque\u00f1os para un almacenamiento eficiente. La bolsa de lavado tambi\u00e9n tiene un pr\u00e1ctico gancho en el interior del compartimento principal que permite colgarla en el ba<\/p>","protected":false},"featured_media":236097,"comment_status":"open","ping_status":"closed","template":"","meta":{"_acf_changed":false},"product_brand":[10489],"product_cat":[15147],"product_tag":[],"class_list":{"0":"post-229217","1":"product","2":"type-product","3":"status-publish","4":"has-post-thumbnail","6":"product_brand-craft","7":"product_cat-new-wave","8":"tm-no-options","10":"first","11":"instock","12":"taxable","13":"shipping-taxable","14":"product-type-variable"},"acf":[],"_links":{"self":[{"href":"https:\/\/grupotextil.es\/ca\/wp-json\/wp\/v2\/product\/229217","targetHints":{"allow":["GET"]}}],"collection":[{"href":"https:\/\/grupotextil.es\/ca\/wp-json\/wp\/v2\/product"}],"about":[{"href":"https:\/\/grupotextil.es\/ca\/wp-json\/wp\/v2\/types\/product"}],"replies":[{"embeddable":true,"href":"https:\/\/grupotextil.es\/ca\/wp-json\/wp\/v2\/comments?post=229217"}],"wp:featuredmedia":[{"embeddable":true,"href":"https:\/\/grupotextil.es\/ca\/wp-json\/wp\/v2\/media\/236097"}],"wp:attachment":[{"href":"https:\/\/grupotextil.es\/ca\/wp-json\/wp\/v2\/media?parent=229217"}],"wp:term":[{"taxonomy":"product_brand","embeddable":true,"href":"https:\/\/grupotextil.es\/ca\/wp-json\/wp\/v2\/product_brand?post=229217"},{"taxonomy":"product_cat","embeddable":true,"href":"https:\/\/grupotextil.es\/ca\/wp-json\/wp\/v2\/product_cat?post=229217"},{"taxonomy":"product_tag","embeddable":true,"href":"https:\/\/grupotextil.es\/ca\/wp-json\/wp\/v2\/product_tag?post=229217"}],"curies":[{"name":"wp","href":"https:\/\/api.w.org\/{rel}","templated":true}]}}

<p>Bolsa de lavado mediana con un gran compartimento principal y varios bolsillos más pequeños para un almacenamiento eficiente. La bolsa de lavado también tiene un práctico gancho en el interior del compartimento principal que permite colgarla en el baño.</p>
<p>• Tejido ripstop ligero</p>
<p>• Un gran compartimento principal</p>
<p>• Tres bolsillos más pequeños</p>
<p>• Un bolsillo con cremallera</p>
<p>• Asa en el exterior</p>
<p>• Gancho en el interior</p>
<p><strong>Composición:</strong> 100 % poliéster reciclado | <strong>Tallas:</strong> UNICA</p>

<p>Bolsa de lavado mediana con un gran compartimento principal y varios bolsillos más pequeños para un almacenamiento eficiente. La bolsa de lavado también tiene un práctico gancho en el interior del compartimento principal que permite colgarla en el ba</p>
