{"id":229268,"date":"2026-03-04T06:55:14","date_gmt":"2026-03-04T05:55:14","guid":{"rendered":"https:\/\/grupotextil.es\/producto\/adv-entity-wash-bag-small\/"},"modified":"2026-04-26T04:05:46","modified_gmt":"2026-04-26T02:05:46","slug":"adv-entity-wash-bag-small","status":"publish","type":"product","link":"https:\/\/grupotextil.es\/ca\/product\/adv-entity-wash-bag-small\/","title":{"rendered":"ADV Entity Wash Bag Small"},"content":{"rendered":"<p>Peque\u00f1a y pr\u00e1ctica bolsa de lavado con capacidad para los complementos m\u00e1s necesarios. Confeccionada en tejido ripstop ligero, cuenta con dos compartimentos con cremallera.<\/p>\n<p>\u2022 Tejido ripstop ligero<\/p>\n<p>\u2022 Compartimento grande con cremallera<\/p>\n<p>\u2022 Compartimento peque\u00f1o con cremallera<\/p>\n<p>\u2022 Asa en el exterior<\/p>\n<p><strong>Composici\u00f3n:<\/strong> 100\u00a0% poli\u00e9ster reciclado | <strong>Tallas:<\/strong> UNICA<\/p>","protected":false},"excerpt":{"rendered":"<p>Peque\u00f1a y pr\u00e1ctica bolsa de lavado con capacidad para los complementos m\u00e1s necesarios. Confeccionada en tejido ripstop ligero, cuenta con dos compartimentos con cremallera.<\/p>","protected":false},"featured_media":236127,"comment_status":"open","ping_status":"closed","template":"","meta":{"_acf_changed":false},"product_brand":[10489],"product_cat":[15146],"product_tag":[],"class_list":{"0":"post-229268","1":"product","2":"type-product","3":"status-publish","4":"has-post-thumbnail","6":"product_brand-craft","7":"product_cat-bolsas","8":"tm-no-options","10":"first","11":"instock","12":"taxable","13":"shipping-taxable","14":"product-type-variable"},"acf":[],"_links":{"self":[{"href":"https:\/\/grupotextil.es\/ca\/wp-json\/wp\/v2\/product\/229268","targetHints":{"allow":["GET"]}}],"collection":[{"href":"https:\/\/grupotextil.es\/ca\/wp-json\/wp\/v2\/product"}],"about":[{"href":"https:\/\/grupotextil.es\/ca\/wp-json\/wp\/v2\/types\/product"}],"replies":[{"embeddable":true,"href":"https:\/\/grupotextil.es\/ca\/wp-json\/wp\/v2\/comments?post=229268"}],"wp:featuredmedia":[{"embeddable":true,"href":"https:\/\/grupotextil.es\/ca\/wp-json\/wp\/v2\/media\/236127"}],"wp:attachment":[{"href":"https:\/\/grupotextil.es\/ca\/wp-json\/wp\/v2\/media?parent=229268"}],"wp:term":[{"taxonomy":"product_brand","embeddable":true,"href":"https:\/\/grupotextil.es\/ca\/wp-json\/wp\/v2\/product_brand?post=229268"},{"taxonomy":"product_cat","embeddable":true,"href":"https:\/\/grupotextil.es\/ca\/wp-json\/wp\/v2\/product_cat?post=229268"},{"taxonomy":"product_tag","embeddable":true,"href":"https:\/\/grupotextil.es\/ca\/wp-json\/wp\/v2\/product_tag?post=229268"}],"curies":[{"name":"wp","href":"https:\/\/api.w.org\/{rel}","templated":true}]}}

<p>Pequeña y práctica bolsa de lavado con capacidad para los complementos más necesarios. Confeccionada en tejido ripstop ligero, cuenta con dos compartimentos con cremallera.</p>
<p>• Tejido ripstop ligero</p>
<p>• Compartimento grande con cremallera</p>
<p>• Compartimento pequeño con cremallera</p>
<p>• Asa en el exterior</p>
<p><strong>Composición:</strong> 100 % poliéster reciclado | <strong>Tallas:</strong> UNICA</p>

<p>Pequeña y práctica bolsa de lavado con capacidad para los complementos más necesarios. Confeccionada en tejido ripstop ligero, cuenta con dos compartimentos con cremallera.</p>
