{"id":229555,"date":"2026-03-04T06:58:35","date_gmt":"2026-03-04T05:58:35","guid":{"rendered":"https:\/\/grupotextil.es\/producto\/core-explore-isolate-jacket-m\/"},"modified":"2026-04-26T04:05:47","modified_gmt":"2026-04-26T02:05:47","slug":"core-explore-isolate-jacket-m","status":"publish","type":"product","link":"https:\/\/grupotextil.es\/ca\/product\/core-explore-isolate-jacket-m\/","title":{"rendered":"CORE Explore Isolate Jacket M"},"content":{"rendered":"<p>Calienta tu marca en los d\u00edas fr\u00edos con la chaqueta Core Explore Isolate. Esta c\u00e1lida chaqueta aislante de poli\u00e9ster reciclado y canes\u00fa  sin acolchado, lo que la hace perfecta para marcar. Una gran elecci\u00f3n para la mayor\u00eda de las actividades diarias al aire libre en condiciones de fr\u00edo.<\/p>\n<p>\u2022 Acolchado aislante con canales anchos<\/p>\n<p>\u2022 Acolchado de poli\u00e9ster reciclado<\/p>\n<p>\u2022 Canes\u00fa sin acolchado<\/p>\n<p>\u2022 Dos bolsillos laterales con cremallera<\/p>\n<p>\u2022 Logo de Craft en el pecho y seis puntos en la espalda<\/p>\n<p>\u2022 Ajuste normal<\/p>\n<p><strong>Composici\u00f3n:<\/strong> Tejido: 100% Poliamida. Acolchado: 100% Poli\u00e9ster reciclado | <strong>Peso:<\/strong> 40 g\/m2 | <strong>Tallas:<\/strong> XS-4XL<\/p>","protected":false},"excerpt":{"rendered":"<p>Calienta tu marca en los d\u00edas fr\u00edos con la chaqueta Core Explore Isolate. Esta c\u00e1lida chaqueta aislante de poli\u00e9ster reciclado y canes\u00fa  sin acolchado, lo que la hace perfecta para marcar. Una gran elecci\u00f3n para la mayor\u00eda de las actividades diarias<\/p>","protected":false},"featured_media":236243,"comment_status":"open","ping_status":"closed","template":"","meta":{"_acf_changed":false},"product_brand":[10489],"product_cat":[13998],"product_tag":[],"class_list":{"0":"post-229555","1":"product","2":"type-product","3":"status-publish","4":"has-post-thumbnail","6":"product_brand-craft","7":"product_cat-n-chaquetas","8":"tm-no-options","10":"first","11":"instock","12":"taxable","13":"shipping-taxable","14":"product-type-variable"},"acf":[],"_links":{"self":[{"href":"https:\/\/grupotextil.es\/ca\/wp-json\/wp\/v2\/product\/229555","targetHints":{"allow":["GET"]}}],"collection":[{"href":"https:\/\/grupotextil.es\/ca\/wp-json\/wp\/v2\/product"}],"about":[{"href":"https:\/\/grupotextil.es\/ca\/wp-json\/wp\/v2\/types\/product"}],"replies":[{"embeddable":true,"href":"https:\/\/grupotextil.es\/ca\/wp-json\/wp\/v2\/comments?post=229555"}],"wp:featuredmedia":[{"embeddable":true,"href":"https:\/\/grupotextil.es\/ca\/wp-json\/wp\/v2\/media\/236243"}],"wp:attachment":[{"href":"https:\/\/grupotextil.es\/ca\/wp-json\/wp\/v2\/media?parent=229555"}],"wp:term":[{"taxonomy":"product_brand","embeddable":true,"href":"https:\/\/grupotextil.es\/ca\/wp-json\/wp\/v2\/product_brand?post=229555"},{"taxonomy":"product_cat","embeddable":true,"href":"https:\/\/grupotextil.es\/ca\/wp-json\/wp\/v2\/product_cat?post=229555"},{"taxonomy":"product_tag","embeddable":true,"href":"https:\/\/grupotextil.es\/ca\/wp-json\/wp\/v2\/product_tag?post=229555"}],"curies":[{"name":"wp","href":"https:\/\/api.w.org\/{rel}","templated":true}]}}

<p>Calienta tu marca en los días fríos con la chaqueta Core Explore Isolate. Esta cálida chaqueta aislante de poliéster reciclado y canesú  sin acolchado, lo que la hace perfecta para marcar. Una gran elección para la mayoría de las actividades diarias al aire libre en condiciones de frío.</p>
<p>• Acolchado aislante con canales anchos</p>
<p>• Acolchado de poliéster reciclado</p>
<p>• Canesú sin acolchado</p>
<p>• Dos bolsillos laterales con cremallera</p>
<p>• Logo de Craft en el pecho y seis puntos en la espalda</p>
<p>• Ajuste normal</p>
<p><strong>Composición:</strong> Tejido: 100% Poliamida. Acolchado: 100% Poliéster reciclado | <strong>Peso:</strong> 40 g/m2 | <strong>Tallas:</strong> XS-4XL</p>

<p>Calienta tu marca en los días fríos con la chaqueta Core Explore Isolate. Esta cálida chaqueta aislante de poliéster reciclado y canesú  sin acolchado, lo que la hace perfecta para marcar. Una gran elección para la mayoría de las actividades diarias</p>
