{"id":229756,"date":"2026-03-04T07:00:38","date_gmt":"2026-03-04T06:00:38","guid":{"rendered":"https:\/\/grupotextil.es\/producto\/core-essence-headband\/"},"modified":"2026-04-19T04:06:57","modified_gmt":"2026-04-19T02:06:57","slug":"core-essence-headband","status":"publish","type":"product","link":"https:\/\/grupotextil.es\/ca\/product\/core-essence-headband\/","title":{"rendered":"CORE Essence Headband"},"content":{"rendered":"<p>CORE Essence Headband es una cinta para la cabeza de entrenamiento ligera y el\u00e1stica fabricada con tejido de punto reciclado y cepillado para una calidez y comodidad \u00f3ptimas. El tejido de poli\u00e9ster reciclado tambi\u00e9n ofrece excepcionales propiedades de evacuaci\u00f3n de la humedad para mantenerte seco y c\u00f3modo durante el ejercicio.<\/p>\n<p>\u2022 Punto suave, el\u00e1stico y cepillado de poli\u00e9ster reciclado<\/p>\n<p>\u2022 Logotipo reflectante en la parte delantera<\/p>\n<p><strong>Composici\u00f3n:<\/strong> 77% Poli\u00e9ster reciclado, 23% Elastano | <strong>Tallas:<\/strong> S\/M-L\/XL<\/p>","protected":false},"excerpt":{"rendered":"<p>CORE Essence Headband es una cinta para la cabeza de entrenamiento ligera y el\u00e1stica fabricada con tejido de punto reciclado y cepillado para una calidez y comodidad \u00f3ptimas. El tejido de poli\u00e9ster reciclado tambi\u00e9n ofrece excepcionales propiedades d<\/p>","protected":false},"featured_media":236343,"comment_status":"open","ping_status":"closed","template":"","meta":{"_acf_changed":false},"product_brand":[10489],"product_cat":[15147],"product_tag":[],"class_list":{"0":"post-229756","1":"product","2":"type-product","3":"status-publish","4":"has-post-thumbnail","6":"product_brand-craft","7":"product_cat-new-wave","8":"tm-no-options","10":"first","11":"instock","12":"taxable","13":"shipping-taxable","14":"product-type-variable"},"acf":[],"_links":{"self":[{"href":"https:\/\/grupotextil.es\/ca\/wp-json\/wp\/v2\/product\/229756","targetHints":{"allow":["GET"]}}],"collection":[{"href":"https:\/\/grupotextil.es\/ca\/wp-json\/wp\/v2\/product"}],"about":[{"href":"https:\/\/grupotextil.es\/ca\/wp-json\/wp\/v2\/types\/product"}],"replies":[{"embeddable":true,"href":"https:\/\/grupotextil.es\/ca\/wp-json\/wp\/v2\/comments?post=229756"}],"wp:featuredmedia":[{"embeddable":true,"href":"https:\/\/grupotextil.es\/ca\/wp-json\/wp\/v2\/media\/236343"}],"wp:attachment":[{"href":"https:\/\/grupotextil.es\/ca\/wp-json\/wp\/v2\/media?parent=229756"}],"wp:term":[{"taxonomy":"product_brand","embeddable":true,"href":"https:\/\/grupotextil.es\/ca\/wp-json\/wp\/v2\/product_brand?post=229756"},{"taxonomy":"product_cat","embeddable":true,"href":"https:\/\/grupotextil.es\/ca\/wp-json\/wp\/v2\/product_cat?post=229756"},{"taxonomy":"product_tag","embeddable":true,"href":"https:\/\/grupotextil.es\/ca\/wp-json\/wp\/v2\/product_tag?post=229756"}],"curies":[{"name":"wp","href":"https:\/\/api.w.org\/{rel}","templated":true}]}}

<p>CORE Essence Headband es una cinta para la cabeza de entrenamiento ligera y elástica fabricada con tejido de punto reciclado y cepillado para una calidez y comodidad óptimas. El tejido de poliéster reciclado también ofrece excepcionales propiedades de evacuación de la humedad para mantenerte seco y cómodo durante el ejercicio.</p>
<p>• Punto suave, elástico y cepillado de poliéster reciclado</p>
<p>• Logotipo reflectante en la parte delantera</p>
<p><strong>Composición:</strong> 77% Poliéster reciclado, 23% Elastano | <strong>Tallas:</strong> S/M-L/XL</p>

<p>CORE Essence Headband es una cinta para la cabeza de entrenamiento ligera y elástica fabricada con tejido de punto reciclado y cepillado para una calidez y comodidad óptimas. El tejido de poliéster reciclado también ofrece excepcionales propiedades d</p>
