{"id":230086,"date":"2026-03-04T07:04:04","date_gmt":"2026-03-04T06:04:04","guid":{"rendered":"https:\/\/grupotextil.es\/producto\/classic-hoody\/"},"modified":"2026-04-26T04:05:50","modified_gmt":"2026-04-26T02:05:50","slug":"classic-hoody","status":"publish","type":"product","link":"https:\/\/grupotextil.es\/ca\/product\/classic-hoody\/","title":{"rendered":"Classic Hoody"},"content":{"rendered":"<p>Sudadera con capucha y bolsillo tipo canguro con pr\u00e1ctica soluci\u00f3n para m\u00f3vil. Forro a contraste en capucha. Cord\u00f3n de doble cara. Canal\u00e9 el\u00e1stico en mangas y cintura. Costuras a tono.<\/p>\n<p><strong>Composici\u00f3n:<\/strong> 80% Algod\u00f3n, 20% Poli\u00e9ster (antracita marengo [955] 60% algod\u00f3n, 40% poli\u00e9ster. Gris marengo [95] 85% algod\u00f3n 15% viscosa). | <strong>Peso:<\/strong> 300 g\/m2 | <strong>Tallas:<\/strong> XS-5XL (565: XS-3XL)<\/p>","protected":false},"excerpt":{"rendered":"<p>Sudadera con capucha y bolsillo tipo canguro con pr\u00e1ctica soluci\u00f3n para m\u00f3vil. Forro a contraste en capucha. Cord\u00f3n de doble cara. Canal\u00e9 el\u00e1stico en mangas y cintura. Costuras a tono.<\/p>","protected":false},"featured_media":236485,"comment_status":"open","ping_status":"closed","template":"","meta":{"_acf_changed":false},"product_brand":[10446],"product_cat":[13980],"product_tag":[],"class_list":{"0":"post-230086","1":"product","2":"type-product","3":"status-publish","4":"has-post-thumbnail","6":"product_brand-clique","7":"product_cat-h-sudaderas","8":"tm-no-options","10":"first","11":"instock","12":"taxable","13":"shipping-taxable","14":"product-type-variable"},"acf":[],"_links":{"self":[{"href":"https:\/\/grupotextil.es\/ca\/wp-json\/wp\/v2\/product\/230086","targetHints":{"allow":["GET"]}}],"collection":[{"href":"https:\/\/grupotextil.es\/ca\/wp-json\/wp\/v2\/product"}],"about":[{"href":"https:\/\/grupotextil.es\/ca\/wp-json\/wp\/v2\/types\/product"}],"replies":[{"embeddable":true,"href":"https:\/\/grupotextil.es\/ca\/wp-json\/wp\/v2\/comments?post=230086"}],"wp:featuredmedia":[{"embeddable":true,"href":"https:\/\/grupotextil.es\/ca\/wp-json\/wp\/v2\/media\/236485"}],"wp:attachment":[{"href":"https:\/\/grupotextil.es\/ca\/wp-json\/wp\/v2\/media?parent=230086"}],"wp:term":[{"taxonomy":"product_brand","embeddable":true,"href":"https:\/\/grupotextil.es\/ca\/wp-json\/wp\/v2\/product_brand?post=230086"},{"taxonomy":"product_cat","embeddable":true,"href":"https:\/\/grupotextil.es\/ca\/wp-json\/wp\/v2\/product_cat?post=230086"},{"taxonomy":"product_tag","embeddable":true,"href":"https:\/\/grupotextil.es\/ca\/wp-json\/wp\/v2\/product_tag?post=230086"}],"curies":[{"name":"wp","href":"https:\/\/api.w.org\/{rel}","templated":true}]}}

<p>Sudadera con capucha y bolsillo tipo canguro con práctica solución para móvil. Forro a contraste en capucha. Cordón de doble cara. Canalé elástico en mangas y cintura. Costuras a tono.</p>
<p><strong>Composición:</strong> 80% Algodón, 20% Poliéster (antracita marengo [955] 60% algodón, 40% poliéster. Gris marengo [95] 85% algodón 15% viscosa). | <strong>Peso:</strong> 300 g/m2 | <strong>Tallas:</strong> XS-5XL (565: XS-3XL)</p>

<p>Sudadera con capucha y bolsillo tipo canguro con práctica solución para móvil. Forro a contraste en capucha. Cordón de doble cara. Canalé elástico en mangas y cintura. Costuras a tono.</p>
