{"id":230101,"date":"2026-03-04T07:04:13","date_gmt":"2026-03-04T06:04:13","guid":{"rendered":"https:\/\/grupotextil.es\/producto\/ice-t-kids\/"},"modified":"2026-04-26T04:05:50","modified_gmt":"2026-04-26T02:05:50","slug":"ice-t-kids","status":"publish","type":"product","link":"https:\/\/grupotextil.es\/ca\/product\/ice-t-kids\/","title":{"rendered":"Ice-T Kids"},"content":{"rendered":"<p>Camiseta en poli\u00e9ster t\u00e9cnico transpirable para ni\u00f1os. Costuras laterales. Protecci\u00f3n rayos ultravioleta UV\/20<\/p>\n<p><strong>Composici\u00f3n:<\/strong> 100% Poli\u00e9ster | <strong>Peso:<\/strong> 150 g\/m2 | <strong>Tallas:<\/strong> 120 (6-8 A\u00f1os)-160 (12-14 A\u00f1os) (250: 140 (9-11 A\u00f1os)-160 (12-14 A\u00f1os))<\/p>","protected":false},"excerpt":{"rendered":"<p>Camiseta en poli\u00e9ster t\u00e9cnico transpirable para ni\u00f1os. Costuras laterales. Protecci\u00f3n rayos ultravioleta UV\/20<\/p>","protected":false},"featured_media":236493,"comment_status":"open","ping_status":"closed","template":"","meta":{"_acf_changed":false},"product_brand":[10446],"product_cat":[13995],"product_tag":[],"class_list":{"0":"post-230101","1":"product","2":"type-product","3":"status-publish","4":"has-post-thumbnail","6":"product_brand-clique","7":"product_cat-n-camisetas","8":"tm-no-options","10":"first","11":"instock","12":"taxable","13":"shipping-taxable","14":"product-type-variable"},"acf":[],"_links":{"self":[{"href":"https:\/\/grupotextil.es\/ca\/wp-json\/wp\/v2\/product\/230101","targetHints":{"allow":["GET"]}}],"collection":[{"href":"https:\/\/grupotextil.es\/ca\/wp-json\/wp\/v2\/product"}],"about":[{"href":"https:\/\/grupotextil.es\/ca\/wp-json\/wp\/v2\/types\/product"}],"replies":[{"embeddable":true,"href":"https:\/\/grupotextil.es\/ca\/wp-json\/wp\/v2\/comments?post=230101"}],"wp:featuredmedia":[{"embeddable":true,"href":"https:\/\/grupotextil.es\/ca\/wp-json\/wp\/v2\/media\/236493"}],"wp:attachment":[{"href":"https:\/\/grupotextil.es\/ca\/wp-json\/wp\/v2\/media?parent=230101"}],"wp:term":[{"taxonomy":"product_brand","embeddable":true,"href":"https:\/\/grupotextil.es\/ca\/wp-json\/wp\/v2\/product_brand?post=230101"},{"taxonomy":"product_cat","embeddable":true,"href":"https:\/\/grupotextil.es\/ca\/wp-json\/wp\/v2\/product_cat?post=230101"},{"taxonomy":"product_tag","embeddable":true,"href":"https:\/\/grupotextil.es\/ca\/wp-json\/wp\/v2\/product_tag?post=230101"}],"curies":[{"name":"wp","href":"https:\/\/api.w.org\/{rel}","templated":true}]}}

<p>Camiseta en poliéster técnico transpirable para niños. Costuras laterales. Protección rayos ultravioleta UV/20</p>
<p><strong>Composición:</strong> 100% Poliéster | <strong>Peso:</strong> 150 g/m2 | <strong>Tallas:</strong> 120 (6-8 Años)-160 (12-14 Años) (250: 140 (9-11 Años)-160 (12-14 Años))</p>

<p>Camiseta en poliéster técnico transpirable para niños. Costuras laterales. Protección rayos ultravioleta UV/20</p>
