{"id":230402,"date":"2026-03-04T07:07:24","date_gmt":"2026-03-04T06:07:24","guid":{"rendered":"https:\/\/grupotextil.es\/producto\/classic-ft-jacket-women\/"},"modified":"2026-04-26T04:05:52","modified_gmt":"2026-04-26T02:05:52","slug":"classic-ft-jacket-women","status":"publish","type":"product","link":"https:\/\/grupotextil.es\/ca\/product\/classic-ft-jacket-women\/","title":{"rendered":"Classic FT Jacket Women"},"content":{"rendered":"<p>Sudadera c\u00e1rdigan French Terry de cremallera entera. Bolsillos laterales con cremallera y pr\u00e1ctica soluci\u00f3n para m\u00f3vil. Canal\u00e9 el\u00e1stico en mangas y cintura. Costuras a tono y ribete bicolor en cuello.<\/p>\n<p><strong>Composici\u00f3n:<\/strong> 80% algod\u00f3n, 20% poli\u00e9ster | <strong>Peso:<\/strong> 300 g\/m2 | <strong>Tallas:<\/strong> XS (580: XS-XXL) (90: XS-S) (99: S-XXL)<\/p>","protected":false},"excerpt":{"rendered":"<p>Sudadera c\u00e1rdigan French Terry de cremallera entera. Bolsillos laterales con cremallera y pr\u00e1ctica soluci\u00f3n para m\u00f3vil. Canal\u00e9 el\u00e1stico en mangas y cintura. Costuras a tono y ribete bicolor en cuello.<\/p>","protected":false},"featured_media":236644,"comment_status":"open","ping_status":"closed","template":"","meta":{"_acf_changed":false},"product_brand":[10446],"product_cat":[13980],"product_tag":[],"class_list":{"0":"post-230402","1":"product","2":"type-product","3":"status-publish","4":"has-post-thumbnail","6":"product_brand-clique","7":"product_cat-h-sudaderas","8":"tm-no-options","10":"first","11":"instock","12":"taxable","13":"shipping-taxable","14":"product-type-variable"},"acf":[],"_links":{"self":[{"href":"https:\/\/grupotextil.es\/ca\/wp-json\/wp\/v2\/product\/230402","targetHints":{"allow":["GET"]}}],"collection":[{"href":"https:\/\/grupotextil.es\/ca\/wp-json\/wp\/v2\/product"}],"about":[{"href":"https:\/\/grupotextil.es\/ca\/wp-json\/wp\/v2\/types\/product"}],"replies":[{"embeddable":true,"href":"https:\/\/grupotextil.es\/ca\/wp-json\/wp\/v2\/comments?post=230402"}],"wp:featuredmedia":[{"embeddable":true,"href":"https:\/\/grupotextil.es\/ca\/wp-json\/wp\/v2\/media\/236644"}],"wp:attachment":[{"href":"https:\/\/grupotextil.es\/ca\/wp-json\/wp\/v2\/media?parent=230402"}],"wp:term":[{"taxonomy":"product_brand","embeddable":true,"href":"https:\/\/grupotextil.es\/ca\/wp-json\/wp\/v2\/product_brand?post=230402"},{"taxonomy":"product_cat","embeddable":true,"href":"https:\/\/grupotextil.es\/ca\/wp-json\/wp\/v2\/product_cat?post=230402"},{"taxonomy":"product_tag","embeddable":true,"href":"https:\/\/grupotextil.es\/ca\/wp-json\/wp\/v2\/product_tag?post=230402"}],"curies":[{"name":"wp","href":"https:\/\/api.w.org\/{rel}","templated":true}]}}

<p>Sudadera cárdigan French Terry de cremallera entera. Bolsillos laterales con cremallera y práctica solución para móvil. Canalé elástico en mangas y cintura. Costuras a tono y ribete bicolor en cuello.</p>
<p><strong>Composición:</strong> 80% algodón, 20% poliéster | <strong>Peso:</strong> 300 g/m2 | <strong>Tallas:</strong> XS (580: XS-XXL) (90: XS-S) (99: S-XXL)</p>

<p>Sudadera cárdigan French Terry de cremallera entera. Bolsillos laterales con cremallera y práctica solución para móvil. Canalé elástico en mangas y cintura. Costuras a tono y ribete bicolor en cuello.</p>
