{"id":230614,"date":"2026-03-04T07:09:35","date_gmt":"2026-03-04T06:09:35","guid":{"rendered":"https:\/\/grupotextil.es\/producto\/5532-pantalon\/"},"modified":"2026-04-26T04:05:53","modified_gmt":"2026-04-26T02:05:53","slug":"5532-pantalon","status":"publish","type":"product","link":"https:\/\/grupotextil.es\/ca\/product\/5532-pantalon\/","title":{"rendered":"5532 PANTAL\u00d3N"},"content":{"rendered":"<p>Pantal\u00f3n con bolsillos laterales y bolsillos traseros con solapa y cierre de velcro. Bolsillo para cinta m\u00e9trica y bolsillo con bot\u00f3n para herramientas. Dos trabillas para martillo, una a cada lado. Refuerzo en el bolsillo para cinta m\u00e9trica y sobre las rodillas. Ribete reflectante en el exterior de las piernas. Bolsillos internos para protectores de rodillas, ajustables a dos niveles de altura. La talla C42-C64 se puede alargar 5 cm.<\/p>\n<p><strong>Composici\u00f3n:<\/strong> 65% Poli\u00e9ster, 35% algod\u00f3n, 245g\/m\u00b2 | <strong>Peso:<\/strong> 245 g\/m\u00b2 | <strong>Tallas:<\/strong> C42-D120<\/p>","protected":false},"excerpt":{"rendered":"<p>Pantal\u00f3n con bolsillos laterales y bolsillos traseros con solapa y cierre de velcro. Bolsillo para cinta m\u00e9trica y bolsillo con bot\u00f3n para herramientas. Dos trabillas para martillo, una a cada lado. Refuerzo en el bolsillo para cinta m\u00e9trica y sobre<\/p>","protected":false},"featured_media":236731,"comment_status":"open","ping_status":"closed","template":"","meta":{"_acf_changed":false},"product_brand":[10531],"product_cat":[13983],"product_tag":[],"class_list":{"0":"post-230614","1":"product","2":"type-product","3":"status-publish","4":"has-post-thumbnail","6":"product_brand-projob","7":"product_cat-h-pantalones","8":"tm-no-options","10":"first","11":"instock","12":"taxable","13":"shipping-taxable","14":"product-type-variable"},"acf":[],"_links":{"self":[{"href":"https:\/\/grupotextil.es\/ca\/wp-json\/wp\/v2\/product\/230614","targetHints":{"allow":["GET"]}}],"collection":[{"href":"https:\/\/grupotextil.es\/ca\/wp-json\/wp\/v2\/product"}],"about":[{"href":"https:\/\/grupotextil.es\/ca\/wp-json\/wp\/v2\/types\/product"}],"replies":[{"embeddable":true,"href":"https:\/\/grupotextil.es\/ca\/wp-json\/wp\/v2\/comments?post=230614"}],"wp:featuredmedia":[{"embeddable":true,"href":"https:\/\/grupotextil.es\/ca\/wp-json\/wp\/v2\/media\/236731"}],"wp:attachment":[{"href":"https:\/\/grupotextil.es\/ca\/wp-json\/wp\/v2\/media?parent=230614"}],"wp:term":[{"taxonomy":"product_brand","embeddable":true,"href":"https:\/\/grupotextil.es\/ca\/wp-json\/wp\/v2\/product_brand?post=230614"},{"taxonomy":"product_cat","embeddable":true,"href":"https:\/\/grupotextil.es\/ca\/wp-json\/wp\/v2\/product_cat?post=230614"},{"taxonomy":"product_tag","embeddable":true,"href":"https:\/\/grupotextil.es\/ca\/wp-json\/wp\/v2\/product_tag?post=230614"}],"curies":[{"name":"wp","href":"https:\/\/api.w.org\/{rel}","templated":true}]}}

5532 PANTALÓN

<p>Pantalón con bolsillos laterales y bolsillos traseros con solapa y cierre de velcro. Bolsillo para cinta métrica y bolsillo con botón para herramientas. Dos trabillas para martillo, una a cada lado. Refuerzo en el bolsillo para cinta métrica y sobre las rodillas. Ribete reflectante en el exterior de las piernas. Bolsillos internos para protectores de rodillas, ajustables a dos niveles de altura. La talla C42-C64 se puede alargar 5 cm.</p>
<p><strong>Composición:</strong> 65% Poliéster, 35% algodón, 245g/m² | <strong>Peso:</strong> 245 g/m² | <strong>Tallas:</strong> C42-D120</p>

<p>Pantalón con bolsillos laterales y bolsillos traseros con solapa y cierre de velcro. Bolsillo para cinta métrica y bolsillo con botón para herramientas. Dos trabillas para martillo, una a cada lado. Refuerzo en el bolsillo para cinta métrica y sobre</p>
