{"id":230858,"date":"2026-03-04T07:12:03","date_gmt":"2026-03-04T06:12:03","guid":{"rendered":"https:\/\/grupotextil.es\/producto\/5210-camisa\/"},"modified":"2026-04-26T04:05:54","modified_gmt":"2026-04-26T02:05:54","slug":"5210-camisa","status":"publish","type":"product","link":"https:\/\/grupotextil.es\/ca\/product\/5210-camisa\/","title":{"rendered":"5210 CAMISA"},"content":{"rendered":"<p>Camisa funcional sin costuras laterales, que evita rozaduras e irritaciones. Las camisas est\u00e1n especialmente dise\u00f1adas para un movimiento \u00f3ptimo de las mangas. Pr\u00e1cticos bolsillos en el pecho con solapas. Botones a presi\u00f3n. Pliegue en la espalda para mayor libertad de movimientos.<\/p>\n<p><strong>Composici\u00f3n:<\/strong> 100% Algod\u00f3n, 210 g\/m2 | <strong>Peso:<\/strong> 210 g\/m\u00b2 | <strong>Tallas:<\/strong> XS-3XL<\/p>","protected":false},"excerpt":{"rendered":"<p>Camisa funcional sin costuras laterales, que evita rozaduras e irritaciones. Las camisas est\u00e1n especialmente dise\u00f1adas para un movimiento \u00f3ptimo de las mangas. Pr\u00e1cticos bolsillos en el pecho con solapas. Botones a presi\u00f3n. Pliegue en la espalda para<\/p>","protected":false},"featured_media":236768,"comment_status":"open","ping_status":"closed","template":"","meta":{"_acf_changed":false},"product_brand":[10531],"product_cat":[13995],"product_tag":[],"class_list":{"0":"post-230858","1":"product","2":"type-product","3":"status-publish","4":"has-post-thumbnail","6":"product_brand-projob","7":"product_cat-n-camisetas","8":"tm-no-options","10":"first","11":"instock","12":"taxable","13":"shipping-taxable","14":"product-type-variable"},"acf":[],"_links":{"self":[{"href":"https:\/\/grupotextil.es\/ca\/wp-json\/wp\/v2\/product\/230858","targetHints":{"allow":["GET"]}}],"collection":[{"href":"https:\/\/grupotextil.es\/ca\/wp-json\/wp\/v2\/product"}],"about":[{"href":"https:\/\/grupotextil.es\/ca\/wp-json\/wp\/v2\/types\/product"}],"replies":[{"embeddable":true,"href":"https:\/\/grupotextil.es\/ca\/wp-json\/wp\/v2\/comments?post=230858"}],"wp:featuredmedia":[{"embeddable":true,"href":"https:\/\/grupotextil.es\/ca\/wp-json\/wp\/v2\/media\/236768"}],"wp:attachment":[{"href":"https:\/\/grupotextil.es\/ca\/wp-json\/wp\/v2\/media?parent=230858"}],"wp:term":[{"taxonomy":"product_brand","embeddable":true,"href":"https:\/\/grupotextil.es\/ca\/wp-json\/wp\/v2\/product_brand?post=230858"},{"taxonomy":"product_cat","embeddable":true,"href":"https:\/\/grupotextil.es\/ca\/wp-json\/wp\/v2\/product_cat?post=230858"},{"taxonomy":"product_tag","embeddable":true,"href":"https:\/\/grupotextil.es\/ca\/wp-json\/wp\/v2\/product_tag?post=230858"}],"curies":[{"name":"wp","href":"https:\/\/api.w.org\/{rel}","templated":true}]}}

<p>Camisa funcional sin costuras laterales, que evita rozaduras e irritaciones. Las camisas están especialmente diseñadas para un movimiento óptimo de las mangas. Prácticos bolsillos en el pecho con solapas. Botones a presión. Pliegue en la espalda para mayor libertad de movimientos.</p>
<p><strong>Composición:</strong> 100% Algodón, 210 g/m2 | <strong>Peso:</strong> 210 g/m² | <strong>Tallas:</strong> XS-3XL</p>

<p>Camisa funcional sin costuras laterales, que evita rozaduras e irritaciones. Las camisas están especialmente diseñadas para un movimiento óptimo de las mangas. Prácticos bolsillos en el pecho con solapas. Botones a presión. Pliegue en la espalda para</p>
