{"id":230866,"date":"2026-03-04T07:12:08","date_gmt":"2026-03-04T06:12:08","guid":{"rendered":"https:\/\/grupotextil.es\/producto\/woodlake-woman\/"},"modified":"2026-04-26T04:05:54","modified_gmt":"2026-04-26T02:05:54","slug":"woodlake-woman","status":"publish","type":"product","link":"https:\/\/grupotextil.es\/ca\/product\/woodlake-woman\/","title":{"rendered":"Woodlake Woman"},"content":{"rendered":"<p>Chaqueta acolchada de invierno en poli\u00e9ster reciclado. Cremallera waterproof frontal y bolsillos laterales. Bolsillos laterales que al estar el acabado cogido con la costura de la chaqueta por dentro, pueden utilizarse como bolsillos interiores tambi\u00e9n. Pu\u00f1os ajustables con botones a presi\u00f3n. Capucha ajustable con cordones el\u00e1sticos en los laterales, acabado con una tapeta el\u00e1stica en la costura. WP 3000 \/ MVP 3000: Testeado seg\u00fan las normas ISO 811:2018 y ASTM E96\/96M.<\/p>\n<p><strong>Composici\u00f3n:<\/strong> Exterior: 100% PES Reciclado, 230 g\/m\u00b2, con membrana PU, 3000WP\/ 3000 MVP (GRS aprobado)<br \/>\nAcolchado: 100% PES Reciclado Repreve padding (Bluesign). | <strong>Peso:<\/strong> 265 g\/m\u00b2 | <strong>Tallas:<\/strong> XS-XXL<\/p>","protected":false},"excerpt":{"rendered":"<p>Chaqueta acolchada de invierno en poli\u00e9ster reciclado. Cremallera waterproof frontal y bolsillos laterales. Bolsillos laterales que al estar el acabado cogido con la costura de la chaqueta por dentro, pueden utilizarse como bolsillos interiores tambi<\/p>","protected":false},"featured_media":236770,"comment_status":"open","ping_status":"closed","template":"","meta":{"_acf_changed":false},"product_brand":[10521],"product_cat":[13998],"product_tag":[],"class_list":{"0":"post-230866","1":"product","2":"type-product","3":"status-publish","4":"has-post-thumbnail","6":"product_brand-james-harvest","7":"product_cat-n-chaquetas","8":"tm-no-options","10":"first","11":"instock","12":"taxable","13":"shipping-taxable","14":"product-type-variable"},"acf":[],"_links":{"self":[{"href":"https:\/\/grupotextil.es\/ca\/wp-json\/wp\/v2\/product\/230866","targetHints":{"allow":["GET"]}}],"collection":[{"href":"https:\/\/grupotextil.es\/ca\/wp-json\/wp\/v2\/product"}],"about":[{"href":"https:\/\/grupotextil.es\/ca\/wp-json\/wp\/v2\/types\/product"}],"replies":[{"embeddable":true,"href":"https:\/\/grupotextil.es\/ca\/wp-json\/wp\/v2\/comments?post=230866"}],"wp:featuredmedia":[{"embeddable":true,"href":"https:\/\/grupotextil.es\/ca\/wp-json\/wp\/v2\/media\/236770"}],"wp:attachment":[{"href":"https:\/\/grupotextil.es\/ca\/wp-json\/wp\/v2\/media?parent=230866"}],"wp:term":[{"taxonomy":"product_brand","embeddable":true,"href":"https:\/\/grupotextil.es\/ca\/wp-json\/wp\/v2\/product_brand?post=230866"},{"taxonomy":"product_cat","embeddable":true,"href":"https:\/\/grupotextil.es\/ca\/wp-json\/wp\/v2\/product_cat?post=230866"},{"taxonomy":"product_tag","embeddable":true,"href":"https:\/\/grupotextil.es\/ca\/wp-json\/wp\/v2\/product_tag?post=230866"}],"curies":[{"name":"wp","href":"https:\/\/api.w.org\/{rel}","templated":true}]}}

<p>Chaqueta acolchada de invierno en poliéster reciclado. Cremallera waterproof frontal y bolsillos laterales. Bolsillos laterales que al estar el acabado cogido con la costura de la chaqueta por dentro, pueden utilizarse como bolsillos interiores también. Puños ajustables con botones a presión. Capucha ajustable con cordones elásticos en los laterales, acabado con una tapeta elástica en la costura. WP 3000 / MVP 3000: Testeado según las normas ISO 811:2018 y ASTM E96/96M.</p>
<p><strong>Composición:</strong> Exterior: 100% PES Reciclado, 230 g/m², con membrana PU, 3000WP/ 3000 MVP (GRS aprobado)<br />
Acolchado: 100% PES Reciclado Repreve padding (Bluesign). | <strong>Peso:</strong> 265 g/m² | <strong>Tallas:</strong> XS-XXL</p>

<p>Chaqueta acolchada de invierno en poliéster reciclado. Cremallera waterproof frontal y bolsillos laterales. Bolsillos laterales que al estar el acabado cogido con la costura de la chaqueta por dentro, pueden utilizarse como bolsillos interiores tambi</p>
