{"id":230939,"date":"2026-03-04T07:12:55","date_gmt":"2026-03-04T06:12:55","guid":{"rendered":"https:\/\/grupotextil.es\/producto\/4511-pantalon-laboral-acolchado\/"},"modified":"2026-04-26T04:05:54","modified_gmt":"2026-04-26T02:05:54","slug":"4511-pantalon-laboral-acolchado","status":"publish","type":"product","link":"https:\/\/grupotextil.es\/ca\/product\/4511-pantalon-laboral-acolchado\/","title":{"rendered":"4511 PANTAL\u00d3N LABORAL ACOLCHADO"},"content":{"rendered":"<p>Pantal\u00f3n acolchado con bolsillos laterales, el derecho con bolsillo interior de seguridad con cierre de cremallera. Bolsillos en las piernas, en el lado izquierdo un amplio bolsillo con solapa y cierre de velcro y un bolsillo para el m\u00f3vil. En el lado derecho bolsillos para bol\u00edgrafos, papel y cinta m\u00e9trica. Bolsillos traseros, en el lado derecho con solapa. D-Ring en la parte delantera. Pantal\u00f3n ajustable en cintura con velcro. Bolsillos internos de protecci\u00f3n de las rodillas. Ribete reflectante alrededor de las piernas.<\/p>\n<p><strong>Composici\u00f3n:<\/strong> 100% Poliamida Forro: 100% poli\u00e9ster | <strong>Peso:<\/strong> 170 g\/m\u00b2 | <strong>Tallas:<\/strong> XS-3XL<\/p>","protected":false},"excerpt":{"rendered":"<p>Pantal\u00f3n acolchado con bolsillos laterales, el derecho con bolsillo interior de seguridad con cierre de cremallera. Bolsillos en las piernas, en el lado izquierdo un amplio bolsillo con solapa y cierre de velcro y un bolsillo para el m\u00f3vil. En el lad<\/p>","protected":false},"featured_media":236780,"comment_status":"open","ping_status":"closed","template":"","meta":{"_acf_changed":false},"product_brand":[10531],"product_cat":[13983],"product_tag":[],"class_list":{"0":"post-230939","1":"product","2":"type-product","3":"status-publish","4":"has-post-thumbnail","6":"product_brand-projob","7":"product_cat-h-pantalones","8":"tm-no-options","10":"first","11":"outofstock","12":"taxable","13":"shipping-taxable","14":"product-type-variable"},"acf":[],"_links":{"self":[{"href":"https:\/\/grupotextil.es\/ca\/wp-json\/wp\/v2\/product\/230939","targetHints":{"allow":["GET"]}}],"collection":[{"href":"https:\/\/grupotextil.es\/ca\/wp-json\/wp\/v2\/product"}],"about":[{"href":"https:\/\/grupotextil.es\/ca\/wp-json\/wp\/v2\/types\/product"}],"replies":[{"embeddable":true,"href":"https:\/\/grupotextil.es\/ca\/wp-json\/wp\/v2\/comments?post=230939"}],"wp:featuredmedia":[{"embeddable":true,"href":"https:\/\/grupotextil.es\/ca\/wp-json\/wp\/v2\/media\/236780"}],"wp:attachment":[{"href":"https:\/\/grupotextil.es\/ca\/wp-json\/wp\/v2\/media?parent=230939"}],"wp:term":[{"taxonomy":"product_brand","embeddable":true,"href":"https:\/\/grupotextil.es\/ca\/wp-json\/wp\/v2\/product_brand?post=230939"},{"taxonomy":"product_cat","embeddable":true,"href":"https:\/\/grupotextil.es\/ca\/wp-json\/wp\/v2\/product_cat?post=230939"},{"taxonomy":"product_tag","embeddable":true,"href":"https:\/\/grupotextil.es\/ca\/wp-json\/wp\/v2\/product_tag?post=230939"}],"curies":[{"name":"wp","href":"https:\/\/api.w.org\/{rel}","templated":true}]}}

4511 PANTALÓN LABORAL ACOLCHADO

<p>Pantalón acolchado con bolsillos laterales, el derecho con bolsillo interior de seguridad con cierre de cremallera. Bolsillos en las piernas, en el lado izquierdo un amplio bolsillo con solapa y cierre de velcro y un bolsillo para el móvil. En el lado derecho bolsillos para bolígrafos, papel y cinta métrica. Bolsillos traseros, en el lado derecho con solapa. D-Ring en la parte delantera. Pantalón ajustable en cintura con velcro. Bolsillos internos de protección de las rodillas. Ribete reflectante alrededor de las piernas.</p>
<p><strong>Composición:</strong> 100% Poliamida Forro: 100% poliéster | <strong>Peso:</strong> 170 g/m² | <strong>Tallas:</strong> XS-3XL</p>

<p>Pantalón acolchado con bolsillos laterales, el derecho con bolsillo interior de seguridad con cierre de cremallera. Bolsillos en las piernas, en el lado izquierdo un amplio bolsillo con solapa y cierre de velcro y un bolsillo para el móvil. En el lad</p>
