{"id":230985,"date":"2026-03-04T07:13:22","date_gmt":"2026-03-04T06:13:22","guid":{"rendered":"https:\/\/grupotextil.es\/producto\/6450-chubasquero-clase-3-2\/"},"modified":"2026-04-26T04:05:55","modified_gmt":"2026-04-26T02:05:55","slug":"6450-chubasquero-clase-3-2","status":"publish","type":"product","link":"https:\/\/grupotextil.es\/ca\/product\/6450-chubasquero-clase-3-2\/","title":{"rendered":"6450 CHUBASQUERO CLASE 3\/2"},"content":{"rendered":"<p>Chaqueta funcional tercera capa en material resistente a viento y agua. Costuras selladas. Material Ventair que proporciona una excelente transpirabilidad y es s\u00faper c\u00f3modo de llevar. Cremallera frontal resistente a agua con solapa para prevenir que el agua penetre. Bolsillo en pecho ideal para tarjeta identificativa. Parte trasera extensible. Detalles reflectantes para incrementar la visibilidad. Capucha extra\u00edble con cord\u00f3n. Pu\u00f1os ajustables con Velcro y cintura ajustable con cord\u00f3n.<\/p>\n<p><strong>Composici\u00f3n:<\/strong> 100% poli\u00e9ster | <strong>Peso:<\/strong> 160 g\/m\u00b2 | <strong>Tallas:<\/strong> XS-4XL<\/p>","protected":false},"excerpt":{"rendered":"<p>Chaqueta funcional tercera capa en material resistente a viento y agua. Costuras selladas. Material Ventair que proporciona una excelente transpirabilidad y es s\u00faper c\u00f3modo de llevar. Cremallera frontal resistente a agua con solapa para prevenir que<\/p>","protected":false},"featured_media":236788,"comment_status":"open","ping_status":"closed","template":"","meta":{"_acf_changed":false},"product_brand":[10531],"product_cat":[13998],"product_tag":[],"class_list":{"0":"post-230985","1":"product","2":"type-product","3":"status-publish","4":"has-post-thumbnail","6":"product_brand-projob","7":"product_cat-n-chaquetas","8":"tm-no-options","10":"first","11":"instock","12":"taxable","13":"shipping-taxable","14":"product-type-variable"},"acf":[],"_links":{"self":[{"href":"https:\/\/grupotextil.es\/ca\/wp-json\/wp\/v2\/product\/230985","targetHints":{"allow":["GET"]}}],"collection":[{"href":"https:\/\/grupotextil.es\/ca\/wp-json\/wp\/v2\/product"}],"about":[{"href":"https:\/\/grupotextil.es\/ca\/wp-json\/wp\/v2\/types\/product"}],"replies":[{"embeddable":true,"href":"https:\/\/grupotextil.es\/ca\/wp-json\/wp\/v2\/comments?post=230985"}],"wp:featuredmedia":[{"embeddable":true,"href":"https:\/\/grupotextil.es\/ca\/wp-json\/wp\/v2\/media\/236788"}],"wp:attachment":[{"href":"https:\/\/grupotextil.es\/ca\/wp-json\/wp\/v2\/media?parent=230985"}],"wp:term":[{"taxonomy":"product_brand","embeddable":true,"href":"https:\/\/grupotextil.es\/ca\/wp-json\/wp\/v2\/product_brand?post=230985"},{"taxonomy":"product_cat","embeddable":true,"href":"https:\/\/grupotextil.es\/ca\/wp-json\/wp\/v2\/product_cat?post=230985"},{"taxonomy":"product_tag","embeddable":true,"href":"https:\/\/grupotextil.es\/ca\/wp-json\/wp\/v2\/product_tag?post=230985"}],"curies":[{"name":"wp","href":"https:\/\/api.w.org\/{rel}","templated":true}]}}

<p>Chaqueta funcional tercera capa en material resistente a viento y agua. Costuras selladas. Material Ventair que proporciona una excelente transpirabilidad y es súper cómodo de llevar. Cremallera frontal resistente a agua con solapa para prevenir que el agua penetre. Bolsillo en pecho ideal para tarjeta identificativa. Parte trasera extensible. Detalles reflectantes para incrementar la visibilidad. Capucha extraíble con cordón. Puños ajustables con Velcro y cintura ajustable con cordón.</p>
<p><strong>Composición:</strong> 100% poliéster | <strong>Peso:</strong> 160 g/m² | <strong>Tallas:</strong> XS-4XL</p>

<p>Chaqueta funcional tercera capa en material resistente a viento y agua. Costuras selladas. Material Ventair que proporciona una excelente transpirabilidad y es súper cómodo de llevar. Cremallera frontal resistente a agua con solapa para prevenir que</p>
