{"id":231134,"date":"2026-03-04T07:14:52","date_gmt":"2026-03-04T06:14:52","guid":{"rendered":"https:\/\/grupotextil.es\/producto\/4530-pantalon-impermeable\/"},"modified":"2026-04-26T04:05:55","modified_gmt":"2026-04-26T02:05:55","slug":"4530-pantalon-impermeable","status":"publish","type":"product","link":"https:\/\/grupotextil.es\/ca\/product\/4530-pantalon-impermeable\/","title":{"rendered":"4530 PANTAL\u00d3N IMPERMEABLE"},"content":{"rendered":"<p>Pantalones con costuras cosidas y selladas para ser impermeables. Cintura el\u00e1stica. Bolsillos laterales con solapa y bolsillo con malla para una mejor ventilaci\u00f3n. Detalles reflectantes en el tobillo.<\/p>\n<p><strong>Composici\u00f3n:<\/strong> 58% PVC, 27% poli\u00e9ster, 15% PU | <strong>Peso:<\/strong> 320 g\/m\u00b2 | <strong>Tallas:<\/strong> XS-XXL<\/p>","protected":false},"excerpt":{"rendered":"<p>Pantalones con costuras cosidas y selladas para ser impermeables. Cintura el\u00e1stica. Bolsillos laterales con solapa y bolsillo con malla para una mejor ventilaci\u00f3n. Detalles reflectantes en el tobillo.<\/p>","protected":false},"featured_media":236812,"comment_status":"open","ping_status":"closed","template":"","meta":{"_acf_changed":false},"product_brand":[10531],"product_cat":[13983],"product_tag":[],"class_list":{"0":"post-231134","1":"product","2":"type-product","3":"status-publish","4":"has-post-thumbnail","6":"product_brand-projob","7":"product_cat-h-pantalones","8":"tm-no-options","10":"first","11":"instock","12":"taxable","13":"shipping-taxable","14":"product-type-variable"},"acf":[],"_links":{"self":[{"href":"https:\/\/grupotextil.es\/ca\/wp-json\/wp\/v2\/product\/231134","targetHints":{"allow":["GET"]}}],"collection":[{"href":"https:\/\/grupotextil.es\/ca\/wp-json\/wp\/v2\/product"}],"about":[{"href":"https:\/\/grupotextil.es\/ca\/wp-json\/wp\/v2\/types\/product"}],"replies":[{"embeddable":true,"href":"https:\/\/grupotextil.es\/ca\/wp-json\/wp\/v2\/comments?post=231134"}],"wp:featuredmedia":[{"embeddable":true,"href":"https:\/\/grupotextil.es\/ca\/wp-json\/wp\/v2\/media\/236812"}],"wp:attachment":[{"href":"https:\/\/grupotextil.es\/ca\/wp-json\/wp\/v2\/media?parent=231134"}],"wp:term":[{"taxonomy":"product_brand","embeddable":true,"href":"https:\/\/grupotextil.es\/ca\/wp-json\/wp\/v2\/product_brand?post=231134"},{"taxonomy":"product_cat","embeddable":true,"href":"https:\/\/grupotextil.es\/ca\/wp-json\/wp\/v2\/product_cat?post=231134"},{"taxonomy":"product_tag","embeddable":true,"href":"https:\/\/grupotextil.es\/ca\/wp-json\/wp\/v2\/product_tag?post=231134"}],"curies":[{"name":"wp","href":"https:\/\/api.w.org\/{rel}","templated":true}]}}

4530 PANTALÓN IMPERMEABLE

<p>Pantalones con costuras cosidas y selladas para ser impermeables. Cintura elástica. Bolsillos laterales con solapa y bolsillo con malla para una mejor ventilación. Detalles reflectantes en el tobillo.</p>
<p><strong>Composición:</strong> 58% PVC, 27% poliéster, 15% PU | <strong>Peso:</strong> 320 g/m² | <strong>Tallas:</strong> XS-XXL</p>

<p>Pantalones con costuras cosidas y selladas para ser impermeables. Cintura elástica. Bolsillos laterales con solapa y bolsillo con malla para una mejor ventilación. Detalles reflectantes en el tobillo.</p>
