{"id":231137,"date":"2026-03-04T07:14:53","date_gmt":"2026-03-04T06:14:53","guid":{"rendered":"https:\/\/grupotextil.es\/producto\/core-blend-polo-shirt-m\/"},"modified":"2026-04-26T04:05:55","modified_gmt":"2026-04-26T02:05:55","slug":"core-blend-polo-shirt-m","status":"publish","type":"product","link":"https:\/\/grupotextil.es\/ca\/product\/core-blend-polo-shirt-m\/","title":{"rendered":"CORE Blend Polo Shirt M"},"content":{"rendered":"<p>Este polo cl\u00e1sico est\u00e1 confeccionado con una mezcla de algod\u00f3n suave y poli\u00e9ster, que ofrece una gran comodidad durante todo el d\u00eda. Tiene tapeta con tres botones.<\/p>\n<p>\u2022 Mezcla de algod\u00f3n suave y poli\u00e9ster<\/p>\n<p>\u2022 Tapeta de tres botones<\/p>\n<p>\u2022 Logo de Craft impreso en la manga y seis puntos en la espalda<\/p>\n<p>\u2022 Ajuste est\u00e1ndar<\/p>\n<p><strong>Composici\u00f3n:<\/strong> 57% Cotton 38% Polyester 5% Elastane | <strong>Peso:<\/strong> 180 g\/m\u00b2 | <strong>Tallas:<\/strong> S-4XL<\/p>","protected":false},"excerpt":{"rendered":"<p>Este polo cl\u00e1sico est\u00e1 confeccionado con una mezcla de algod\u00f3n suave y poli\u00e9ster, que ofrece una gran comodidad durante todo el d\u00eda. Tiene tapeta con tres botones.<\/p>","protected":false},"featured_media":236813,"comment_status":"open","ping_status":"closed","template":"","meta":{"_acf_changed":false},"product_brand":[10489],"product_cat":[13986,13977,13990,13981,13974,13932,13930,13975,13935,13973],"product_tag":[],"class_list":{"0":"post-231137","1":"product","2":"type-product","3":"status-publish","4":"has-post-thumbnail","6":"product_brand-craft","7":"product_cat-m-camisetas-manga-corta","8":"product_cat-h-camisetas-manga-corta","9":"product_cat-m-chaquetas-y-abrigos","10":"product_cat-h-chaquetas-y-abrigos","11":"product_cat-ropa-hombre","12":"product_cat-hosteleria-horeca","13":"product_cat-laboral","14":"product_cat-ropa-mujer","15":"product_cat-pantalones-cocina","16":"product_cat-ropa","17":"tm-no-options","19":"first","20":"instock","21":"taxable","22":"shipping-taxable","23":"product-type-variable"},"acf":[],"_links":{"self":[{"href":"https:\/\/grupotextil.es\/ca\/wp-json\/wp\/v2\/product\/231137","targetHints":{"allow":["GET"]}}],"collection":[{"href":"https:\/\/grupotextil.es\/ca\/wp-json\/wp\/v2\/product"}],"about":[{"href":"https:\/\/grupotextil.es\/ca\/wp-json\/wp\/v2\/types\/product"}],"replies":[{"embeddable":true,"href":"https:\/\/grupotextil.es\/ca\/wp-json\/wp\/v2\/comments?post=231137"}],"wp:featuredmedia":[{"embeddable":true,"href":"https:\/\/grupotextil.es\/ca\/wp-json\/wp\/v2\/media\/236813"}],"wp:attachment":[{"href":"https:\/\/grupotextil.es\/ca\/wp-json\/wp\/v2\/media?parent=231137"}],"wp:term":[{"taxonomy":"product_brand","embeddable":true,"href":"https:\/\/grupotextil.es\/ca\/wp-json\/wp\/v2\/product_brand?post=231137"},{"taxonomy":"product_cat","embeddable":true,"href":"https:\/\/grupotextil.es\/ca\/wp-json\/wp\/v2\/product_cat?post=231137"},{"taxonomy":"product_tag","embeddable":true,"href":"https:\/\/grupotextil.es\/ca\/wp-json\/wp\/v2\/product_tag?post=231137"}],"curies":[{"name":"wp","href":"https:\/\/api.w.org\/{rel}","templated":true}]}}

<p>Este polo clásico está confeccionado con una mezcla de algodón suave y poliéster, que ofrece una gran comodidad durante todo el día. Tiene tapeta con tres botones.</p>
<p>• Mezcla de algodón suave y poliéster</p>
<p>• Tapeta de tres botones</p>
<p>• Logo de Craft impreso en la manga y seis puntos en la espalda</p>
<p>• Ajuste estándar</p>
<p><strong>Composición:</strong> 57% Cotton 38% Polyester 5% Elastane | <strong>Peso:</strong> 180 g/m² | <strong>Tallas:</strong> S-4XL</p>

<p>Este polo clásico está confeccionado con una mezcla de algodón suave y poliéster, que ofrece una gran comodidad durante todo el día. Tiene tapeta con tres botones.</p>
