{"id":231425,"date":"2026-03-04T07:17:59","date_gmt":"2026-03-04T06:17:59","guid":{"rendered":"https:\/\/grupotextil.es\/producto\/adv-essence-2-in-1-shorts-2-m\/"},"modified":"2026-04-26T04:05:57","modified_gmt":"2026-04-26T02:05:57","slug":"adv-essence-2-in-1-shorts-2-m","status":"publish","type":"product","link":"https:\/\/grupotextil.es\/ca\/product\/adv-essence-2-in-1-shorts-2-m\/","title":{"rendered":"ADV Essence 2-In-1 Shorts 2 M"},"content":{"rendered":"<p>Los ADV Essence 2-ini-1 Shorts 2 son unos avanzados pantalones cortos de entrenamiento confeccionados con un tejido el\u00e1stico dise\u00f1ado para la mayor\u00eda de actividades f\u00edsicas intensas. Estos pantalones cortos altamente funcionales cuentan con mallas interiores, cintura de jersey el\u00e1stica con cord\u00f3n, un bolsillo para el tel\u00e9fono y dos bolsillos laterales.<\/p>\n<p>\u2022 Tejido el\u00e1stico funcional de poli\u00e9ster y elastano reciclados<\/p>\n<p>\u2022 Mallas interiores para una sujeci\u00f3n \u00f3ptima<\/p>\n<p>\u2022 Cintura ancha de punto el\u00e1stico<\/p>\n<p>\u2022 Cord\u00f3n de ajuste en el interior de la cintura<\/p>\n<p>\u2022 Bolsillo para el tel\u00e9fono en las mallas interiores<\/p>\n<p>\u2022 Dos bolsillos laterales<\/p>\n<p>\u2022 Estampados reflectantes<\/p>\n<p>\u2022 Largo de la entrepierna: aprox. 18\u00a0cm en la talla M<\/p>\n<p><strong>Composici\u00f3n:<\/strong> Body 90% Polyester Recycled, 10% Elastane, Lining 84% Polyester Recycled, 6% Polyester, 10% Elastane | <strong>Tallas:<\/strong> XS-XXL<\/p>","protected":false},"excerpt":{"rendered":"<p>Los ADV Essence 2-ini-1 Shorts 2 son unos avanzados pantalones cortos de entrenamiento confeccionados con un tejido el\u00e1stico dise\u00f1ado para la mayor\u00eda de actividades f\u00edsicas intensas. Estos pantalones cortos altamente funcionales cuentan con mallas in<\/p>","protected":false},"featured_media":236868,"comment_status":"open","ping_status":"closed","template":"","meta":{"_acf_changed":false},"product_brand":[10489],"product_cat":[13983],"product_tag":[],"class_list":{"0":"post-231425","1":"product","2":"type-product","3":"status-publish","4":"has-post-thumbnail","6":"product_brand-craft","7":"product_cat-h-pantalones","8":"tm-no-options","10":"first","11":"instock","12":"taxable","13":"shipping-taxable","14":"product-type-variable"},"acf":[],"_links":{"self":[{"href":"https:\/\/grupotextil.es\/ca\/wp-json\/wp\/v2\/product\/231425","targetHints":{"allow":["GET"]}}],"collection":[{"href":"https:\/\/grupotextil.es\/ca\/wp-json\/wp\/v2\/product"}],"about":[{"href":"https:\/\/grupotextil.es\/ca\/wp-json\/wp\/v2\/types\/product"}],"replies":[{"embeddable":true,"href":"https:\/\/grupotextil.es\/ca\/wp-json\/wp\/v2\/comments?post=231425"}],"wp:featuredmedia":[{"embeddable":true,"href":"https:\/\/grupotextil.es\/ca\/wp-json\/wp\/v2\/media\/236868"}],"wp:attachment":[{"href":"https:\/\/grupotextil.es\/ca\/wp-json\/wp\/v2\/media?parent=231425"}],"wp:term":[{"taxonomy":"product_brand","embeddable":true,"href":"https:\/\/grupotextil.es\/ca\/wp-json\/wp\/v2\/product_brand?post=231425"},{"taxonomy":"product_cat","embeddable":true,"href":"https:\/\/grupotextil.es\/ca\/wp-json\/wp\/v2\/product_cat?post=231425"},{"taxonomy":"product_tag","embeddable":true,"href":"https:\/\/grupotextil.es\/ca\/wp-json\/wp\/v2\/product_tag?post=231425"}],"curies":[{"name":"wp","href":"https:\/\/api.w.org\/{rel}","templated":true}]}}

<p>Los ADV Essence 2-ini-1 Shorts 2 son unos avanzados pantalones cortos de entrenamiento confeccionados con un tejido elástico diseñado para la mayoría de actividades físicas intensas. Estos pantalones cortos altamente funcionales cuentan con mallas interiores, cintura de jersey elástica con cordón, un bolsillo para el teléfono y dos bolsillos laterales.</p>
<p>• Tejido elástico funcional de poliéster y elastano reciclados</p>
<p>• Mallas interiores para una sujeción óptima</p>
<p>• Cintura ancha de punto elástico</p>
<p>• Cordón de ajuste en el interior de la cintura</p>
<p>• Bolsillo para el teléfono en las mallas interiores</p>
<p>• Dos bolsillos laterales</p>
<p>• Estampados reflectantes</p>
<p>• Largo de la entrepierna: aprox. 18 cm en la talla M</p>
<p><strong>Composición:</strong> Body 90% Polyester Recycled, 10% Elastane, Lining 84% Polyester Recycled, 6% Polyester, 10% Elastane | <strong>Tallas:</strong> XS-XXL</p>

<p>Los ADV Essence 2-ini-1 Shorts 2 son unos avanzados pantalones cortos de entrenamiento confeccionados con un tejido elástico diseñado para la mayoría de actividades físicas intensas. Estos pantalones cortos altamente funcionales cuentan con mallas in</p>
