{"id":232107,"date":"2026-03-04T07:25:37","date_gmt":"2026-03-04T06:25:37","guid":{"rendered":"https:\/\/grupotextil.es\/producto\/crepe-satin-blouse\/"},"modified":"2026-04-26T04:06:01","modified_gmt":"2026-04-26T02:06:01","slug":"crepe-satin-blouse","status":"publish","type":"product","link":"https:\/\/grupotextil.es\/ca\/product\/crepe-satin-blouse\/","title":{"rendered":"Crepe Satin Blouse"},"content":{"rendered":"<p>Blusa confeccionada con un tejido de sat\u00e9n ligero y suave con una bonita ca\u00edda, elaborada con material reciclado. Una alternativa elegante a la camisa. La blusa presenta cuello camisero, pu\u00f1os y un corte holgado. La versi\u00f3n en blanco no es transparente.<\/p>\n<p><strong>Composici\u00f3n:<\/strong> 100% Poli\u00e9ster reciclado | <strong>Tallas:<\/strong> XS-4XL<\/p>","protected":false},"excerpt":{"rendered":"<p>Blusa confeccionada con un tejido de sat\u00e9n ligero y suave con una bonita ca\u00edda, elaborada con material reciclado. Una alternativa elegante a la camisa. La blusa presenta cuello camisero, pu\u00f1os y un corte holgado. La versi\u00f3n en blanco no es transparen<\/p>","protected":false},"featured_media":236973,"comment_status":"open","ping_status":"closed","template":"","meta":{"_acf_changed":false},"product_brand":[10563],"product_cat":[15147],"product_tag":[],"class_list":{"0":"post-232107","1":"product","2":"type-product","3":"status-publish","4":"has-post-thumbnail","6":"product_brand-j-harvest-frost","7":"product_cat-new-wave","8":"tm-no-options","10":"first","11":"instock","12":"taxable","13":"shipping-taxable","14":"product-type-variable"},"acf":[],"_links":{"self":[{"href":"https:\/\/grupotextil.es\/ca\/wp-json\/wp\/v2\/product\/232107","targetHints":{"allow":["GET"]}}],"collection":[{"href":"https:\/\/grupotextil.es\/ca\/wp-json\/wp\/v2\/product"}],"about":[{"href":"https:\/\/grupotextil.es\/ca\/wp-json\/wp\/v2\/types\/product"}],"replies":[{"embeddable":true,"href":"https:\/\/grupotextil.es\/ca\/wp-json\/wp\/v2\/comments?post=232107"}],"wp:featuredmedia":[{"embeddable":true,"href":"https:\/\/grupotextil.es\/ca\/wp-json\/wp\/v2\/media\/236973"}],"wp:attachment":[{"href":"https:\/\/grupotextil.es\/ca\/wp-json\/wp\/v2\/media?parent=232107"}],"wp:term":[{"taxonomy":"product_brand","embeddable":true,"href":"https:\/\/grupotextil.es\/ca\/wp-json\/wp\/v2\/product_brand?post=232107"},{"taxonomy":"product_cat","embeddable":true,"href":"https:\/\/grupotextil.es\/ca\/wp-json\/wp\/v2\/product_cat?post=232107"},{"taxonomy":"product_tag","embeddable":true,"href":"https:\/\/grupotextil.es\/ca\/wp-json\/wp\/v2\/product_tag?post=232107"}],"curies":[{"name":"wp","href":"https:\/\/api.w.org\/{rel}","templated":true}]}}

<p>Blusa confeccionada con un tejido de satén ligero y suave con una bonita caída, elaborada con material reciclado. Una alternativa elegante a la camisa. La blusa presenta cuello camisero, puños y un corte holgado. La versión en blanco no es transparente.</p>
<p><strong>Composición:</strong> 100% Poliéster reciclado | <strong>Tallas:</strong> XS-4XL</p>

<p>Blusa confeccionada con un tejido de satén ligero y suave con una bonita caída, elaborada con material reciclado. Una alternativa elegante a la camisa. La blusa presenta cuello camisero, puños y un corte holgado. La versión en blanco no es transparen</p>
