{"id":232114,"date":"2026-03-04T07:25:42","date_gmt":"2026-03-04T06:25:42","guid":{"rendered":"https:\/\/grupotextil.es\/producto\/4440-chaqueta-funcional\/"},"modified":"2026-04-26T04:06:01","modified_gmt":"2026-04-26T02:06:01","slug":"4440-chaqueta-funcional","status":"publish","type":"product","link":"https:\/\/grupotextil.es\/ca\/product\/4440-chaqueta-funcional\/","title":{"rendered":"4440 CHAQUETA FUNCIONAL"},"content":{"rendered":"<p>Chaqueta resistente a agua y viento con costuras selladas. Cremallera frontal con solapa para prevenir que el agua penetre, cierre a presi\u00f3n. Bolsillos dobles en pecho, dos con solapa y cierre de Velcro y dos con cremalleras resistentes a agua. Parte izquierda preparada para su tarjeta identificativa. Bolsillos laterales con cremallera y forro polar. Tres bolsillos interiores espaciosos, dos con cremallera. Capucha ajustable con cord\u00f3n, extra\u00edble. Pu\u00f1os ajustables con Velcro, y cintura ajustable con cord\u00f3n. Forro puede ser abierto f\u00e1cilmente para facilitar bordado o printing.<\/p>\n<p><strong>Composici\u00f3n:<\/strong> 100% poli\u00e9ster, 200 g\/m2 | <strong>Peso:<\/strong> 200 g\/m\u00b2 | <strong>Tallas:<\/strong> XS-4XL<\/p>","protected":false},"excerpt":{"rendered":"<p>Chaqueta resistente a agua y viento con costuras selladas. Cremallera frontal con solapa para prevenir que el agua penetre, cierre a presi\u00f3n. Bolsillos dobles en pecho, dos con solapa y cierre de Velcro y dos con cremalleras resistentes a agua. Parte<\/p>","protected":false},"featured_media":236975,"comment_status":"open","ping_status":"closed","template":"","meta":{"_acf_changed":false},"product_brand":[10531],"product_cat":[13998],"product_tag":[],"class_list":{"0":"post-232114","1":"product","2":"type-product","3":"status-publish","4":"has-post-thumbnail","6":"product_brand-projob","7":"product_cat-n-chaquetas","8":"tm-no-options","10":"first","11":"instock","12":"taxable","13":"shipping-taxable","14":"product-type-variable"},"acf":[],"_links":{"self":[{"href":"https:\/\/grupotextil.es\/ca\/wp-json\/wp\/v2\/product\/232114","targetHints":{"allow":["GET"]}}],"collection":[{"href":"https:\/\/grupotextil.es\/ca\/wp-json\/wp\/v2\/product"}],"about":[{"href":"https:\/\/grupotextil.es\/ca\/wp-json\/wp\/v2\/types\/product"}],"replies":[{"embeddable":true,"href":"https:\/\/grupotextil.es\/ca\/wp-json\/wp\/v2\/comments?post=232114"}],"wp:featuredmedia":[{"embeddable":true,"href":"https:\/\/grupotextil.es\/ca\/wp-json\/wp\/v2\/media\/236975"}],"wp:attachment":[{"href":"https:\/\/grupotextil.es\/ca\/wp-json\/wp\/v2\/media?parent=232114"}],"wp:term":[{"taxonomy":"product_brand","embeddable":true,"href":"https:\/\/grupotextil.es\/ca\/wp-json\/wp\/v2\/product_brand?post=232114"},{"taxonomy":"product_cat","embeddable":true,"href":"https:\/\/grupotextil.es\/ca\/wp-json\/wp\/v2\/product_cat?post=232114"},{"taxonomy":"product_tag","embeddable":true,"href":"https:\/\/grupotextil.es\/ca\/wp-json\/wp\/v2\/product_tag?post=232114"}],"curies":[{"name":"wp","href":"https:\/\/api.w.org\/{rel}","templated":true}]}}

<p>Chaqueta resistente a agua y viento con costuras selladas. Cremallera frontal con solapa para prevenir que el agua penetre, cierre a presión. Bolsillos dobles en pecho, dos con solapa y cierre de Velcro y dos con cremalleras resistentes a agua. Parte izquierda preparada para su tarjeta identificativa. Bolsillos laterales con cremallera y forro polar. Tres bolsillos interiores espaciosos, dos con cremallera. Capucha ajustable con cordón, extraíble. Puños ajustables con Velcro, y cintura ajustable con cordón. Forro puede ser abierto fácilmente para facilitar bordado o printing.</p>
<p><strong>Composición:</strong> 100% poliéster, 200 g/m2 | <strong>Peso:</strong> 200 g/m² | <strong>Tallas:</strong> XS-4XL</p>

<p>Chaqueta resistente a agua y viento con costuras selladas. Cremallera frontal con solapa para prevenir que el agua penetre, cierre a presión. Bolsillos dobles en pecho, dos con solapa y cierre de Velcro y dos con cremalleras resistentes a agua. Parte</p>
