{"id":232386,"date":"2026-03-04T07:28:36","date_gmt":"2026-03-04T06:28:36","guid":{"rendered":"https:\/\/grupotextil.es\/producto\/miami-pro-roundneck-women\/"},"modified":"2026-04-26T04:06:03","modified_gmt":"2026-04-26T02:06:03","slug":"miami-pro-roundneck-women","status":"publish","type":"product","link":"https:\/\/grupotextil.es\/ca\/product\/miami-pro-roundneck-women\/","title":{"rendered":"Miami PRO Roundneck Women"},"content":{"rendered":"<p>Sudadera de cuello redondo holgada para mujer, confeccionada en French Terry y una mezcla de algod\u00f3n y poli\u00e9ster reciclado. Presenta hombros ligeramente ca\u00eddos y una abertura en las costuras laterales inferiores. Cuello y pu\u00f1os m\u00e1s anchos y dobladillo alto en canal\u00e9 2&#215;2. Incluye cinta reforzada en el cuello a contraste y etiqueta f\u00e1cil de quitar. El tejido suave y estabilizado est\u00e1 dise\u00f1ado para lavados intensos y tiene propiedades anti-pilling.<\/p>\n<p><strong>Composici\u00f3n:<\/strong> 80% algod\u00f3n \/ 20% poli\u00e9ster reciclado | <strong>Peso:<\/strong> 280 g\/m2 | <strong>Tallas:<\/strong> XS-XXL<\/p>","protected":false},"excerpt":{"rendered":"<p>Sudadera de cuello redondo holgada para mujer, confeccionada en French Terry y una mezcla de algod\u00f3n y poli\u00e9ster reciclado. Presenta hombros ligeramente ca\u00eddos y una abertura en las costuras laterales inferiores. Cuello y pu\u00f1os m\u00e1s anchos y dobladill<\/p>","protected":false},"featured_media":237025,"comment_status":"open","ping_status":"closed","template":"","meta":{"_acf_changed":false},"product_brand":[10446],"product_cat":[13980],"product_tag":[],"class_list":{"0":"post-232386","1":"product","2":"type-product","3":"status-publish","4":"has-post-thumbnail","6":"product_brand-clique","7":"product_cat-h-sudaderas","8":"tm-no-options","10":"first","11":"instock","12":"taxable","13":"shipping-taxable","14":"product-type-variable"},"acf":[],"_links":{"self":[{"href":"https:\/\/grupotextil.es\/ca\/wp-json\/wp\/v2\/product\/232386","targetHints":{"allow":["GET"]}}],"collection":[{"href":"https:\/\/grupotextil.es\/ca\/wp-json\/wp\/v2\/product"}],"about":[{"href":"https:\/\/grupotextil.es\/ca\/wp-json\/wp\/v2\/types\/product"}],"replies":[{"embeddable":true,"href":"https:\/\/grupotextil.es\/ca\/wp-json\/wp\/v2\/comments?post=232386"}],"wp:featuredmedia":[{"embeddable":true,"href":"https:\/\/grupotextil.es\/ca\/wp-json\/wp\/v2\/media\/237025"}],"wp:attachment":[{"href":"https:\/\/grupotextil.es\/ca\/wp-json\/wp\/v2\/media?parent=232386"}],"wp:term":[{"taxonomy":"product_brand","embeddable":true,"href":"https:\/\/grupotextil.es\/ca\/wp-json\/wp\/v2\/product_brand?post=232386"},{"taxonomy":"product_cat","embeddable":true,"href":"https:\/\/grupotextil.es\/ca\/wp-json\/wp\/v2\/product_cat?post=232386"},{"taxonomy":"product_tag","embeddable":true,"href":"https:\/\/grupotextil.es\/ca\/wp-json\/wp\/v2\/product_tag?post=232386"}],"curies":[{"name":"wp","href":"https:\/\/api.w.org\/{rel}","templated":true}]}}

<p>Sudadera de cuello redondo holgada para mujer, confeccionada en French Terry y una mezcla de algodón y poliéster reciclado. Presenta hombros ligeramente caídos y una abertura en las costuras laterales inferiores. Cuello y puños más anchos y dobladillo alto en canalé 2&#215;2. Incluye cinta reforzada en el cuello a contraste y etiqueta fácil de quitar. El tejido suave y estabilizado está diseñado para lavados intensos y tiene propiedades anti-pilling.</p>
<p><strong>Composición:</strong> 80% algodón / 20% poliéster reciclado | <strong>Peso:</strong> 280 g/m2 | <strong>Tallas:</strong> XS-XXL</p>

<p>Sudadera de cuello redondo holgada para mujer, confeccionada en French Terry y una mezcla de algodón y poliéster reciclado. Presenta hombros ligeramente caídos y una abertura en las costuras laterales inferiores. Cuello y puños más anchos y dobladill</p>
