{"id":232679,"date":"2026-03-04T07:31:58","date_gmt":"2026-03-04T06:31:58","guid":{"rendered":"https:\/\/grupotextil.es\/producto\/6417-chaqueta-hv-clase-3-2\/"},"modified":"2026-04-26T04:06:04","modified_gmt":"2026-04-26T02:06:04","slug":"6417-chaqueta-hv-clase-3-2","status":"publish","type":"product","link":"https:\/\/grupotextil.es\/ca\/product\/6417-chaqueta-hv-clase-3-2\/","title":{"rendered":"6417 CHAQUETA HV CLASE 3\/2"},"content":{"rendered":"<p>Chaqueta cortaviento e impermeable con costuras selladas. Cremallera frontal bidireccional con doble tapeta para evitar las corrientes de aire y las filtraciones de agua. Forro polar en el cuello para mayor comodidad y calidez. Bolsillo frontal en el lado izquierdo con cremallera impermeable y forro polar, gancho interno para tarjeta de identificaci\u00f3n. Bolsillos laterales dobles a ambos lados, los exteriores con solapa y cierre de bot\u00f3n a presi\u00f3n y los interiores forrados con forro polar y cierre de cremallera. Bolsillo en el brazo izquierdo con cremallera impermeable. Brazos precurvados para mayor comodidad. Capucha ajustable en dos sentidos para un ajuste perfecto con cordones, la capucha tambi\u00e9n es desmontable. Pu\u00f1os ajustables con velcro. Dobladillo de la chaqueta ajustable con cord\u00f3n. La chaqueta tiene una cremallera interior para sujetar la chaqueta interior (ref art\u00edculo 6444, 3423).<\/p>\n<p><strong>Composici\u00f3n:<\/strong> 86% Poli\u00e9ster, 14% Poliuretano | <strong>Peso:<\/strong> 200 g\/m\u00b2 | <strong>Tallas:<\/strong> XS-3XL (17: S-3XL)<\/p>","protected":false},"excerpt":{"rendered":"<p>Chaqueta cortaviento e impermeable con costuras selladas. Cremallera frontal bidireccional con doble tapeta para evitar las corrientes de aire y las filtraciones de agua. Forro polar en el cuello para mayor comodidad y calidez. Bolsillo frontal en el<\/p>","protected":false},"featured_media":237075,"comment_status":"open","ping_status":"closed","template":"","meta":{"_acf_changed":false},"product_brand":[10531],"product_cat":[13998],"product_tag":[],"class_list":{"0":"post-232679","1":"product","2":"type-product","3":"status-publish","4":"has-post-thumbnail","6":"product_brand-projob","7":"product_cat-n-chaquetas","8":"tm-no-options","10":"first","11":"instock","12":"taxable","13":"shipping-taxable","14":"product-type-variable"},"acf":[],"_links":{"self":[{"href":"https:\/\/grupotextil.es\/ca\/wp-json\/wp\/v2\/product\/232679","targetHints":{"allow":["GET"]}}],"collection":[{"href":"https:\/\/grupotextil.es\/ca\/wp-json\/wp\/v2\/product"}],"about":[{"href":"https:\/\/grupotextil.es\/ca\/wp-json\/wp\/v2\/types\/product"}],"replies":[{"embeddable":true,"href":"https:\/\/grupotextil.es\/ca\/wp-json\/wp\/v2\/comments?post=232679"}],"wp:featuredmedia":[{"embeddable":true,"href":"https:\/\/grupotextil.es\/ca\/wp-json\/wp\/v2\/media\/237075"}],"wp:attachment":[{"href":"https:\/\/grupotextil.es\/ca\/wp-json\/wp\/v2\/media?parent=232679"}],"wp:term":[{"taxonomy":"product_brand","embeddable":true,"href":"https:\/\/grupotextil.es\/ca\/wp-json\/wp\/v2\/product_brand?post=232679"},{"taxonomy":"product_cat","embeddable":true,"href":"https:\/\/grupotextil.es\/ca\/wp-json\/wp\/v2\/product_cat?post=232679"},{"taxonomy":"product_tag","embeddable":true,"href":"https:\/\/grupotextil.es\/ca\/wp-json\/wp\/v2\/product_tag?post=232679"}],"curies":[{"name":"wp","href":"https:\/\/api.w.org\/{rel}","templated":true}]}}

<p>Chaqueta cortaviento e impermeable con costuras selladas. Cremallera frontal bidireccional con doble tapeta para evitar las corrientes de aire y las filtraciones de agua. Forro polar en el cuello para mayor comodidad y calidez. Bolsillo frontal en el lado izquierdo con cremallera impermeable y forro polar, gancho interno para tarjeta de identificación. Bolsillos laterales dobles a ambos lados, los exteriores con solapa y cierre de botón a presión y los interiores forrados con forro polar y cierre de cremallera. Bolsillo en el brazo izquierdo con cremallera impermeable. Brazos precurvados para mayor comodidad. Capucha ajustable en dos sentidos para un ajuste perfecto con cordones, la capucha también es desmontable. Puños ajustables con velcro. Dobladillo de la chaqueta ajustable con cordón. La chaqueta tiene una cremallera interior para sujetar la chaqueta interior (ref artículo 6444, 3423).</p>
<p><strong>Composición:</strong> 86% Poliéster, 14% Poliuretano | <strong>Peso:</strong> 200 g/m² | <strong>Tallas:</strong> XS-3XL (17: S-3XL)</p>
