{"id":232819,"date":"2026-03-04T07:33:33","date_gmt":"2026-03-04T06:33:33","guid":{"rendered":"https:\/\/grupotextil.es\/producto\/5414-chaqueta\/"},"modified":"2026-04-26T04:06:05","modified_gmt":"2026-04-26T02:06:05","slug":"5414-chaqueta","status":"publish","type":"product","link":"https:\/\/grupotextil.es\/ca\/product\/5414-chaqueta\/","title":{"rendered":"5414 CHAQUETA"},"content":{"rendered":"<p>Chaqueta canvas con refuerzos Cordura\u00ae . Dos bolsillos frontales, el derecho con espacio para m\u00f3vil, bol\u00edgrafo e identificador con cierre con Velcro.. El izquierdo con cremallera. Cintura y pu\u00f1os ajustables. Mangas articuladas. Bolsillos interiores con espacio para documentos, uno con cierre con Velcro y el otro con cremallera. Brazos pre-curvados para una mayor comodidad. Pu\u00f1os ajustables. Detalles en Cordura\u00ae reflectante para una mayor visibilidad.<\/p>\n<p><strong>Composici\u00f3n:<\/strong> 60% Algod\u00f3n, 40% Poli\u00e9ster. Refuerzo 100% poliamida, Cordura\u00ae 320gsm | <strong>Peso:<\/strong> 320 g\/m\u00b2 | <strong>Tallas:<\/strong> XS-3XL<\/p>","protected":false},"excerpt":{"rendered":"<p>Chaqueta canvas con refuerzos Cordura\u00ae . Dos bolsillos frontales, el derecho con espacio para m\u00f3vil, bol\u00edgrafo e identificador con cierre con Velcro.. El izquierdo con cremallera. Cintura y pu\u00f1os ajustables. Mangas articuladas. Bolsillos interiores c<\/p>","protected":false},"featured_media":237101,"comment_status":"open","ping_status":"closed","template":"","meta":{"_acf_changed":false},"product_brand":[10531],"product_cat":[13998],"product_tag":[],"class_list":{"0":"post-232819","1":"product","2":"type-product","3":"status-publish","4":"has-post-thumbnail","6":"product_brand-projob","7":"product_cat-n-chaquetas","8":"tm-no-options","10":"first","11":"instock","12":"taxable","13":"shipping-taxable","14":"product-type-variable"},"acf":[],"_links":{"self":[{"href":"https:\/\/grupotextil.es\/ca\/wp-json\/wp\/v2\/product\/232819","targetHints":{"allow":["GET"]}}],"collection":[{"href":"https:\/\/grupotextil.es\/ca\/wp-json\/wp\/v2\/product"}],"about":[{"href":"https:\/\/grupotextil.es\/ca\/wp-json\/wp\/v2\/types\/product"}],"replies":[{"embeddable":true,"href":"https:\/\/grupotextil.es\/ca\/wp-json\/wp\/v2\/comments?post=232819"}],"wp:featuredmedia":[{"embeddable":true,"href":"https:\/\/grupotextil.es\/ca\/wp-json\/wp\/v2\/media\/237101"}],"wp:attachment":[{"href":"https:\/\/grupotextil.es\/ca\/wp-json\/wp\/v2\/media?parent=232819"}],"wp:term":[{"taxonomy":"product_brand","embeddable":true,"href":"https:\/\/grupotextil.es\/ca\/wp-json\/wp\/v2\/product_brand?post=232819"},{"taxonomy":"product_cat","embeddable":true,"href":"https:\/\/grupotextil.es\/ca\/wp-json\/wp\/v2\/product_cat?post=232819"},{"taxonomy":"product_tag","embeddable":true,"href":"https:\/\/grupotextil.es\/ca\/wp-json\/wp\/v2\/product_tag?post=232819"}],"curies":[{"name":"wp","href":"https:\/\/api.w.org\/{rel}","templated":true}]}}

<p>Chaqueta canvas con refuerzos Cordura® . Dos bolsillos frontales, el derecho con espacio para móvil, bolígrafo e identificador con cierre con Velcro.. El izquierdo con cremallera. Cintura y puños ajustables. Mangas articuladas. Bolsillos interiores con espacio para documentos, uno con cierre con Velcro y el otro con cremallera. Brazos pre-curvados para una mayor comodidad. Puños ajustables. Detalles en Cordura® reflectante para una mayor visibilidad.</p>
<p><strong>Composición:</strong> 60% Algodón, 40% Poliéster. Refuerzo 100% poliamida, Cordura® 320gsm | <strong>Peso:</strong> 320 g/m² | <strong>Tallas:</strong> XS-3XL</p>

<p>Chaqueta canvas con refuerzos Cordura® . Dos bolsillos frontales, el derecho con espacio para móvil, bolígrafo e identificador con cierre con Velcro.. El izquierdo con cremallera. Cintura y puños ajustables. Mangas articuladas. Bolsillos interiores c</p>
