{"id":233040,"date":"2026-03-04T07:35:52","date_gmt":"2026-03-04T06:35:52","guid":{"rendered":"https:\/\/grupotextil.es\/producto\/core-light-padded-jacket-m\/"},"modified":"2026-04-26T04:06:07","modified_gmt":"2026-04-26T02:06:07","slug":"core-light-padded-jacket-m","status":"publish","type":"product","link":"https:\/\/grupotextil.es\/ca\/product\/core-light-padded-jacket-m\/","title":{"rendered":"CORE Light Padded Jacket M"},"content":{"rendered":"<p>CORE Light Padded Jacket es una chaqueta vers\u00e1til y plegable con un ligero aislamiento dise\u00f1ada para el uso diario. La chaqueta est\u00e1 confeccionada en poli\u00e9ster reciclado y viene con cuello aislante, bolsillo interior, bolsillo frontal con cremallera y dos bolsillos laterales con cremallera. Funciona tanto como chaqueta exterior como forro aislante en condiciones de fr\u00edo.<\/p>\n<p>\u2022 Discreto bolsillo frontal con cremallera<\/p>\n<p>\u2022 Dos bolsillos laterales con cremallera<\/p>\n<p>\u2022 Plegable en su bolsillo lateral<\/p>\n<p>\u2022 Cuello acolchado y ligero para mayor calidez y comodidad<\/p>\n<p>\u2022 Pu\u00f1os en los extremos de las mangas para evitar la entrada del viento<\/p>\n<p><strong>Composici\u00f3n:<\/strong> Tejido: 100% Poliamida reciclada. Acolcahdo: 100% Poli\u00e9ster reciclado | <strong>Tallas:<\/strong> S-4XL<\/p>","protected":false},"excerpt":{"rendered":"<p>CORE Light Padded Jacket es una chaqueta vers\u00e1til y plegable con un ligero aislamiento dise\u00f1ada para el uso diario. La chaqueta est\u00e1 confeccionada en poli\u00e9ster reciclado y viene con cuello aislante, bolsillo interior, bolsillo frontal con cremallera<\/p>","protected":false},"featured_media":237144,"comment_status":"open","ping_status":"closed","template":"","meta":{"_acf_changed":false},"product_brand":[10489],"product_cat":[13998],"product_tag":[],"class_list":{"0":"post-233040","1":"product","2":"type-product","3":"status-publish","4":"has-post-thumbnail","6":"product_brand-craft","7":"product_cat-n-chaquetas","8":"tm-no-options","10":"first","11":"instock","12":"taxable","13":"shipping-taxable","14":"product-type-variable"},"acf":[],"_links":{"self":[{"href":"https:\/\/grupotextil.es\/ca\/wp-json\/wp\/v2\/product\/233040","targetHints":{"allow":["GET"]}}],"collection":[{"href":"https:\/\/grupotextil.es\/ca\/wp-json\/wp\/v2\/product"}],"about":[{"href":"https:\/\/grupotextil.es\/ca\/wp-json\/wp\/v2\/types\/product"}],"replies":[{"embeddable":true,"href":"https:\/\/grupotextil.es\/ca\/wp-json\/wp\/v2\/comments?post=233040"}],"wp:featuredmedia":[{"embeddable":true,"href":"https:\/\/grupotextil.es\/ca\/wp-json\/wp\/v2\/media\/237144"}],"wp:attachment":[{"href":"https:\/\/grupotextil.es\/ca\/wp-json\/wp\/v2\/media?parent=233040"}],"wp:term":[{"taxonomy":"product_brand","embeddable":true,"href":"https:\/\/grupotextil.es\/ca\/wp-json\/wp\/v2\/product_brand?post=233040"},{"taxonomy":"product_cat","embeddable":true,"href":"https:\/\/grupotextil.es\/ca\/wp-json\/wp\/v2\/product_cat?post=233040"},{"taxonomy":"product_tag","embeddable":true,"href":"https:\/\/grupotextil.es\/ca\/wp-json\/wp\/v2\/product_tag?post=233040"}],"curies":[{"name":"wp","href":"https:\/\/api.w.org\/{rel}","templated":true}]}}

<p>CORE Light Padded Jacket es una chaqueta versátil y plegable con un ligero aislamiento diseñada para el uso diario. La chaqueta está confeccionada en poliéster reciclado y viene con cuello aislante, bolsillo interior, bolsillo frontal con cremallera y dos bolsillos laterales con cremallera. Funciona tanto como chaqueta exterior como forro aislante en condiciones de frío.</p>
<p>• Discreto bolsillo frontal con cremallera</p>
<p>• Dos bolsillos laterales con cremallera</p>
<p>• Plegable en su bolsillo lateral</p>
<p>• Cuello acolchado y ligero para mayor calidez y comodidad</p>
<p>• Puños en los extremos de las mangas para evitar la entrada del viento</p>
<p><strong>Composición:</strong> Tejido: 100% Poliamida reciclada. Acolcahdo: 100% Poliéster reciclado | <strong>Tallas:</strong> S-4XL</p>

<p>CORE Light Padded Jacket es una chaqueta versátil y plegable con un ligero aislamiento diseñada para el uso diario. La chaqueta está confeccionada en poliéster reciclado y viene con cuello aislante, bolsillo interior, bolsillo frontal con cremallera</p>
