{"id":233110,"date":"2026-03-04T07:36:41","date_gmt":"2026-03-04T06:36:41","guid":{"rendered":"https:\/\/grupotextil.es\/producto\/pro-explore-wool-midlayer-m\/"},"modified":"2026-04-26T04:06:07","modified_gmt":"2026-04-26T02:06:07","slug":"pro-explore-wool-midlayer-m","status":"publish","type":"product","link":"https:\/\/grupotextil.es\/ca\/product\/pro-explore-wool-midlayer-m\/","title":{"rendered":"PRO Explore Wool Midlayer M"},"content":{"rendered":"<p>PRO Explore Wool Midlayer es una chaqueta intermedia sumamente funcional y vers\u00e1til dise\u00f1ada para las aventuras m\u00e1s exigentes al aire libre.<\/p>\n<p>Esta innovadora prenda presenta un tejido suave, c\u00e1lido y duradero hecho de lana y poli\u00e9ster reciclado que proporciona un excelente aislamiento, control de la temperatura corporal y libertad de movimiento. Adem\u00e1s cuenta con un orificio para el pulgar en los pu\u00f1os de las mangas, un bolsillo con cremallera en el pecho y dos bolsillos laterales con cremallera. Perfecta como capa adicional.<\/p>\n<p>\u2022 Afelpado interior<\/p>\n<p>\u2022 Mantiene el calor incluso mojado<\/p>\n<p>\u2022 Agujero para el pulgar en los pu\u00f1os<\/p>\n<p>\u2022 Bolsillo con cremallera en el pecho<\/p>\n<p>\u2022 Dos bolsillos laterales con cremallera<\/p>\n<p>\u2022 Corte ajustado<\/p>\n<p><strong>Composici\u00f3n:<\/strong> 28% lana 69% poli\u00e9ster 3% elastano | <strong>Peso:<\/strong> 60 g\/m2 | <strong>Tallas:<\/strong> S-4XL<\/p>","protected":false},"excerpt":{"rendered":"<p>PRO Explore Wool Midlayer es una chaqueta intermedia sumamente funcional y vers\u00e1til dise\u00f1ada para las aventuras m\u00e1s exigentes al aire libre.<\/p>","protected":false},"featured_media":237158,"comment_status":"open","ping_status":"closed","template":"","meta":{"_acf_changed":false},"product_brand":[10489],"product_cat":[13986,13977,13990,13981,13974,13932,13930,13975,13935,13973],"product_tag":[],"class_list":{"0":"post-233110","1":"product","2":"type-product","3":"status-publish","4":"has-post-thumbnail","6":"product_brand-craft","7":"product_cat-m-camisetas-manga-corta","8":"product_cat-h-camisetas-manga-corta","9":"product_cat-m-chaquetas-y-abrigos","10":"product_cat-h-chaquetas-y-abrigos","11":"product_cat-ropa-hombre","12":"product_cat-hosteleria-horeca","13":"product_cat-laboral","14":"product_cat-ropa-mujer","15":"product_cat-pantalones-cocina","16":"product_cat-ropa","17":"tm-no-options","19":"first","20":"instock","21":"taxable","22":"shipping-taxable","23":"product-type-variable"},"acf":[],"_links":{"self":[{"href":"https:\/\/grupotextil.es\/ca\/wp-json\/wp\/v2\/product\/233110","targetHints":{"allow":["GET"]}}],"collection":[{"href":"https:\/\/grupotextil.es\/ca\/wp-json\/wp\/v2\/product"}],"about":[{"href":"https:\/\/grupotextil.es\/ca\/wp-json\/wp\/v2\/types\/product"}],"replies":[{"embeddable":true,"href":"https:\/\/grupotextil.es\/ca\/wp-json\/wp\/v2\/comments?post=233110"}],"wp:featuredmedia":[{"embeddable":true,"href":"https:\/\/grupotextil.es\/ca\/wp-json\/wp\/v2\/media\/237158"}],"wp:attachment":[{"href":"https:\/\/grupotextil.es\/ca\/wp-json\/wp\/v2\/media?parent=233110"}],"wp:term":[{"taxonomy":"product_brand","embeddable":true,"href":"https:\/\/grupotextil.es\/ca\/wp-json\/wp\/v2\/product_brand?post=233110"},{"taxonomy":"product_cat","embeddable":true,"href":"https:\/\/grupotextil.es\/ca\/wp-json\/wp\/v2\/product_cat?post=233110"},{"taxonomy":"product_tag","embeddable":true,"href":"https:\/\/grupotextil.es\/ca\/wp-json\/wp\/v2\/product_tag?post=233110"}],"curies":[{"name":"wp","href":"https:\/\/api.w.org\/{rel}","templated":true}]}}

<p>PRO Explore Wool Midlayer es una chaqueta intermedia sumamente funcional y versátil diseñada para las aventuras más exigentes al aire libre.</p>
<p>Esta innovadora prenda presenta un tejido suave, cálido y duradero hecho de lana y poliéster reciclado que proporciona un excelente aislamiento, control de la temperatura corporal y libertad de movimiento. Además cuenta con un orificio para el pulgar en los puños de las mangas, un bolsillo con cremallera en el pecho y dos bolsillos laterales con cremallera. Perfecta como capa adicional.</p>
<p>• Afelpado interior</p>
<p>• Mantiene el calor incluso mojado</p>
<p>• Agujero para el pulgar en los puños</p>
<p>• Bolsillo con cremallera en el pecho</p>
<p>• Dos bolsillos laterales con cremallera</p>
<p>• Corte ajustado</p>
<p><strong>Composición:</strong> 28% lana 69% poliéster 3% elastano | <strong>Peso:</strong> 60 g/m2 | <strong>Tallas:</strong> S-4XL</p>

<p>PRO Explore Wool Midlayer es una chaqueta intermedia sumamente funcional y versátil diseñada para las aventuras más exigentes al aire libre.</p>
