{"id":233175,"date":"2026-03-04T07:37:33","date_gmt":"2026-03-04T06:37:33","guid":{"rendered":"https:\/\/grupotextil.es\/producto\/adv-explore-lt-down-jkt-w\/"},"modified":"2026-04-26T04:06:08","modified_gmt":"2026-04-26T02:06:08","slug":"adv-explore-lt-down-jkt-w","status":"publish","type":"product","link":"https:\/\/grupotextil.es\/ca\/product\/adv-explore-lt-down-jkt-w\/","title":{"rendered":"ADV Explore Lt. Down Jkt W"},"content":{"rendered":"<p>La chaqueta de plum\u00f3n ADV Explore Light Down Jacket es una chaqueta ligera y plegable que ofrece un excelente aislamiento en los d\u00edas fr\u00edos. Dise\u00f1ada para una todo tipo de aventuras al aire libre, desde senderismo y acampada hasta esqu\u00ed y escalada.<\/p>\n<p>Esta vers\u00e1til chaqueta de plum\u00f3n cuenta con un ligero aislamiento de plum\u00f3n 90\/10 que ofrece una excepcional relaci\u00f3n calor-peso. Como resultado, tanto si te enfrentas a una fr\u00eda ma\u00f1ana de invierno como si haces senderismo por terrenos nevados, esta chaqueta te proporciona el aislamiento que necesitas para mantenerte abrigado y c\u00f3modo. Adem\u00e1s, la chaqueta cuenta con un tejido exterior ripstop repelente al agua que proporciona una excelente funcionalidad y durabilidad. La chaqueta tambi\u00e9n cuenta con una capucha ajustada, dos bolsillos laterales con cremallera y un bolsillo interior con cremallera para guardar objetos personales de forma segura. Se guarda f\u00e1cilmente en su propio bolsillo lateral, en una bolsa o en una mochila, y funciona perfectamente como capa exterior o como capa intermedia en condiciones de fr\u00edo intenso.<\/p>\n<p>\u2022 Tejido exterior ripstop de poliamida reciclado que repele el agua<\/p>\n<p>\u2022 Aislamiento de plum\u00f3n fino y ligero 90\/10<\/p>\n<p>\u2022 Dise\u00f1o cosido en canal\u00e9<\/p>\n<p>\u2022 Capucha ajustada y perfilada, forrada de punto de poli\u00e9ster cepillado<\/p>\n<p>\u2022 Mentonera forrada de punto de poli\u00e9ster cepillado<\/p>\n<p>\u2022 Dos bolsillos laterales con cremallera<\/p>\n<p>\u2022 Se puede guardar en el bolsillo lateral izquierdo<\/p>\n<p>\u2022 Bolsillo interior con cremallera<\/p>\n<p>\u2022 Regular fit<\/p>\n<p><strong>Composici\u00f3n:<\/strong> Cuerpo<br \/>\n100\u00a0% poliamida reciclada<br \/>\nAcolchado<br \/>\n10\u00a0% pluma<br \/>\n90\u00a0% plum\u00f3n | <strong>Tallas:<\/strong> XS-XXL<\/p>","protected":false},"excerpt":{"rendered":"<p>La chaqueta de plum\u00f3n ADV Explore Light Down Jacket es una chaqueta ligera y plegable que ofrece un excelente aislamiento en los d\u00edas fr\u00edos. Dise\u00f1ada para una todo tipo de aventuras al aire libre, desde senderismo y acampada hasta esqu\u00ed y escalada.<\/p>","protected":false},"featured_media":237170,"comment_status":"open","ping_status":"closed","template":"","meta":{"_acf_changed":false},"product_brand":[10489],"product_cat":[13998],"product_tag":[],"class_list":{"0":"post-233175","1":"product","2":"type-product","3":"status-publish","4":"has-post-thumbnail","6":"product_brand-craft","7":"product_cat-n-chaquetas","8":"tm-no-options","10":"first","11":"instock","12":"taxable","13":"shipping-taxable","14":"product-type-variable"},"acf":[],"_links":{"self":[{"href":"https:\/\/grupotextil.es\/ca\/wp-json\/wp\/v2\/product\/233175","targetHints":{"allow":["GET"]}}],"collection":[{"href":"https:\/\/grupotextil.es\/ca\/wp-json\/wp\/v2\/product"}],"about":[{"href":"https:\/\/grupotextil.es\/ca\/wp-json\/wp\/v2\/types\/product"}],"replies":[{"embeddable":true,"href":"https:\/\/grupotextil.es\/ca\/wp-json\/wp\/v2\/comments?post=233175"}],"wp:featuredmedia":[{"embeddable":true,"href":"https:\/\/grupotextil.es\/ca\/wp-json\/wp\/v2\/media\/237170"}],"wp:attachment":[{"href":"https:\/\/grupotextil.es\/ca\/wp-json\/wp\/v2\/media?parent=233175"}],"wp:term":[{"taxonomy":"product_brand","embeddable":true,"href":"https:\/\/grupotextil.es\/ca\/wp-json\/wp\/v2\/product_brand?post=233175"},{"taxonomy":"product_cat","embeddable":true,"href":"https:\/\/grupotextil.es\/ca\/wp-json\/wp\/v2\/product_cat?post=233175"},{"taxonomy":"product_tag","embeddable":true,"href":"https:\/\/grupotextil.es\/ca\/wp-json\/wp\/v2\/product_tag?post=233175"}],"curies":[{"name":"wp","href":"https:\/\/api.w.org\/{rel}","templated":true}]}}

<p>La chaqueta de plumón ADV Explore Light Down Jacket es una chaqueta ligera y plegable que ofrece un excelente aislamiento en los días fríos. Diseñada para una todo tipo de aventuras al aire libre, desde senderismo y acampada hasta esquí y escalada.</p>
<p>Esta versátil chaqueta de plumón cuenta con un ligero aislamiento de plumón 90/10 que ofrece una excepcional relación calor-peso. Como resultado, tanto si te enfrentas a una fría mañana de invierno como si haces senderismo por terrenos nevados, esta chaqueta te proporciona el aislamiento que necesitas para mantenerte abrigado y cómodo. Además, la chaqueta cuenta con un tejido exterior ripstop repelente al agua que proporciona una excelente funcionalidad y durabilidad. La chaqueta también cuenta con una capucha ajustada, dos bolsillos laterales con cremallera y un bolsillo interior con cremallera para guardar objetos personales de forma segura. Se guarda fácilmente en su propio bolsillo lateral, en una bolsa o en una mochila, y funciona perfectamente como capa exterior o como capa intermedia en condiciones de frío intenso.</p>
<p>• Tejido exterior ripstop de poliamida reciclado que repele el agua</p>
<p>• Aislamiento de plumón fino y ligero 90/10</p>
<p>• Diseño cosido en canalé</p>
<p>• Capucha ajustada y perfilada, forrada de punto de poliéster cepillado</p>
<p>• Mentonera forrada de punto de poliéster cepillado</p>
<p>• Dos bolsillos laterales con cremallera</p>
<p>• Se puede guardar en el bolsillo lateral izquierdo</p>
<p>• Bolsillo interior con cremallera</p>
<p>• Regular fit</p>
<p><strong>Composición:</strong> Cuerpo<br />
100 % poliamida reciclada<br />
Acolchado<br />
10 % pluma<br />
90 % plumón | <strong>Tallas:</strong> XS-XXL</p>

<p>La chaqueta de plumón ADV Explore Light Down Jacket es una chaqueta ligera y plegable que ofrece un excelente aislamiento en los días fríos. Diseñada para una todo tipo de aventuras al aire libre, desde senderismo y acampada hasta esquí y escalada.</p>
