{"id":233519,"date":"2026-03-04T07:41:31","date_gmt":"2026-03-04T06:41:31","guid":{"rendered":"https:\/\/grupotextil.es\/producto\/zion-woman\/"},"modified":"2026-04-26T04:06:10","modified_gmt":"2026-04-26T02:06:10","slug":"zion-woman","status":"publish","type":"product","link":"https:\/\/grupotextil.es\/ca\/product\/zion-woman\/","title":{"rendered":"Zion Woman"},"content":{"rendered":"<p>Vers\u00e1til chaqueta polar, confeccionada en poli\u00e9ster reciclado  y dise\u00f1ada para ofrecer comodidad y estilo. Esta chaqueta polar presenta costuras superiores en contraste que a\u00f1aden un toque de modernidad, y mangas ragl\u00e1n para mejorar la movilidad y un look deportivo. Los dos bolsillos laterales con cremallera proporcionan un almacenamiento c\u00f3modo y seguro para tus objetos esenciales. Esta chaqueta ofrece calidez y durabilidad.  Se presenta en bolsa de base biol\u00f3gica y compostable.<\/p>\n<p>.<\/p>\n<p><strong>Composici\u00f3n:<\/strong> 100% Poli\u00e9ster Reciclado<br \/>\nOeko-Tex Standard 100 | <strong>Peso:<\/strong> 230g\/m\u00b2 | <strong>Tallas:<\/strong> XS-XXL<\/p>","protected":false},"excerpt":{"rendered":"<p>Vers\u00e1til chaqueta polar, confeccionada en poli\u00e9ster reciclado  y dise\u00f1ada para ofrecer comodidad y estilo. Esta chaqueta polar presenta costuras superiores en contraste que a\u00f1aden un toque de modernidad, y mangas ragl\u00e1n para mejorar la movilidad y un<\/p>","protected":false},"featured_media":237228,"comment_status":"open","ping_status":"closed","template":"","meta":{"_acf_changed":false},"product_brand":[10521],"product_cat":[13980],"product_tag":[],"class_list":{"0":"post-233519","1":"product","2":"type-product","3":"status-publish","4":"has-post-thumbnail","6":"product_brand-james-harvest","7":"product_cat-h-sudaderas","8":"tm-no-options","10":"first","11":"instock","12":"taxable","13":"shipping-taxable","14":"product-type-variable"},"acf":[],"_links":{"self":[{"href":"https:\/\/grupotextil.es\/ca\/wp-json\/wp\/v2\/product\/233519","targetHints":{"allow":["GET"]}}],"collection":[{"href":"https:\/\/grupotextil.es\/ca\/wp-json\/wp\/v2\/product"}],"about":[{"href":"https:\/\/grupotextil.es\/ca\/wp-json\/wp\/v2\/types\/product"}],"replies":[{"embeddable":true,"href":"https:\/\/grupotextil.es\/ca\/wp-json\/wp\/v2\/comments?post=233519"}],"wp:featuredmedia":[{"embeddable":true,"href":"https:\/\/grupotextil.es\/ca\/wp-json\/wp\/v2\/media\/237228"}],"wp:attachment":[{"href":"https:\/\/grupotextil.es\/ca\/wp-json\/wp\/v2\/media?parent=233519"}],"wp:term":[{"taxonomy":"product_brand","embeddable":true,"href":"https:\/\/grupotextil.es\/ca\/wp-json\/wp\/v2\/product_brand?post=233519"},{"taxonomy":"product_cat","embeddable":true,"href":"https:\/\/grupotextil.es\/ca\/wp-json\/wp\/v2\/product_cat?post=233519"},{"taxonomy":"product_tag","embeddable":true,"href":"https:\/\/grupotextil.es\/ca\/wp-json\/wp\/v2\/product_tag?post=233519"}],"curies":[{"name":"wp","href":"https:\/\/api.w.org\/{rel}","templated":true}]}}

<p>Versátil chaqueta polar, confeccionada en poliéster reciclado  y diseñada para ofrecer comodidad y estilo. Esta chaqueta polar presenta costuras superiores en contraste que añaden un toque de modernidad, y mangas raglán para mejorar la movilidad y un look deportivo. Los dos bolsillos laterales con cremallera proporcionan un almacenamiento cómodo y seguro para tus objetos esenciales. Esta chaqueta ofrece calidez y durabilidad.  Se presenta en bolsa de base biológica y compostable.</p>
<p>.</p>
<p><strong>Composición:</strong> 100% Poliéster Reciclado<br />
Oeko-Tex Standard 100 | <strong>Peso:</strong> 230g/m² | <strong>Tallas:</strong> XS-XXL</p>

<p>Versátil chaqueta polar, confeccionada en poliéster reciclado  y diseñada para ofrecer comodidad y estilo. Esta chaqueta polar presenta costuras superiores en contraste que añaden un toque de modernidad, y mangas raglán para mejorar la movilidad y un</p>
