{"id":233701,"date":"2026-03-04T07:43:40","date_gmt":"2026-03-04T06:43:40","guid":{"rendered":"https:\/\/grupotextil.es\/producto\/urban-shell-coat-uni\/"},"modified":"2026-04-26T04:06:11","modified_gmt":"2026-04-26T02:06:11","slug":"urban-shell-coat-uni","status":"publish","type":"product","link":"https:\/\/grupotextil.es\/ca\/product\/urban-shell-coat-uni\/","title":{"rendered":"Urban Shell Coat Uni"},"content":{"rendered":"<p>Urban Shell Coat es una prenda exterior elegante y protectora contra la intemperie que se adapta sin esfuerzo a entornos informales y formales.<\/p>\n<p>Dise\u00f1ado para el explorador urbano, este abrigo ofrece todo lo necesario para resistir a los elementos sin renunciar al estilo. Mantente seco en cualquier tiempo gracias a la construcci\u00f3n impermeable del abrigo, con costuras selladas y tejido de membrana de 2 capas. Si quieres abrigarte m\u00e1s cuando hace fr\u00edo, ponte una capa intermedia o una chaqueta ligera debajo. Tan elegante como pr\u00e1ctica, esta pieza minimalista nunca pasa de moda, lo que la convierte en un complemento duradero para tu vestuario diario.<\/p>\n<p>\u2022 Tejido de 2 capas resistente al viento y al agua (WP 5.000\/MVP 5.000)<\/p>\n<p>\u2022 Hecho de tejido de poli\u00e9ster reciclado y algod\u00f3n BCI<\/p>\n<p>\u2022 Costuras totalmente selladas<\/p>\n<p>\u2022 Capucha con cord\u00f3n ajustable para un ajuste \u00f3ptimo<\/p>\n<p>\u2022 Aberturas laterales con bot\u00f3n de presi\u00f3n en la parte inferior para mayor amplitud de movimiento<\/p>\n<p>\u2022 Cremallera YKK de 2 v\u00edas<\/p>\n<p>\u2022 Ajuste regular<\/p>\n<p><strong>Composici\u00f3n:<\/strong> Face 65% Poli\u00e9ster reciclado 35% Algod\u00f3n, Back 100% Poliuretano | <strong>Tallas:<\/strong> XS-XXL<\/p>","protected":false},"excerpt":{"rendered":"<p>Urban Shell Coat es una prenda exterior elegante y protectora contra la intemperie que se adapta sin esfuerzo a entornos informales y formales.<\/p>","protected":false},"featured_media":237254,"comment_status":"open","ping_status":"closed","template":"","meta":{"_acf_changed":false},"product_brand":[10489],"product_cat":[13998],"product_tag":[],"class_list":{"0":"post-233701","1":"product","2":"type-product","3":"status-publish","4":"has-post-thumbnail","6":"product_brand-craft","7":"product_cat-n-chaquetas","8":"tm-no-options","10":"first","11":"instock","12":"taxable","13":"shipping-taxable","14":"product-type-variable"},"acf":[],"_links":{"self":[{"href":"https:\/\/grupotextil.es\/ca\/wp-json\/wp\/v2\/product\/233701","targetHints":{"allow":["GET"]}}],"collection":[{"href":"https:\/\/grupotextil.es\/ca\/wp-json\/wp\/v2\/product"}],"about":[{"href":"https:\/\/grupotextil.es\/ca\/wp-json\/wp\/v2\/types\/product"}],"replies":[{"embeddable":true,"href":"https:\/\/grupotextil.es\/ca\/wp-json\/wp\/v2\/comments?post=233701"}],"wp:featuredmedia":[{"embeddable":true,"href":"https:\/\/grupotextil.es\/ca\/wp-json\/wp\/v2\/media\/237254"}],"wp:attachment":[{"href":"https:\/\/grupotextil.es\/ca\/wp-json\/wp\/v2\/media?parent=233701"}],"wp:term":[{"taxonomy":"product_brand","embeddable":true,"href":"https:\/\/grupotextil.es\/ca\/wp-json\/wp\/v2\/product_brand?post=233701"},{"taxonomy":"product_cat","embeddable":true,"href":"https:\/\/grupotextil.es\/ca\/wp-json\/wp\/v2\/product_cat?post=233701"},{"taxonomy":"product_tag","embeddable":true,"href":"https:\/\/grupotextil.es\/ca\/wp-json\/wp\/v2\/product_tag?post=233701"}],"curies":[{"name":"wp","href":"https:\/\/api.w.org\/{rel}","templated":true}]}}

<p>Urban Shell Coat es una prenda exterior elegante y protectora contra la intemperie que se adapta sin esfuerzo a entornos informales y formales.</p>
<p>Diseñado para el explorador urbano, este abrigo ofrece todo lo necesario para resistir a los elementos sin renunciar al estilo. Mantente seco en cualquier tiempo gracias a la construcción impermeable del abrigo, con costuras selladas y tejido de membrana de 2 capas. Si quieres abrigarte más cuando hace frío, ponte una capa intermedia o una chaqueta ligera debajo. Tan elegante como práctica, esta pieza minimalista nunca pasa de moda, lo que la convierte en un complemento duradero para tu vestuario diario.</p>
<p>• Tejido de 2 capas resistente al viento y al agua (WP 5.000/MVP 5.000)</p>
<p>• Hecho de tejido de poliéster reciclado y algodón BCI</p>
<p>• Costuras totalmente selladas</p>
<p>• Capucha con cordón ajustable para un ajuste óptimo</p>
<p>• Aberturas laterales con botón de presión en la parte inferior para mayor amplitud de movimiento</p>
<p>• Cremallera YKK de 2 vías</p>
<p>• Ajuste regular</p>
<p><strong>Composición:</strong> Face 65% Poliéster reciclado 35% Algodón, Back 100% Poliuretano | <strong>Tallas:</strong> XS-XXL</p>
