{"id":233761,"date":"2026-03-04T07:44:18","date_gmt":"2026-03-04T06:44:18","guid":{"rendered":"https:\/\/grupotextil.es\/producto\/endur-light-wind-jacket-w\/"},"modified":"2026-04-26T04:06:11","modified_gmt":"2026-04-26T02:06:11","slug":"endur-light-wind-jacket-w","status":"publish","type":"product","link":"https:\/\/grupotextil.es\/ca\/product\/endur-light-wind-jacket-w\/","title":{"rendered":"Endur Light Wind Jacket W"},"content":{"rendered":"<p>La chaqueta Endure Light Wind Jacket es ligera, cortaviento e hidr\u00f3fuga y es una gran compa\u00f1era en las salidas fr\u00edas y ventosas.<\/p>\n<p>Confeccionada con materiales reciclados altamente funcionales, esta chaqueta de ciclismo t\u00e9cnicamente avanzada incorpora una espalda de malla el\u00e1stica y ventilada que garantiza un gran ajuste y una excelente gesti\u00f3n de la temperatura corporal durante las salidas intensas. Adem\u00e1s, el el\u00e1stico en el dobladillo inferior mantiene la chaqueta en su sitio, mientras que los detalles reflectantes ofrecen una mayor visibilidad. Se guarda f\u00e1cilmente en el bolsillo del maillot.<\/p>\n<p>\u2022 Tejido ligero a base de materiales reciclados y elastano<\/p>\n<p>\u2022 Tejido cortaviento e hidr\u00f3fugo (acabado DWR)<\/p>\n<p>\u2022 Tejido de malla en la espalda<\/p>\n<p>\u2022 El\u00e1stico en el dobladillo inferior<\/p>\n<p>\u2022 Peque\u00f1o bolsillo lateral con cremallera<\/p>\n<p>\u2022 Detalles reflectantes<\/p>\n<p>\u2022 Ajuste estrecho<\/p>\n<p><strong>Composici\u00f3n:<\/strong> 78% Polyamide Recycled, 22% Elastane Back, 88% Polyester Recycled, 12% Elastane Back Sleeves Front Sleeves, 78% Polyamide Recycled, 22% Elastane | <strong>Tallas:<\/strong> XS-XXL<\/p>","protected":false},"excerpt":{"rendered":"<p>La chaqueta Endure Light Wind Jacket es ligera, cortaviento e hidr\u00f3fuga y es una gran compa\u00f1era en las salidas fr\u00edas y ventosas.<\/p>","protected":false},"featured_media":237268,"comment_status":"open","ping_status":"closed","template":"","meta":{"_acf_changed":false},"product_brand":[10489],"product_cat":[15147],"product_tag":[],"class_list":{"0":"post-233761","1":"product","2":"type-product","3":"status-publish","4":"has-post-thumbnail","6":"product_brand-craft","7":"product_cat-new-wave","8":"tm-no-options","10":"first","11":"instock","12":"taxable","13":"shipping-taxable","14":"product-type-variable"},"acf":[],"_links":{"self":[{"href":"https:\/\/grupotextil.es\/ca\/wp-json\/wp\/v2\/product\/233761","targetHints":{"allow":["GET"]}}],"collection":[{"href":"https:\/\/grupotextil.es\/ca\/wp-json\/wp\/v2\/product"}],"about":[{"href":"https:\/\/grupotextil.es\/ca\/wp-json\/wp\/v2\/types\/product"}],"replies":[{"embeddable":true,"href":"https:\/\/grupotextil.es\/ca\/wp-json\/wp\/v2\/comments?post=233761"}],"wp:featuredmedia":[{"embeddable":true,"href":"https:\/\/grupotextil.es\/ca\/wp-json\/wp\/v2\/media\/237268"}],"wp:attachment":[{"href":"https:\/\/grupotextil.es\/ca\/wp-json\/wp\/v2\/media?parent=233761"}],"wp:term":[{"taxonomy":"product_brand","embeddable":true,"href":"https:\/\/grupotextil.es\/ca\/wp-json\/wp\/v2\/product_brand?post=233761"},{"taxonomy":"product_cat","embeddable":true,"href":"https:\/\/grupotextil.es\/ca\/wp-json\/wp\/v2\/product_cat?post=233761"},{"taxonomy":"product_tag","embeddable":true,"href":"https:\/\/grupotextil.es\/ca\/wp-json\/wp\/v2\/product_tag?post=233761"}],"curies":[{"name":"wp","href":"https:\/\/api.w.org\/{rel}","templated":true}]}}

<p>La chaqueta Endure Light Wind Jacket es ligera, cortaviento e hidrófuga y es una gran compañera en las salidas frías y ventosas.</p>
<p>Confeccionada con materiales reciclados altamente funcionales, esta chaqueta de ciclismo técnicamente avanzada incorpora una espalda de malla elástica y ventilada que garantiza un gran ajuste y una excelente gestión de la temperatura corporal durante las salidas intensas. Además, el elástico en el dobladillo inferior mantiene la chaqueta en su sitio, mientras que los detalles reflectantes ofrecen una mayor visibilidad. Se guarda fácilmente en el bolsillo del maillot.</p>
<p>• Tejido ligero a base de materiales reciclados y elastano</p>
<p>• Tejido cortaviento e hidrófugo (acabado DWR)</p>
<p>• Tejido de malla en la espalda</p>
<p>• Elástico en el dobladillo inferior</p>
<p>• Pequeño bolsillo lateral con cremallera</p>
<p>• Detalles reflectantes</p>
<p>• Ajuste estrecho</p>
<p><strong>Composición:</strong> 78% Polyamide Recycled, 22% Elastane Back, 88% Polyester Recycled, 12% Elastane Back Sleeves Front Sleeves, 78% Polyamide Recycled, 22% Elastane | <strong>Tallas:</strong> XS-XXL</p>

<p>La chaqueta Endure Light Wind Jacket es ligera, cortaviento e hidrófuga y es una gran compañera en las salidas frías y ventosas.</p>
