{"id":252379,"date":"2026-03-05T03:07:18","date_gmt":"2026-03-05T02:07:18","guid":{"rendered":"https:\/\/grupotextil.es\/producto\/sols-falcon-padded-men\/"},"modified":"2026-03-05T04:28:08","modified_gmt":"2026-03-05T03:28:08","slug":"sols-falcon-padded-men","status":"publish","type":"product","link":"https:\/\/grupotextil.es\/ca\/product\/sols-falcon-padded-men\/","title":{"rendered":"SOL&#8217;S FALCON PADDED MEN"},"content":{"rendered":"<p><strong>Composici\u00f3n:<\/strong> 3 capas &#8211; Exterior: 94% poli\u00e9ster reciclado &#8211; 6% elastano. Forro polar interior: 100% poli\u00e9ster reciclado. Membrana 5000 mm impermeable y transpirable. Forro: 100% nylon. Relleno: 100% poli\u00e9ster reciclado<\/p>\n<p><strong>Caracter\u00edsticas:<\/strong> Softshell de invierno totalmente acolchado<br \/>Capucha con borde el\u00e1stico<br \/>Abertura, bolsillos laterales y bolsillo de pecho con cremallera de nylon impermeable negra<br \/>3 bolsillos interiores<br \/>Cremallera para la personalizaci\u00f3n<br \/>Pu\u00f1os y bajo el\u00e1sticos tono sobre tono<\/p>\n<p><strong>Tallas disponibles:<\/strong> XXL,L,S,3XL,XL,M,4XL<\/p>\n<p><strong>Propiedades:<\/strong> twin, elasthanne, water repellent, waterproof breathable, windproof<\/p>\n<p><strong>Cuidado:<\/strong> 40\u00b0 \u00b7 Planchar a baja temperatura \u00b7 No se puede usar lej\u00eda<\/p>\n<p><strong>G\u00e9nero:<\/strong> Hombre,Twin<\/p>","protected":false},"excerpt":{"rendered":"<p>CHAQUETA SOFTSHELL PARA HOMBRE<\/p>","protected":false},"featured_media":252380,"comment_status":"open","ping_status":"closed","template":"","meta":{"_acf_changed":false},"product_brand":[14013],"product_cat":[13954,13974,13975,13973],"product_tag":[],"class_list":{"0":"post-252379","1":"product","2":"type-product","3":"status-publish","4":"has-post-thumbnail","6":"product_brand-sols","7":"product_cat-acc-bolsas-y-mochilas","8":"product_cat-ropa-hombre","9":"product_cat-ropa-mujer","10":"product_cat-ropa","11":"tm-no-options","13":"first","14":"instock","15":"taxable","16":"shipping-taxable","17":"product-type-variable"},"acf":[],"_links":{"self":[{"href":"https:\/\/grupotextil.es\/ca\/wp-json\/wp\/v2\/product\/252379","targetHints":{"allow":["GET"]}}],"collection":[{"href":"https:\/\/grupotextil.es\/ca\/wp-json\/wp\/v2\/product"}],"about":[{"href":"https:\/\/grupotextil.es\/ca\/wp-json\/wp\/v2\/types\/product"}],"replies":[{"embeddable":true,"href":"https:\/\/grupotextil.es\/ca\/wp-json\/wp\/v2\/comments?post=252379"}],"wp:featuredmedia":[{"embeddable":true,"href":"https:\/\/grupotextil.es\/ca\/wp-json\/wp\/v2\/media\/252380"}],"wp:attachment":[{"href":"https:\/\/grupotextil.es\/ca\/wp-json\/wp\/v2\/media?parent=252379"}],"wp:term":[{"taxonomy":"product_brand","embeddable":true,"href":"https:\/\/grupotextil.es\/ca\/wp-json\/wp\/v2\/product_brand?post=252379"},{"taxonomy":"product_cat","embeddable":true,"href":"https:\/\/grupotextil.es\/ca\/wp-json\/wp\/v2\/product_cat?post=252379"},{"taxonomy":"product_tag","embeddable":true,"href":"https:\/\/grupotextil.es\/ca\/wp-json\/wp\/v2\/product_tag?post=252379"}],"curies":[{"name":"wp","href":"https:\/\/api.w.org\/{rel}","templated":true}]}}

<p><strong>Composición:</strong> 3 capas &#8211; Exterior: 94% poliéster reciclado &#8211; 6% elastano. Forro polar interior: 100% poliéster reciclado. Membrana 5000 mm impermeable y transpirable. Forro: 100% nylon. Relleno: 100% poliéster reciclado</p>
<p><strong>Características:</strong> Softshell de invierno totalmente acolchado<br />Capucha con borde elástico<br />Abertura, bolsillos laterales y bolsillo de pecho con cremallera de nylon impermeable negra<br />3 bolsillos interiores<br />Cremallera para la personalización<br />Puños y bajo elásticos tono sobre tono</p>
<p><strong>Tallas disponibles:</strong> XXL,L,S,3XL,XL,M,4XL</p>
<p><strong>Propiedades:</strong> twin, elasthanne, water repellent, waterproof breathable, windproof</p>
<p><strong>Cuidado:</strong> 40° · Planchar a baja temperatura · No se puede usar lejía</p>
<p><strong>Género:</strong> Hombre,Twin</p>
