{"id":254263,"date":"2026-03-05T04:00:59","date_gmt":"2026-03-05T03:00:59","guid":{"rendered":"https:\/\/grupotextil.es\/producto\/sols-legend-women\/"},"modified":"2026-03-05T04:28:10","modified_gmt":"2026-03-05T03:28:10","slug":"sols-legend-women","status":"publish","type":"product","link":"https:\/\/grupotextil.es\/ca\/product\/sols-legend-women\/","title":{"rendered":"SOL&#8217;S LEGEND WOMEN"},"content":{"rendered":"<p><strong>Composici\u00f3n:<\/strong> 100% algod\u00f3n org\u00e1nico peinado &#8211; En conversi\u00f3n<\/p>\n<p><strong>Caracter\u00edsticas:<\/strong> Cuello redondo acanalado<br \/>Tapacosturas en el cuello<br \/>Cortada y cosida<br \/>Corte moderno y c\u00f3modo<\/p>\n<p><strong>Tallas disponibles:<\/strong> XL,M,XS,XXL,L,S,3XL<\/p>\n<p><strong>Propiedades:<\/strong> NEW, twin, soft touch<\/p>\n<p><strong>Cuidado:<\/strong> 30\u00b0 \u00b7 Planchar a baja temperatura \u00b7 No se puede usar lej\u00eda<\/p>\n<p><strong>G\u00e9nero:<\/strong> Mujer,Twin<\/p>","protected":false},"excerpt":{"rendered":"<p>CAMISETA\u00a0PARA\u00a0MUJER<\/p>","protected":false},"featured_media":254264,"comment_status":"open","ping_status":"closed","template":"","meta":{"_acf_changed":false},"product_brand":[14013],"product_cat":[13954,13974,13975,13973],"product_tag":[],"class_list":{"0":"post-254263","1":"product","2":"type-product","3":"status-publish","4":"has-post-thumbnail","6":"product_brand-sols","7":"product_cat-acc-bolsas-y-mochilas","8":"product_cat-ropa-hombre","9":"product_cat-ropa-mujer","10":"product_cat-ropa","11":"tm-no-options","13":"first","14":"instock","15":"taxable","16":"shipping-taxable","17":"product-type-variable"},"acf":[],"_links":{"self":[{"href":"https:\/\/grupotextil.es\/ca\/wp-json\/wp\/v2\/product\/254263","targetHints":{"allow":["GET"]}}],"collection":[{"href":"https:\/\/grupotextil.es\/ca\/wp-json\/wp\/v2\/product"}],"about":[{"href":"https:\/\/grupotextil.es\/ca\/wp-json\/wp\/v2\/types\/product"}],"replies":[{"embeddable":true,"href":"https:\/\/grupotextil.es\/ca\/wp-json\/wp\/v2\/comments?post=254263"}],"wp:featuredmedia":[{"embeddable":true,"href":"https:\/\/grupotextil.es\/ca\/wp-json\/wp\/v2\/media\/254264"}],"wp:attachment":[{"href":"https:\/\/grupotextil.es\/ca\/wp-json\/wp\/v2\/media?parent=254263"}],"wp:term":[{"taxonomy":"product_brand","embeddable":true,"href":"https:\/\/grupotextil.es\/ca\/wp-json\/wp\/v2\/product_brand?post=254263"},{"taxonomy":"product_cat","embeddable":true,"href":"https:\/\/grupotextil.es\/ca\/wp-json\/wp\/v2\/product_cat?post=254263"},{"taxonomy":"product_tag","embeddable":true,"href":"https:\/\/grupotextil.es\/ca\/wp-json\/wp\/v2\/product_tag?post=254263"}],"curies":[{"name":"wp","href":"https:\/\/api.w.org\/{rel}","templated":true}]}}

<p><strong>Composición:</strong> 100% algodón orgánico peinado &#8211; En conversión</p>
<p><strong>Características:</strong> Cuello redondo acanalado<br />Tapacosturas en el cuello<br />Cortada y cosida<br />Corte moderno y cómodo</p>
<p><strong>Tallas disponibles:</strong> XL,M,XS,XXL,L,S,3XL</p>
<p><strong>Propiedades:</strong> NEW, twin, soft touch</p>
<p><strong>Cuidado:</strong> 30° · Planchar a baja temperatura · No se puede usar lejía</p>
<p><strong>Género:</strong> Mujer,Twin</p>
