{"id":254431,"date":"2026-03-05T04:05:04","date_gmt":"2026-03-05T03:05:04","guid":{"rendered":"https:\/\/grupotextil.es\/producto\/sols-reverse\/"},"modified":"2026-03-05T04:28:10","modified_gmt":"2026-03-05T03:28:10","slug":"sols-reverse","status":"publish","type":"product","link":"https:\/\/grupotextil.es\/ca\/product\/sols-reverse\/","title":{"rendered":"SOL&#8217;S REVERSE"},"content":{"rendered":"<p><strong>Composici\u00f3n:<\/strong> Exterior: pongee 100% poli\u00e9ster reciclado &#8211; 80 gr\/m\u00b2 con membrana impermeable y transpirable<br \/>Interior: tafet\u00e1n 100% nylon reciclado &#8211; 380T. Relleno: plum\u00f3n 100% poli\u00e9ster reciclado &#8211; 370 gr\/pza.<\/p>\n<p><strong>Caracter\u00edsticas:<\/strong> Chaqueta de longitud media reversible<br \/>Interior estilo chaqueta acolchada<br \/>Capucha con borde el\u00e1stico<br \/>Abertura principal con cremallera inyectada reversible de doble cursor<br \/>Bolsillos exteriores con cremallera inyectada tono sobre tono<br \/>Bolsillos interiores con cremallera inyectada tono sobre tono y solapa<br \/>Pu\u00f1os y bajo el\u00e1sticos<br \/>Cremallera para la personalizaci\u00f3n<br \/>Corte c\u00f3modo<br \/>Combinaciones de colores: negro y gris oscuro, french marino y denim, army y negro.<\/p>\n<p><strong>Tallas disponibles:<\/strong> XL,M,XS,XXL,L,S,3XL<\/p>\n<p><strong>Propiedades:<\/strong> unisex, NEW, windproof, water repellent<\/p>\n<p><strong>Cuidado:<\/strong> 30\u00b0,Machine wash, delicate \u00b7 No planchar \u00b7 No se puede usar lej\u00eda<\/p>\n<p><strong>G\u00e9nero:<\/strong> Unisex,Hombre,Mujer<\/p>","protected":false},"excerpt":{"rendered":"<p>CHAQUETA UNISEX REVERSIBLE<\/p>","protected":false},"featured_media":254432,"comment_status":"open","ping_status":"closed","template":"","meta":{"_acf_changed":false},"product_brand":[14013],"product_cat":[13954,13974,13975,13973],"product_tag":[],"class_list":{"0":"post-254431","1":"product","2":"type-product","3":"status-publish","4":"has-post-thumbnail","6":"product_brand-sols","7":"product_cat-acc-bolsas-y-mochilas","8":"product_cat-ropa-hombre","9":"product_cat-ropa-mujer","10":"product_cat-ropa","11":"tm-no-options","13":"first","14":"instock","15":"taxable","16":"shipping-taxable","17":"product-type-variable"},"acf":[],"_links":{"self":[{"href":"https:\/\/grupotextil.es\/ca\/wp-json\/wp\/v2\/product\/254431","targetHints":{"allow":["GET"]}}],"collection":[{"href":"https:\/\/grupotextil.es\/ca\/wp-json\/wp\/v2\/product"}],"about":[{"href":"https:\/\/grupotextil.es\/ca\/wp-json\/wp\/v2\/types\/product"}],"replies":[{"embeddable":true,"href":"https:\/\/grupotextil.es\/ca\/wp-json\/wp\/v2\/comments?post=254431"}],"wp:featuredmedia":[{"embeddable":true,"href":"https:\/\/grupotextil.es\/ca\/wp-json\/wp\/v2\/media\/254432"}],"wp:attachment":[{"href":"https:\/\/grupotextil.es\/ca\/wp-json\/wp\/v2\/media?parent=254431"}],"wp:term":[{"taxonomy":"product_brand","embeddable":true,"href":"https:\/\/grupotextil.es\/ca\/wp-json\/wp\/v2\/product_brand?post=254431"},{"taxonomy":"product_cat","embeddable":true,"href":"https:\/\/grupotextil.es\/ca\/wp-json\/wp\/v2\/product_cat?post=254431"},{"taxonomy":"product_tag","embeddable":true,"href":"https:\/\/grupotextil.es\/ca\/wp-json\/wp\/v2\/product_tag?post=254431"}],"curies":[{"name":"wp","href":"https:\/\/api.w.org\/{rel}","templated":true}]}}

<p><strong>Composición:</strong> Exterior: pongee 100% poliéster reciclado &#8211; 80 gr/m² con membrana impermeable y transpirable<br />Interior: tafetán 100% nylon reciclado &#8211; 380T. Relleno: plumón 100% poliéster reciclado &#8211; 370 gr/pza.</p>
<p><strong>Características:</strong> Chaqueta de longitud media reversible<br />Interior estilo chaqueta acolchada<br />Capucha con borde elástico<br />Abertura principal con cremallera inyectada reversible de doble cursor<br />Bolsillos exteriores con cremallera inyectada tono sobre tono<br />Bolsillos interiores con cremallera inyectada tono sobre tono y solapa<br />Puños y bajo elásticos<br />Cremallera para la personalización<br />Corte cómodo<br />Combinaciones de colores: negro y gris oscuro, french marino y denim, army y negro.</p>
<p><strong>Tallas disponibles:</strong> XL,M,XS,XXL,L,S,3XL</p>
<p><strong>Propiedades:</strong> unisex, NEW, windproof, water repellent</p>
<p><strong>Cuidado:</strong> 30°,Machine wash, delicate · No planchar · No se puede usar lejía</p>
<p><strong>Género:</strong> Unisex,Hombre,Mujer</p>
