{"id":293461,"date":"2026-03-06T01:27:31","date_gmt":"2026-03-06T01:27:31","guid":{"rendered":"https:\/\/grupotextil.es\/?post_type=product&#038;p=293461"},"modified":"2026-03-06T01:27:31","modified_gmt":"2026-03-06T01:27:31","slug":"brazalete-porta-moviles-valento-marathon","status":"publish","type":"product","link":"https:\/\/grupotextil.es\/ca\/product\/brazalete-porta-moviles-valento-marathon\/","title":{"rendered":"Brazalete porta m\u00f3viles VALENTO MARATHON"},"content":{"rendered":"<div class=\"product-description\">\n<div class=\"article_characteristics\">\n<ul style=\"margin-block-start: 0;\" >\n<li><b>Brazalete<\/b> <b>porta m\u00f3viles<\/b>.<\/li>\n<li>Confeccionado con polipiel sint\u00e9tica resistente y de f\u00e1cil limpieza.<\/li>\n<li>Incluye ventanilla transparente que permite ver la pantalla del m\u00f3vil.<\/li>\n<li>Abrazadera de cinta el\u00e1stica ancha con cierre de velcro que se ajusta c\u00f3modamente al brazo.<\/li>\n<li>Cierre de cremallera para llevar el m\u00f3vil guardado y dos orificios para la salida de cables o auriculares.<\/li>\n<li>M\u00e9todos id\u00f3neos de marcaje: vinilo, transfer, serigraf\u00eda.<\/li>\n<li>Ideal para realizar actividades f\u00edsicas y deportivas y como <b>regalo promocional<\/b>.<\/li>\n<\/ul><\/div>\n<\/div>\n<div class=\"product-pdf\">\n<p><a href=\"https:\/\/valento.es\/?service=ServeDocuments&amp;function=serve_datasheet&amp;article_ref=PVVAMAR\" target=\"_blank\" rel=\"noopener\">Descargar ficha t\u00e9cnica (PDF)<\/a><\/p>\n<\/div>","protected":false},"excerpt":{"rendered":"<p>Brazalete porta m\u00f3viles VALENTO MARATHON de Valento. Disponible en la categor\u00eda Accesorios. Env\u00edo r\u00e1pido 24\/48h.<\/p>","protected":false},"featured_media":293462,"comment_status":"open","ping_status":"closed","template":"","meta":{"_acf_changed":false},"product_brand":[11282],"product_cat":[13948,13974,13975],"product_tag":[],"class_list":{"0":"post-293461","1":"product","2":"type-product","3":"status-publish","4":"has-post-thumbnail","6":"product_brand-valento","7":"product_cat-accesorios","8":"product_cat-ropa-hombre","9":"product_cat-ropa-mujer","10":"tm-no-options","12":"first","13":"instock","14":"taxable","15":"shipping-taxable","16":"product-type-variable"},"acf":[],"_links":{"self":[{"href":"https:\/\/grupotextil.es\/ca\/wp-json\/wp\/v2\/product\/293461","targetHints":{"allow":["GET"]}}],"collection":[{"href":"https:\/\/grupotextil.es\/ca\/wp-json\/wp\/v2\/product"}],"about":[{"href":"https:\/\/grupotextil.es\/ca\/wp-json\/wp\/v2\/types\/product"}],"replies":[{"embeddable":true,"href":"https:\/\/grupotextil.es\/ca\/wp-json\/wp\/v2\/comments?post=293461"}],"wp:featuredmedia":[{"embeddable":true,"href":"https:\/\/grupotextil.es\/ca\/wp-json\/wp\/v2\/media\/293462"}],"wp:attachment":[{"href":"https:\/\/grupotextil.es\/ca\/wp-json\/wp\/v2\/media?parent=293461"}],"wp:term":[{"taxonomy":"product_brand","embeddable":true,"href":"https:\/\/grupotextil.es\/ca\/wp-json\/wp\/v2\/product_brand?post=293461"},{"taxonomy":"product_cat","embeddable":true,"href":"https:\/\/grupotextil.es\/ca\/wp-json\/wp\/v2\/product_cat?post=293461"},{"taxonomy":"product_tag","embeddable":true,"href":"https:\/\/grupotextil.es\/ca\/wp-json\/wp\/v2\/product_tag?post=293461"}],"curies":[{"name":"wp","href":"https:\/\/api.w.org\/{rel}","templated":true}]}}

Brazalete porta móviles VALENTO MARATHON

<div class="product-description">
<div class="article_characteristics">
<ul style="margin-block-start: 0;" >
<li><b>Brazalete</b> <b>porta móviles</b>.</li>
<li>Confeccionado con polipiel sintética resistente y de fácil limpieza.</li>
<li>Incluye ventanilla transparente que permite ver la pantalla del móvil.</li>
<li>Abrazadera de cinta elástica ancha con cierre de velcro que se ajusta cómodamente al brazo.</li>
<li>Cierre de cremallera para llevar el móvil guardado y dos orificios para la salida de cables o auriculares.</li>
<li>Métodos idóneos de marcaje: vinilo, transfer, serigrafía.</li>
<li>Ideal para realizar actividades físicas y deportivas y como <b>regalo promocional</b>.</li>
</ul></div>
</div>
<div class="product-pdf">
<p><a href="https://valento.es/?service=ServeDocuments&amp;function=serve_datasheet&amp;article_ref=PVVAMAR" target="_blank" rel="noopener">Descargar ficha técnica (PDF)</a></p>
</div>

<p>Brazalete porta móviles VALENTO MARATHON de Valento. Disponible en la categoría Accesorios. Envío rápido 24/48h.</p>
