{"id":293472,"date":"2026-03-06T01:27:33","date_gmt":"2026-03-06T01:27:33","guid":{"rendered":"https:\/\/grupotextil.es\/?post_type=product&#038;p=293472"},"modified":"2026-03-06T01:27:33","modified_gmt":"2026-03-06T01:27:33","slug":"minipercha-con-ventosa-valento-minipercha","status":"publish","type":"product","link":"https:\/\/grupotextil.es\/ca\/product\/minipercha-con-ventosa-valento-minipercha\/","title":{"rendered":"Minipercha con ventosa VALENTO MINIPERCHA"},"content":{"rendered":"<div class=\"product-description\">\n<div class=\"article_characteristics\">\n<ul style=\"margin-block-start: 0;\" >\n<li>Mini percha transparente con ventosa.<\/li>\n<li>Fabricada con polipropileno resistente y duradero.<\/li>\n<li>Incluye ventosa que permite colgarla en superficies lisas o pulidas.<\/li>\n<li>Ideal para sujetar la MINICAMISETA y colgar en ventanas, cristales del coche o azulejos.<\/li>\n<\/ul><\/div>\n<\/div>\n<div class=\"product-pdf\">\n<p><a href=\"https:\/\/valento.es\/?service=ServeDocuments&amp;function=serve_datasheet&amp;article_ref=PCVAMIN\" target=\"_blank\" rel=\"noopener\">Descargar ficha t\u00e9cnica (PDF)<\/a><\/p>\n<\/div>","protected":false},"excerpt":{"rendered":"<p>Minipercha con ventosa VALENTO MINIPERCHA de Valento. Disponible en la categor\u00eda Accesorios. Env\u00edo r\u00e1pido 24\/48h.<\/p>","protected":false},"featured_media":293473,"comment_status":"open","ping_status":"closed","template":"","meta":{"_acf_changed":false},"product_brand":[11282],"product_cat":[13948],"product_tag":[],"class_list":{"0":"post-293472","1":"product","2":"type-product","3":"status-publish","4":"has-post-thumbnail","6":"product_brand-valento","7":"product_cat-accesorios","8":"tm-no-options","10":"first","11":"instock","12":"taxable","13":"shipping-taxable","14":"product-type-variable"},"acf":[],"_links":{"self":[{"href":"https:\/\/grupotextil.es\/ca\/wp-json\/wp\/v2\/product\/293472","targetHints":{"allow":["GET"]}}],"collection":[{"href":"https:\/\/grupotextil.es\/ca\/wp-json\/wp\/v2\/product"}],"about":[{"href":"https:\/\/grupotextil.es\/ca\/wp-json\/wp\/v2\/types\/product"}],"replies":[{"embeddable":true,"href":"https:\/\/grupotextil.es\/ca\/wp-json\/wp\/v2\/comments?post=293472"}],"wp:featuredmedia":[{"embeddable":true,"href":"https:\/\/grupotextil.es\/ca\/wp-json\/wp\/v2\/media\/293473"}],"wp:attachment":[{"href":"https:\/\/grupotextil.es\/ca\/wp-json\/wp\/v2\/media?parent=293472"}],"wp:term":[{"taxonomy":"product_brand","embeddable":true,"href":"https:\/\/grupotextil.es\/ca\/wp-json\/wp\/v2\/product_brand?post=293472"},{"taxonomy":"product_cat","embeddable":true,"href":"https:\/\/grupotextil.es\/ca\/wp-json\/wp\/v2\/product_cat?post=293472"},{"taxonomy":"product_tag","embeddable":true,"href":"https:\/\/grupotextil.es\/ca\/wp-json\/wp\/v2\/product_tag?post=293472"}],"curies":[{"name":"wp","href":"https:\/\/api.w.org\/{rel}","templated":true}]}}

<div class="product-description">
<div class="article_characteristics">
<ul style="margin-block-start: 0;" >
<li>Mini percha transparente con ventosa.</li>
<li>Fabricada con polipropileno resistente y duradero.</li>
<li>Incluye ventosa que permite colgarla en superficies lisas o pulidas.</li>
<li>Ideal para sujetar la MINICAMISETA y colgar en ventanas, cristales del coche o azulejos.</li>
</ul></div>
</div>
<div class="product-pdf">
<p><a href="https://valento.es/?service=ServeDocuments&amp;function=serve_datasheet&amp;article_ref=PCVAMIN" target="_blank" rel="noopener">Descargar ficha técnica (PDF)</a></p>
</div>

<p>Minipercha con ventosa VALENTO MINIPERCHA de Valento. Disponible en la categoría Accesorios. Envío rápido 24/48h.</p>
