{"id":293650,"date":"2026-03-06T01:27:46","date_gmt":"2026-03-06T01:27:46","guid":{"rendered":"https:\/\/grupotextil.es\/?post_type=product&#038;p=293650"},"modified":"2026-03-06T01:27:46","modified_gmt":"2026-03-06T01:27:46","slug":"bata-de-trabajo-para-mujer-valento-smart","status":"publish","type":"product","link":"https:\/\/grupotextil.es\/ca\/product\/bata-de-trabajo-para-mujer-valento-smart\/","title":{"rendered":"Bata de trabajo para mujer VALENTO SMART"},"content":{"rendered":"<div class=\"product-description\">\n<div class=\"article_characteristics\">\n<ul style=\"margin-block-start: 0;\" >\n<li><b>Bata de trabajo<\/b> para <b>mujer<\/b>, <b>manga larga<\/b> y corte entallado.<\/li>\n<li>Confeccionada en tejido sarga mezcla algod\u00f3n con poli\u00e9ster que aporta durabilidad y resistencia.<\/li>\n<li>Cuello camisero en forma de pico amplio, c\u00f3modo y refrescante, y pu\u00f1os con cierre de bot\u00f3n para un mejor ajuste.<\/li>\n<li>Cierre central con botones de derecha a izquierda y cintura con cinta cosida en la espalda para mayor confort.<\/li>\n<li>Dos bolsillos delanteros y uno en pecho izquierdo tipo parche para tener todo accesible y resaltar el marcaje.<\/li>\n<li>M\u00e9todos id\u00f3neos de marcaje: serigraf\u00eda, transfer, vinilo, bordados, cosidos.<\/li>\n<li>Ideal como <b>ropa laboral<\/b> y <b>uniformes de trabajo<\/b>.<\/li>\n<\/ul><\/div>\n<\/div>\n<div class=\"product-pdf\">\n<p><a href=\"https:\/\/valento.es\/?service=ServeDocuments&amp;function=serve_datasheet&amp;article_ref=BTVASMA\" target=\"_blank\" rel=\"noopener\">Descargar ficha t\u00e9cnica (PDF)<\/a><\/p>\n<\/div>","protected":false},"excerpt":{"rendered":"<p>Bata de trabajo para mujer VALENTO SMART de Valento. Disponible en la categor\u00eda Batas. Env\u00edo r\u00e1pido 24\/48h.<\/p>","protected":false},"featured_media":293651,"comment_status":"open","ping_status":"closed","template":"","meta":{"_acf_changed":false},"product_brand":[11282],"product_cat":[13936],"product_tag":[],"class_list":{"0":"post-293650","1":"product","2":"type-product","3":"status-publish","4":"has-post-thumbnail","6":"product_brand-valento","7":"product_cat-rl-sanidad-y-estetica","8":"tm-no-options","10":"first","11":"instock","12":"taxable","13":"shipping-taxable","14":"product-type-variable"},"acf":[],"_links":{"self":[{"href":"https:\/\/grupotextil.es\/ca\/wp-json\/wp\/v2\/product\/293650","targetHints":{"allow":["GET"]}}],"collection":[{"href":"https:\/\/grupotextil.es\/ca\/wp-json\/wp\/v2\/product"}],"about":[{"href":"https:\/\/grupotextil.es\/ca\/wp-json\/wp\/v2\/types\/product"}],"replies":[{"embeddable":true,"href":"https:\/\/grupotextil.es\/ca\/wp-json\/wp\/v2\/comments?post=293650"}],"wp:featuredmedia":[{"embeddable":true,"href":"https:\/\/grupotextil.es\/ca\/wp-json\/wp\/v2\/media\/293651"}],"wp:attachment":[{"href":"https:\/\/grupotextil.es\/ca\/wp-json\/wp\/v2\/media?parent=293650"}],"wp:term":[{"taxonomy":"product_brand","embeddable":true,"href":"https:\/\/grupotextil.es\/ca\/wp-json\/wp\/v2\/product_brand?post=293650"},{"taxonomy":"product_cat","embeddable":true,"href":"https:\/\/grupotextil.es\/ca\/wp-json\/wp\/v2\/product_cat?post=293650"},{"taxonomy":"product_tag","embeddable":true,"href":"https:\/\/grupotextil.es\/ca\/wp-json\/wp\/v2\/product_tag?post=293650"}],"curies":[{"name":"wp","href":"https:\/\/api.w.org\/{rel}","templated":true}]}}

<div class="product-description">
<div class="article_characteristics">
<ul style="margin-block-start: 0;" >
<li><b>Bata de trabajo</b> para <b>mujer</b>, <b>manga larga</b> y corte entallado.</li>
<li>Confeccionada en tejido sarga mezcla algodón con poliéster que aporta durabilidad y resistencia.</li>
<li>Cuello camisero en forma de pico amplio, cómodo y refrescante, y puños con cierre de botón para un mejor ajuste.</li>
<li>Cierre central con botones de derecha a izquierda y cintura con cinta cosida en la espalda para mayor confort.</li>
<li>Dos bolsillos delanteros y uno en pecho izquierdo tipo parche para tener todo accesible y resaltar el marcaje.</li>
<li>Métodos idóneos de marcaje: serigrafía, transfer, vinilo, bordados, cosidos.</li>
<li>Ideal como <b>ropa laboral</b> y <b>uniformes de trabajo</b>.</li>
</ul></div>
</div>
<div class="product-pdf">
<p><a href="https://valento.es/?service=ServeDocuments&amp;function=serve_datasheet&amp;article_ref=BTVASMA" target="_blank" rel="noopener">Descargar ficha técnica (PDF)</a></p>
</div>

<p>Bata de trabajo para mujer VALENTO SMART de Valento. Disponible en la categoría Batas. Envío rápido 24/48h.</p>
