{"id":293964,"date":"2026-03-06T01:28:02","date_gmt":"2026-03-06T01:28:02","guid":{"rendered":"https:\/\/grupotextil.es\/?post_type=product&#038;p=293964"},"modified":"2026-03-06T01:28:02","modified_gmt":"2026-03-06T01:28:02","slug":"babero-de-bebe-con-goma-elastica-valento-coco","status":"publish","type":"product","link":"https:\/\/grupotextil.es\/ca\/product\/babero-de-bebe-con-goma-elastica-valento-coco\/","title":{"rendered":"Babero de beb\u00e9 con goma el\u00e1stica VALENTO COCO"},"content":{"rendered":"<div class=\"product-description\">\n<div class=\"article_characteristics\">\n<ul style=\"margin-block-start: 0;\" >\n<li><b>Babero<\/b> de <b>beb\u00e9<\/b> con goma el\u00e1stica.<\/li>\n<li>Confeccionado con doble capa de tejido: rizo absorbente que retiene y empapa l\u00edquidos en la parte delantera y parte trasera en <b>tejido impermeable<\/b> de PU.<\/li>\n<li>Goma el\u00e1stica que se adapta c\u00f3modamente y permite su sujeci\u00f3n en la parte trasera del cuello.<\/li>\n<li>Costuras ribeteadas en todo el contorno que aumentan su resistencia y durabilidad.<\/li>\n<li>M\u00e9todos id\u00f3neos de marcaje: bordados, cosidos.<\/li>\n<li>Ideal para m\u00faltiples usos: cotidiano, merchandising, suvenir, <b>regalo personalizado<\/b>, <b>regalo promocional<\/b>, etc.<\/li>\n<\/ul><\/div>\n<\/div>\n<div class=\"product-pdf\">\n<p><a href=\"https:\/\/valento.es\/?service=ServeDocuments&amp;function=serve_datasheet&amp;article_ref=BAVACOC\" target=\"_blank\" rel=\"noopener\">Descargar ficha t\u00e9cnica (PDF)<\/a><\/p>\n<\/div>","protected":false},"excerpt":{"rendered":"<p>Babero de beb\u00e9 con goma el\u00e1stica VALENTO COCO de Valento. Disponible en la categor\u00eda Bebe. Env\u00edo r\u00e1pido 24\/48h.<\/p>","protected":false},"featured_media":293965,"comment_status":"open","ping_status":"closed","template":"","meta":{"_acf_changed":false},"product_brand":[11282],"product_cat":[10160],"product_tag":[],"class_list":{"0":"post-293964","1":"product","2":"type-product","3":"status-publish","4":"has-post-thumbnail","6":"product_brand-valento","7":"product_cat-ropa-bebe","8":"tm-no-options","10":"first","11":"instock","12":"taxable","13":"shipping-taxable","14":"product-type-variable"},"acf":[],"_links":{"self":[{"href":"https:\/\/grupotextil.es\/ca\/wp-json\/wp\/v2\/product\/293964","targetHints":{"allow":["GET"]}}],"collection":[{"href":"https:\/\/grupotextil.es\/ca\/wp-json\/wp\/v2\/product"}],"about":[{"href":"https:\/\/grupotextil.es\/ca\/wp-json\/wp\/v2\/types\/product"}],"replies":[{"embeddable":true,"href":"https:\/\/grupotextil.es\/ca\/wp-json\/wp\/v2\/comments?post=293964"}],"wp:featuredmedia":[{"embeddable":true,"href":"https:\/\/grupotextil.es\/ca\/wp-json\/wp\/v2\/media\/293965"}],"wp:attachment":[{"href":"https:\/\/grupotextil.es\/ca\/wp-json\/wp\/v2\/media?parent=293964"}],"wp:term":[{"taxonomy":"product_brand","embeddable":true,"href":"https:\/\/grupotextil.es\/ca\/wp-json\/wp\/v2\/product_brand?post=293964"},{"taxonomy":"product_cat","embeddable":true,"href":"https:\/\/grupotextil.es\/ca\/wp-json\/wp\/v2\/product_cat?post=293964"},{"taxonomy":"product_tag","embeddable":true,"href":"https:\/\/grupotextil.es\/ca\/wp-json\/wp\/v2\/product_tag?post=293964"}],"curies":[{"name":"wp","href":"https:\/\/api.w.org\/{rel}","templated":true}]}}

Babero de bebé con goma elástica VALENTO COCO

<div class="product-description">
<div class="article_characteristics">
<ul style="margin-block-start: 0;" >
<li><b>Babero</b> de <b>bebé</b> con goma elástica.</li>
<li>Confeccionado con doble capa de tejido: rizo absorbente que retiene y empapa líquidos en la parte delantera y parte trasera en <b>tejido impermeable</b> de PU.</li>
<li>Goma elástica que se adapta cómodamente y permite su sujeción en la parte trasera del cuello.</li>
<li>Costuras ribeteadas en todo el contorno que aumentan su resistencia y durabilidad.</li>
<li>Métodos idóneos de marcaje: bordados, cosidos.</li>
<li>Ideal para múltiples usos: cotidiano, merchandising, suvenir, <b>regalo personalizado</b>, <b>regalo promocional</b>, etc.</li>
</ul></div>
</div>
<div class="product-pdf">
<p><a href="https://valento.es/?service=ServeDocuments&amp;function=serve_datasheet&amp;article_ref=BAVACOC" target="_blank" rel="noopener">Descargar ficha técnica (PDF)</a></p>
</div>

<p>Babero de bebé con goma elástica VALENTO COCO de Valento. Disponible en la categoría Bebe. Envío rápido 24/48h.</p>
