{"id":294892,"date":"2026-03-06T01:28:24","date_gmt":"2026-03-06T01:28:24","guid":{"rendered":"https:\/\/grupotextil.es\/?post_type=product&#038;p=294892"},"modified":"2026-03-06T01:28:24","modified_gmt":"2026-03-06T01:28:24","slug":"pegatinas-redondas-de-talla-valento-valinka","status":"publish","type":"product","link":"https:\/\/grupotextil.es\/ca\/product\/pegatinas-redondas-de-talla-valento-valinka\/","title":{"rendered":"Pegatinas redondas de talla VALENTO VALINKA"},"content":{"rendered":"<div class=\"product-description\">\n<div class=\"article_characteristics\">\n<ul style=\"margin-block-start: 0;\" >\n<li><b>Pegatinas de talla<\/b> redondas.<\/li>\n<li>Fabricadas en papel con adhesivo en la parte trasera.<\/li>\n<li>Formato en paquetes de 29 hojas con 35 pegatinas indivisibles, total 1015 pegatinas de una sola talla.<\/li>\n<li>Se venden en paquetes completos salvo pedidos de muestras.<\/li>\n<li>Indicadas para pegar en las prendas o en las bolsas CARACAS, SORIA, VERACRUZ o LAREDO e identificar r\u00e1pidamente las tallas.<\/li>\n<\/ul><\/div>\n<\/div>\n<div class=\"product-pdf\">\n<p><a href=\"https:\/\/valento.es\/?service=ServeDocuments&amp;function=serve_datasheet&amp;article_ref=PEVAVAL\" target=\"_blank\" rel=\"noopener\">Descargar ficha t\u00e9cnica (PDF)<\/a><\/p>\n<\/div>","protected":false},"excerpt":{"rendered":"<p>Pegatinas redondas de talla VALENTO VALINKA de Valento. Disponible en la categor\u00eda Bolsas De Plastico. Env\u00edo r\u00e1pido 24\/48h.<\/p>","protected":false},"featured_media":294893,"comment_status":"open","ping_status":"closed","template":"","meta":{"_acf_changed":false},"product_brand":[11282],"product_cat":[13954],"product_tag":[],"class_list":{"0":"post-294892","1":"product","2":"type-product","3":"status-publish","4":"has-post-thumbnail","6":"product_brand-valento","7":"product_cat-acc-bolsas-y-mochilas","8":"tm-no-options","10":"first","11":"instock","12":"taxable","13":"shipping-taxable","14":"product-type-variable"},"acf":[],"_links":{"self":[{"href":"https:\/\/grupotextil.es\/ca\/wp-json\/wp\/v2\/product\/294892","targetHints":{"allow":["GET"]}}],"collection":[{"href":"https:\/\/grupotextil.es\/ca\/wp-json\/wp\/v2\/product"}],"about":[{"href":"https:\/\/grupotextil.es\/ca\/wp-json\/wp\/v2\/types\/product"}],"replies":[{"embeddable":true,"href":"https:\/\/grupotextil.es\/ca\/wp-json\/wp\/v2\/comments?post=294892"}],"wp:featuredmedia":[{"embeddable":true,"href":"https:\/\/grupotextil.es\/ca\/wp-json\/wp\/v2\/media\/294893"}],"wp:attachment":[{"href":"https:\/\/grupotextil.es\/ca\/wp-json\/wp\/v2\/media?parent=294892"}],"wp:term":[{"taxonomy":"product_brand","embeddable":true,"href":"https:\/\/grupotextil.es\/ca\/wp-json\/wp\/v2\/product_brand?post=294892"},{"taxonomy":"product_cat","embeddable":true,"href":"https:\/\/grupotextil.es\/ca\/wp-json\/wp\/v2\/product_cat?post=294892"},{"taxonomy":"product_tag","embeddable":true,"href":"https:\/\/grupotextil.es\/ca\/wp-json\/wp\/v2\/product_tag?post=294892"}],"curies":[{"name":"wp","href":"https:\/\/api.w.org\/{rel}","templated":true}]}}

<div class="product-description">
<div class="article_characteristics">
<ul style="margin-block-start: 0;" >
<li><b>Pegatinas de talla</b> redondas.</li>
<li>Fabricadas en papel con adhesivo en la parte trasera.</li>
<li>Formato en paquetes de 29 hojas con 35 pegatinas indivisibles, total 1015 pegatinas de una sola talla.</li>
<li>Se venden en paquetes completos salvo pedidos de muestras.</li>
<li>Indicadas para pegar en las prendas o en las bolsas CARACAS, SORIA, VERACRUZ o LAREDO e identificar rápidamente las tallas.</li>
</ul></div>
</div>
<div class="product-pdf">
<p><a href="https://valento.es/?service=ServeDocuments&amp;function=serve_datasheet&amp;article_ref=PEVAVAL" target="_blank" rel="noopener">Descargar ficha técnica (PDF)</a></p>
</div>

<p>Pegatinas redondas de talla VALENTO VALINKA de Valento. Disponible en la categoría Bolsas De Plastico. Envío rápido 24/48h.</p>
