{"id":295487,"date":"2026-03-06T01:29:05","date_gmt":"2026-03-06T01:29:05","guid":{"rendered":"https:\/\/grupotextil.es\/?post_type=product&#038;p=295487"},"modified":"2026-03-06T01:29:05","modified_gmt":"2026-03-06T01:29:05","slug":"braga-de-cuello-larga-con-tejido-polar-valento-jerry","status":"publish","type":"product","link":"https:\/\/grupotextil.es\/ca\/product\/braga-de-cuello-larga-con-tejido-polar-valento-jerry\/","title":{"rendered":"Braga de cuello larga con tejido polar VALENTO JERRY"},"content":{"rendered":"<div class=\"product-description\">\n<div class=\"article_characteristics\">\n<ul style=\"margin-block-start: 0;\" >\n<li><b>Braga de cuello<\/b> tubular larga.<\/li>\n<li>Confeccionada en doble tejido: mitad micro-polar con perchado <b>anti-pilling<\/b> para mayor retenci\u00f3n t\u00e9rmica y la otra mitad, punto liso <b>100% poli\u00e9ster<\/b> de tacto algod\u00f3n suave y agradable.<\/li>\n<li><b>Sin costuras<\/b> en los extremos que minimizan el roce con la piel.<\/li>\n<li>Largura extra de 50 cm que aporta mayor funcionalidad.<\/li>\n<li>M\u00e9todos id\u00f3neos de marcaje: serigraf\u00eda, <b>sublimaci\u00f3n<\/b> sobre color blanco (en poli\u00e9ster liso), transfer.<\/li>\n<li>Ideal como complemento de <b>ropa laboral<\/b> y <b>ropa deportiva<\/b>.<\/li>\n<\/ul><\/div>\n<\/div>\n<div class=\"product-pdf\">\n<p><a href=\"https:\/\/valento.es\/?service=ServeDocuments&amp;function=serve_datasheet&amp;article_ref=TCVAJER\" target=\"_blank\" rel=\"noopener\">Descargar ficha t\u00e9cnica (PDF)<\/a><\/p>\n<\/div>","protected":false},"excerpt":{"rendered":"<p>Braga de cuello larga con tejido polar VALENTO JERRY de Valento. Disponible en la categor\u00eda Bragas De Cuello Y Bufandas. Env\u00edo r\u00e1pido 24\/48h.<\/p>","protected":false},"featured_media":295488,"comment_status":"open","ping_status":"closed","template":"","meta":{"_acf_changed":false},"product_brand":[11282],"product_cat":[13951,13974,13975],"product_tag":[],"class_list":{"0":"post-295487","1":"product","2":"type-product","3":"status-publish","4":"has-post-thumbnail","6":"product_brand-valento","7":"product_cat-bufandas-y-panuelos","8":"product_cat-ropa-hombre","9":"product_cat-ropa-mujer","10":"tm-no-options","12":"first","13":"instock","14":"taxable","15":"shipping-taxable","16":"product-type-variable"},"acf":[],"_links":{"self":[{"href":"https:\/\/grupotextil.es\/ca\/wp-json\/wp\/v2\/product\/295487","targetHints":{"allow":["GET"]}}],"collection":[{"href":"https:\/\/grupotextil.es\/ca\/wp-json\/wp\/v2\/product"}],"about":[{"href":"https:\/\/grupotextil.es\/ca\/wp-json\/wp\/v2\/types\/product"}],"replies":[{"embeddable":true,"href":"https:\/\/grupotextil.es\/ca\/wp-json\/wp\/v2\/comments?post=295487"}],"wp:featuredmedia":[{"embeddable":true,"href":"https:\/\/grupotextil.es\/ca\/wp-json\/wp\/v2\/media\/295488"}],"wp:attachment":[{"href":"https:\/\/grupotextil.es\/ca\/wp-json\/wp\/v2\/media?parent=295487"}],"wp:term":[{"taxonomy":"product_brand","embeddable":true,"href":"https:\/\/grupotextil.es\/ca\/wp-json\/wp\/v2\/product_brand?post=295487"},{"taxonomy":"product_cat","embeddable":true,"href":"https:\/\/grupotextil.es\/ca\/wp-json\/wp\/v2\/product_cat?post=295487"},{"taxonomy":"product_tag","embeddable":true,"href":"https:\/\/grupotextil.es\/ca\/wp-json\/wp\/v2\/product_tag?post=295487"}],"curies":[{"name":"wp","href":"https:\/\/api.w.org\/{rel}","templated":true}]}}

<div class="product-description">
<div class="article_characteristics">
<ul style="margin-block-start: 0;" >
<li><b>Braga de cuello</b> tubular larga.</li>
<li>Confeccionada en doble tejido: mitad micro-polar con perchado <b>anti-pilling</b> para mayor retención térmica y la otra mitad, punto liso <b>100% poliéster</b> de tacto algodón suave y agradable.</li>
<li><b>Sin costuras</b> en los extremos que minimizan el roce con la piel.</li>
<li>Largura extra de 50 cm que aporta mayor funcionalidad.</li>
<li>Métodos idóneos de marcaje: serigrafía, <b>sublimación</b> sobre color blanco (en poliéster liso), transfer.</li>
<li>Ideal como complemento de <b>ropa laboral</b> y <b>ropa deportiva</b>.</li>
</ul></div>
</div>
<div class="product-pdf">
<p><a href="https://valento.es/?service=ServeDocuments&amp;function=serve_datasheet&amp;article_ref=TCVAJER" target="_blank" rel="noopener">Descargar ficha técnica (PDF)</a></p>
</div>

<p>Braga de cuello larga con tejido polar VALENTO JERRY de Valento. Disponible en la categoría Bragas De Cuello Y Bufandas. Envío rápido 24/48h.</p>
