{"id":296522,"date":"2026-03-06T01:29:42","date_gmt":"2026-03-06T01:29:42","guid":{"rendered":"https:\/\/grupotextil.es\/?post_type=product&#038;p=296522"},"modified":"2026-03-06T01:29:42","modified_gmt":"2026-03-06T01:29:42","slug":"leotardos-infantiles-valento-martinete","status":"publish","type":"product","link":"https:\/\/grupotextil.es\/ca\/product\/leotardos-infantiles-valento-martinete\/","title":{"rendered":"Leotardos infantiles VALENTO MARTINETE"},"content":{"rendered":"<div class=\"product-description\">\n<div class=\"article_characteristics\">\n<ul style=\"margin-block-start: 0;\" >\n<li><b>Leotardos<\/b> <b>infantiles<\/b>.<\/li>\n<li>Confeccionados con <b>tejido transpirable<\/b> <b>rico en algod\u00f3n<\/b> que favorece la ventilaci\u00f3n, mezclado con poli\u00e9ster resistente y duradero, con elastano flexible y ajustable.<\/li>\n<li>Cintura con goma el\u00e1stica para una mejor sujeci\u00f3n.<\/li>\n<li>Refuerzos en tal\u00f3n y en punta con poliamida que aumentan su resistencia.<\/li>\n<li>M\u00e9todos id\u00f3neos de marcaje: bordados, cosidos.<\/li>\n<li>Ideal para su uso con zapato de vestir y <b>uniforme escolar<\/b>.<\/li>\n<\/ul><\/div>\n<\/div>\n<div class=\"product-pdf\">\n<p><a href=\"https:\/\/valento.es\/?service=ServeDocuments&amp;function=serve_datasheet&amp;article_ref=LTVAMAR\" target=\"_blank\" rel=\"noopener\">Descargar ficha t\u00e9cnica (PDF)<\/a><\/p>\n<\/div>","protected":false},"excerpt":{"rendered":"<p>Leotardos infantiles VALENTO MARTINETE de Valento. Disponible en la categor\u00eda Calcetines. Env\u00edo r\u00e1pido 24\/48h.<\/p>","protected":false},"featured_media":296523,"comment_status":"open","ping_status":"closed","template":"","meta":{"_acf_changed":false},"product_brand":[11282],"product_cat":[13953],"product_tag":[],"class_list":{"0":"post-296522","1":"product","2":"type-product","3":"status-publish","4":"has-post-thumbnail","6":"product_brand-valento","7":"product_cat-acc-calcetines","8":"tm-no-options","10":"first","11":"instock","12":"taxable","13":"shipping-taxable","14":"product-type-variable"},"acf":[],"_links":{"self":[{"href":"https:\/\/grupotextil.es\/ca\/wp-json\/wp\/v2\/product\/296522","targetHints":{"allow":["GET"]}}],"collection":[{"href":"https:\/\/grupotextil.es\/ca\/wp-json\/wp\/v2\/product"}],"about":[{"href":"https:\/\/grupotextil.es\/ca\/wp-json\/wp\/v2\/types\/product"}],"replies":[{"embeddable":true,"href":"https:\/\/grupotextil.es\/ca\/wp-json\/wp\/v2\/comments?post=296522"}],"wp:featuredmedia":[{"embeddable":true,"href":"https:\/\/grupotextil.es\/ca\/wp-json\/wp\/v2\/media\/296523"}],"wp:attachment":[{"href":"https:\/\/grupotextil.es\/ca\/wp-json\/wp\/v2\/media?parent=296522"}],"wp:term":[{"taxonomy":"product_brand","embeddable":true,"href":"https:\/\/grupotextil.es\/ca\/wp-json\/wp\/v2\/product_brand?post=296522"},{"taxonomy":"product_cat","embeddable":true,"href":"https:\/\/grupotextil.es\/ca\/wp-json\/wp\/v2\/product_cat?post=296522"},{"taxonomy":"product_tag","embeddable":true,"href":"https:\/\/grupotextil.es\/ca\/wp-json\/wp\/v2\/product_tag?post=296522"}],"curies":[{"name":"wp","href":"https:\/\/api.w.org\/{rel}","templated":true}]}}

<div class="product-description">
<div class="article_characteristics">
<ul style="margin-block-start: 0;" >
<li><b>Leotardos</b> <b>infantiles</b>.</li>
<li>Confeccionados con <b>tejido transpirable</b> <b>rico en algodón</b> que favorece la ventilación, mezclado con poliéster resistente y duradero, con elastano flexible y ajustable.</li>
<li>Cintura con goma elástica para una mejor sujeción.</li>
<li>Refuerzos en talón y en punta con poliamida que aumentan su resistencia.</li>
<li>Métodos idóneos de marcaje: bordados, cosidos.</li>
<li>Ideal para su uso con zapato de vestir y <b>uniforme escolar</b>.</li>
</ul></div>
</div>
<div class="product-pdf">
<p><a href="https://valento.es/?service=ServeDocuments&amp;function=serve_datasheet&amp;article_ref=LTVAMAR" target="_blank" rel="noopener">Descargar ficha técnica (PDF)</a></p>
</div>

<p>Leotardos infantiles VALENTO MARTINETE de Valento. Disponible en la categoría Calcetines. Envío rápido 24/48h.</p>
