{"id":306016,"date":"2026-03-06T01:33:07","date_gmt":"2026-03-06T01:33:07","guid":{"rendered":"https:\/\/grupotextil.es\/?post_type=product&#038;p=306016"},"modified":"2026-03-06T01:33:07","modified_gmt":"2026-03-06T01:33:07","slug":"peto-de-trabajo-con-bolsillos-valento-costa","status":"publish","type":"product","link":"https:\/\/grupotextil.es\/ca\/product\/peto-de-trabajo-con-bolsillos-valento-costa\/","title":{"rendered":"Peto de trabajo con bolsillos VALENTO COSTA"},"content":{"rendered":"<div class=\"product-description\">\n<div class=\"article_characteristics\">\n<ul style=\"margin-block-start: 0;\" >\n<li><b>Peto de trabajo<\/b> con <b>bolsillos<\/b>.<\/li>\n<li>Confeccionado en <b>tejido transpirable<\/b> ketten plano, ligero y resistente.<\/li>\n<li>Dos <b>bolsillos<\/b> delanteros y uno en pecho izquierdo tipo parche, para tener todo accesible y resaltar el marcaje.<\/li>\n<li>Amplio cuello y sisas ribeteados que aportan mayor movilidad.<\/li>\n<li>M\u00e9todos id\u00f3neos de marcaje: serigraf\u00eda, transfer, vinilo, sublimaci\u00f3n sobre color blanco, bordados, cosidos.<\/li>\n<li>Ideal como <b>ropa laboral<\/b>.<\/li>\n<\/ul><\/div>\n<\/div>\n<div class=\"product-pdf\">\n<p><a href=\"https:\/\/valento.es\/?service=ServeDocuments&amp;function=serve_datasheet&amp;article_ref=PTVACOS\" target=\"_blank\" rel=\"noopener\">Descargar ficha t\u00e9cnica (PDF)<\/a><\/p>\n<\/div>","protected":false},"excerpt":{"rendered":"<p>Peto de trabajo con bolsillos VALENTO COSTA de Valento. Disponible en la categor\u00eda Camisolas Petos Y Conjuntos Sanitarios. Env\u00edo r\u00e1pido 24\/48h.<\/p>","protected":false},"featured_media":306017,"comment_status":"open","ping_status":"closed","template":"","meta":{"_acf_changed":false},"product_brand":[11282],"product_cat":[13974,13975,13936],"product_tag":[],"class_list":{"0":"post-306016","1":"product","2":"type-product","3":"status-publish","4":"has-post-thumbnail","6":"product_brand-valento","7":"product_cat-ropa-hombre","8":"product_cat-ropa-mujer","9":"product_cat-rl-sanidad-y-estetica","10":"tm-no-options","12":"first","13":"instock","14":"taxable","15":"shipping-taxable","16":"product-type-variable"},"acf":[],"_links":{"self":[{"href":"https:\/\/grupotextil.es\/ca\/wp-json\/wp\/v2\/product\/306016","targetHints":{"allow":["GET"]}}],"collection":[{"href":"https:\/\/grupotextil.es\/ca\/wp-json\/wp\/v2\/product"}],"about":[{"href":"https:\/\/grupotextil.es\/ca\/wp-json\/wp\/v2\/types\/product"}],"replies":[{"embeddable":true,"href":"https:\/\/grupotextil.es\/ca\/wp-json\/wp\/v2\/comments?post=306016"}],"wp:featuredmedia":[{"embeddable":true,"href":"https:\/\/grupotextil.es\/ca\/wp-json\/wp\/v2\/media\/306017"}],"wp:attachment":[{"href":"https:\/\/grupotextil.es\/ca\/wp-json\/wp\/v2\/media?parent=306016"}],"wp:term":[{"taxonomy":"product_brand","embeddable":true,"href":"https:\/\/grupotextil.es\/ca\/wp-json\/wp\/v2\/product_brand?post=306016"},{"taxonomy":"product_cat","embeddable":true,"href":"https:\/\/grupotextil.es\/ca\/wp-json\/wp\/v2\/product_cat?post=306016"},{"taxonomy":"product_tag","embeddable":true,"href":"https:\/\/grupotextil.es\/ca\/wp-json\/wp\/v2\/product_tag?post=306016"}],"curies":[{"name":"wp","href":"https:\/\/api.w.org\/{rel}","templated":true}]}}

<div class="product-description">
<div class="article_characteristics">
<ul style="margin-block-start: 0;" >
<li><b>Peto de trabajo</b> con <b>bolsillos</b>.</li>
<li>Confeccionado en <b>tejido transpirable</b> ketten plano, ligero y resistente.</li>
<li>Dos <b>bolsillos</b> delanteros y uno en pecho izquierdo tipo parche, para tener todo accesible y resaltar el marcaje.</li>
<li>Amplio cuello y sisas ribeteados que aportan mayor movilidad.</li>
<li>Métodos idóneos de marcaje: serigrafía, transfer, vinilo, sublimación sobre color blanco, bordados, cosidos.</li>
<li>Ideal como <b>ropa laboral</b>.</li>
</ul></div>
</div>
<div class="product-pdf">
<p><a href="https://valento.es/?service=ServeDocuments&amp;function=serve_datasheet&amp;article_ref=PTVACOS" target="_blank" rel="noopener">Descargar ficha técnica (PDF)</a></p>
</div>

<p>Peto de trabajo con bolsillos VALENTO COSTA de Valento. Disponible en la categoría Camisolas Petos Y Conjuntos Sanitarios. Envío rápido 24/48h.</p>
