{"id":306184,"date":"2026-03-06T01:33:10","date_gmt":"2026-03-06T01:33:10","guid":{"rendered":"https:\/\/grupotextil.es\/?post_type=product&#038;p=306184"},"modified":"2026-03-06T01:33:10","modified_gmt":"2026-03-06T01:33:10","slug":"bluson-de-trabajo-con-corchetes-metalicos-valento-mersch","status":"publish","type":"product","link":"https:\/\/grupotextil.es\/ca\/product\/bluson-de-trabajo-con-corchetes-metalicos-valento-mersch\/","title":{"rendered":"Blus\u00f3n de trabajo con corchetes met\u00e1licos VALENTO MERSCH"},"content":{"rendered":"<div class=\"product-description\">\n<div class=\"article_characteristics\">\n<ul style=\"margin-block-start: 0;\" >\n<li><b>Blus\u00f3n de trabajo<\/b> de <b>manga corta<\/b> y <b>cuello redondo<\/b>.<\/li>\n<li>Confeccionado en tejido sarga mezcla algod\u00f3n con poli\u00e9ster resistente y duradero.<\/li>\n<li><b>Cuello redondo<\/b> y cierre central de corchetes met\u00e1licos.<\/li>\n<li>Aberturas laterales para mayor confort.<\/li>\n<li>Dos bolsillos delanteros para tener todo accesible y uno en pecho izquierdo para resaltar el marcaje.<\/li>\n<li>M\u00e9todos id\u00f3neos de marcaje: serigraf\u00eda, transfer, vinilo, bordados, cosidos.<\/li>\n<li>Ideal como <b>ropa laboral<\/b>, <b>uniformes sanitarios<\/b>, y <b>uniformes de est\u00e9tica<\/b>, combina con el pantal\u00f3n PIXEL, se venden por separado.<\/li>\n<\/ul><\/div>\n<\/div>\n<div class=\"product-pdf\">\n<p><a href=\"https:\/\/valento.es\/?service=ServeDocuments&amp;function=serve_datasheet&amp;article_ref=CQVAMER\" target=\"_blank\" rel=\"noopener\">Descargar ficha t\u00e9cnica (PDF)<\/a><\/p>\n<\/div>","protected":false},"excerpt":{"rendered":"<p>Blus\u00f3n de trabajo con corchetes met\u00e1licos VALENTO MERSCH de Valento. Disponible en la categor\u00eda Camisolas Petos Y Conjuntos Sanitarios. Env\u00edo r\u00e1pido 24\/48h.<\/p>","protected":false},"featured_media":306185,"comment_status":"open","ping_status":"closed","template":"","meta":{"_acf_changed":false},"product_brand":[11282],"product_cat":[13990,13981,13974,13975,13973],"product_tag":[],"class_list":{"0":"post-306184","1":"product","2":"type-product","3":"status-publish","4":"has-post-thumbnail","6":"product_brand-valento","7":"product_cat-m-chaquetas-y-abrigos","8":"product_cat-h-chaquetas-y-abrigos","9":"product_cat-ropa-hombre","10":"product_cat-ropa-mujer","11":"product_cat-ropa","12":"tm-no-options","14":"first","15":"instock","16":"taxable","17":"shipping-taxable","18":"product-type-variable"},"acf":[],"_links":{"self":[{"href":"https:\/\/grupotextil.es\/ca\/wp-json\/wp\/v2\/product\/306184","targetHints":{"allow":["GET"]}}],"collection":[{"href":"https:\/\/grupotextil.es\/ca\/wp-json\/wp\/v2\/product"}],"about":[{"href":"https:\/\/grupotextil.es\/ca\/wp-json\/wp\/v2\/types\/product"}],"replies":[{"embeddable":true,"href":"https:\/\/grupotextil.es\/ca\/wp-json\/wp\/v2\/comments?post=306184"}],"wp:featuredmedia":[{"embeddable":true,"href":"https:\/\/grupotextil.es\/ca\/wp-json\/wp\/v2\/media\/306185"}],"wp:attachment":[{"href":"https:\/\/grupotextil.es\/ca\/wp-json\/wp\/v2\/media?parent=306184"}],"wp:term":[{"taxonomy":"product_brand","embeddable":true,"href":"https:\/\/grupotextil.es\/ca\/wp-json\/wp\/v2\/product_brand?post=306184"},{"taxonomy":"product_cat","embeddable":true,"href":"https:\/\/grupotextil.es\/ca\/wp-json\/wp\/v2\/product_cat?post=306184"},{"taxonomy":"product_tag","embeddable":true,"href":"https:\/\/grupotextil.es\/ca\/wp-json\/wp\/v2\/product_tag?post=306184"}],"curies":[{"name":"wp","href":"https:\/\/api.w.org\/{rel}","templated":true}]}}

Blusón de trabajo con corchetes metálicos VALENTO MERSCH

<div class="product-description">
<div class="article_characteristics">
<ul style="margin-block-start: 0;" >
<li><b>Blusón de trabajo</b> de <b>manga corta</b> y <b>cuello redondo</b>.</li>
<li>Confeccionado en tejido sarga mezcla algodón con poliéster resistente y duradero.</li>
<li><b>Cuello redondo</b> y cierre central de corchetes metálicos.</li>
<li>Aberturas laterales para mayor confort.</li>
<li>Dos bolsillos delanteros para tener todo accesible y uno en pecho izquierdo para resaltar el marcaje.</li>
<li>Métodos idóneos de marcaje: serigrafía, transfer, vinilo, bordados, cosidos.</li>
<li>Ideal como <b>ropa laboral</b>, <b>uniformes sanitarios</b>, y <b>uniformes de estética</b>, combina con el pantalón PIXEL, se venden por separado.</li>
</ul></div>
</div>
<div class="product-pdf">
<p><a href="https://valento.es/?service=ServeDocuments&amp;function=serve_datasheet&amp;article_ref=CQVAMER" target="_blank" rel="noopener">Descargar ficha técnica (PDF)</a></p>
</div>

<p>Blusón de trabajo con corchetes metálicos VALENTO MERSCH de Valento. Disponible en la categoría Camisolas Petos Y Conjuntos Sanitarios. Envío rápido 24/48h.</p>
