{"id":306298,"date":"2026-03-06T01:33:14","date_gmt":"2026-03-06T01:33:14","guid":{"rendered":"https:\/\/grupotextil.es\/?post_type=product&#038;p=306298"},"modified":"2026-03-06T01:33:14","modified_gmt":"2026-03-06T01:33:14","slug":"bluson-de-manga-corta-para-mujer-valento-beatriz","status":"publish","type":"product","link":"https:\/\/grupotextil.es\/ca\/product\/bluson-de-manga-corta-para-mujer-valento-beatriz\/","title":{"rendered":"Blus\u00f3n de manga corta para mujer VALENTO BEATRIZ"},"content":{"rendered":"<div class=\"product-description\">\n<div class=\"article_characteristics\">\n<ul style=\"margin-block-start: 0;\" >\n<li><b>Blus\u00f3n de trabajo<\/b> de <b>mujer<\/b>, <b>manga corta<\/b> y corte entallado.<\/li>\n<li>Confeccionado en tejido sarga mezcla algod\u00f3n con poli\u00e9ster resistente y duradero.<\/li>\n<li><b>Cuello de pico<\/b>: amplio, c\u00f3modo y refrescante.<\/li>\n<li>Cierre central de botones a presi\u00f3n met\u00e1licos para mayor confort.<\/li>\n<li>Dos bolsillos delanteros y uno en pecho izquierdo tipo parche para tener todo accesible y resaltar el marcaje.<\/li>\n<li>M\u00e9todos id\u00f3neos de marcaje: serigraf\u00eda, transfer, vinilo, bordados, cosidos.<\/li>\n<li>Ideal como <b>uniformes sanitarios<\/b>, <b>uniformes de est\u00e9tica<\/b> y <b>ropa laboral<\/b>.<\/li>\n<\/ul><\/div>\n<\/div>\n<div class=\"product-pdf\">\n<p><a href=\"https:\/\/valento.es\/?service=ServeDocuments&amp;function=serve_datasheet&amp;article_ref=CQVABEA\" target=\"_blank\" rel=\"noopener\">Descargar ficha t\u00e9cnica (PDF)<\/a><\/p>\n<\/div>","protected":false},"excerpt":{"rendered":"<p>Blus\u00f3n de manga corta para mujer VALENTO BEATRIZ de Valento. Disponible en la categor\u00eda Camisolas Petos Y Conjuntos Sanitarios. Env\u00edo r\u00e1pido 24\/48h.<\/p>","protected":false},"featured_media":306299,"comment_status":"open","ping_status":"closed","template":"","meta":{"_acf_changed":false},"product_brand":[11282],"product_cat":[13981,13990,13974,13975,13973],"product_tag":[],"class_list":{"0":"post-306298","1":"product","2":"type-product","3":"status-publish","4":"has-post-thumbnail","6":"product_brand-valento","7":"product_cat-h-chaquetas-y-abrigos","8":"product_cat-m-chaquetas-y-abrigos","9":"product_cat-ropa-hombre","10":"product_cat-ropa-mujer","11":"product_cat-ropa","12":"tm-no-options","14":"first","15":"instock","16":"taxable","17":"shipping-taxable","18":"product-type-variable"},"acf":[],"_links":{"self":[{"href":"https:\/\/grupotextil.es\/ca\/wp-json\/wp\/v2\/product\/306298","targetHints":{"allow":["GET"]}}],"collection":[{"href":"https:\/\/grupotextil.es\/ca\/wp-json\/wp\/v2\/product"}],"about":[{"href":"https:\/\/grupotextil.es\/ca\/wp-json\/wp\/v2\/types\/product"}],"replies":[{"embeddable":true,"href":"https:\/\/grupotextil.es\/ca\/wp-json\/wp\/v2\/comments?post=306298"}],"wp:featuredmedia":[{"embeddable":true,"href":"https:\/\/grupotextil.es\/ca\/wp-json\/wp\/v2\/media\/306299"}],"wp:attachment":[{"href":"https:\/\/grupotextil.es\/ca\/wp-json\/wp\/v2\/media?parent=306298"}],"wp:term":[{"taxonomy":"product_brand","embeddable":true,"href":"https:\/\/grupotextil.es\/ca\/wp-json\/wp\/v2\/product_brand?post=306298"},{"taxonomy":"product_cat","embeddable":true,"href":"https:\/\/grupotextil.es\/ca\/wp-json\/wp\/v2\/product_cat?post=306298"},{"taxonomy":"product_tag","embeddable":true,"href":"https:\/\/grupotextil.es\/ca\/wp-json\/wp\/v2\/product_tag?post=306298"}],"curies":[{"name":"wp","href":"https:\/\/api.w.org\/{rel}","templated":true}]}}

Blusón de manga corta para mujer VALENTO BEATRIZ

<div class="product-description">
<div class="article_characteristics">
<ul style="margin-block-start: 0;" >
<li><b>Blusón de trabajo</b> de <b>mujer</b>, <b>manga corta</b> y corte entallado.</li>
<li>Confeccionado en tejido sarga mezcla algodón con poliéster resistente y duradero.</li>
<li><b>Cuello de pico</b>: amplio, cómodo y refrescante.</li>
<li>Cierre central de botones a presión metálicos para mayor confort.</li>
<li>Dos bolsillos delanteros y uno en pecho izquierdo tipo parche para tener todo accesible y resaltar el marcaje.</li>
<li>Métodos idóneos de marcaje: serigrafía, transfer, vinilo, bordados, cosidos.</li>
<li>Ideal como <b>uniformes sanitarios</b>, <b>uniformes de estética</b> y <b>ropa laboral</b>.</li>
</ul></div>
</div>
<div class="product-pdf">
<p><a href="https://valento.es/?service=ServeDocuments&amp;function=serve_datasheet&amp;article_ref=CQVABEA" target="_blank" rel="noopener">Descargar ficha técnica (PDF)</a></p>
</div>

<p>Blusón de manga corta para mujer VALENTO BEATRIZ de Valento. Disponible en la categoría Camisolas Petos Y Conjuntos Sanitarios. Envío rápido 24/48h.</p>
