{"id":306415,"date":"2026-03-06T01:33:19","date_gmt":"2026-03-06T01:33:19","guid":{"rendered":"https:\/\/grupotextil.es\/?post_type=product&#038;p=306415"},"modified":"2026-03-06T01:33:19","modified_gmt":"2026-03-06T01:33:19","slug":"pijama-sanitario-microfibra-valento-leiden","status":"publish","type":"product","link":"https:\/\/grupotextil.es\/ca\/product\/pijama-sanitario-microfibra-valento-leiden\/","title":{"rendered":"Pijama sanitario microfibra VALENTO LEIDEN"},"content":{"rendered":"<div class=\"product-description\">\n<div class=\"article_characteristics\">\n<ul style=\"margin-block-start: 0;\" >\n<li><b>Conjunto sanitario<\/b> formado por <b>blus\u00f3n de trabajo<\/b> y <b>pantal\u00f3n<\/b>.<\/li>\n<li>Confeccionado en <b>tejido transpirable<\/b> de <b>microfibra<\/b> aterciopelada, flexible y ligera.<\/li>\n<li>Blus\u00f3n de manga corta con cuello de pico amplio y refrescante, bajo con aberturas laterales para mayor confort, dos bolsillos frontales tipo parche y uno en pecho izquierdo con compartimento para bol\u00edgrafo, para tener todo accesible y resaltar el marcaje.<\/li>\n<li><b>Pantal\u00f3n<\/b> sin bolsillos, cintura con goma el\u00e1stica entera y cord\u00f3n regulador para mejor ajuste y mayor comodidad.<\/li>\n<li>M\u00e9todos id\u00f3neos de marcaje: serigraf\u00eda, transfer, vinilo, bordados, cosidos.<\/li>\n<li>Ideal para <b>uniformes sanitarios<\/b>, <b>uniformes de est\u00e9tica<\/b> y <b>ropa laboral<\/b>, se vende \u00fanicamente en conjunto, no por separado.<\/li>\n<\/ul><\/div>\n<\/div>\n<div class=\"product-pdf\">\n<p><a href=\"https:\/\/valento.es\/?service=ServeDocuments&amp;function=serve_datasheet&amp;article_ref=BPVALEI\" target=\"_blank\" rel=\"noopener\">Descargar ficha t\u00e9cnica (PDF)<\/a><\/p>\n<\/div>","protected":false},"excerpt":{"rendered":"<p>Pijama sanitario microfibra VALENTO LEIDEN de Valento. Disponible en la categor\u00eda Camisolas Petos Y Conjuntos Sanitarios. Env\u00edo r\u00e1pido 24\/48h.<\/p>","protected":false},"featured_media":306416,"comment_status":"open","ping_status":"closed","template":"","meta":{"_acf_changed":false},"product_brand":[11282],"product_cat":[13936],"product_tag":[],"class_list":{"0":"post-306415","1":"product","2":"type-product","3":"status-publish","4":"has-post-thumbnail","6":"product_brand-valento","7":"product_cat-rl-sanidad-y-estetica","8":"tm-no-options","10":"first","11":"instock","12":"taxable","13":"shipping-taxable","14":"product-type-variable"},"acf":[],"_links":{"self":[{"href":"https:\/\/grupotextil.es\/ca\/wp-json\/wp\/v2\/product\/306415","targetHints":{"allow":["GET"]}}],"collection":[{"href":"https:\/\/grupotextil.es\/ca\/wp-json\/wp\/v2\/product"}],"about":[{"href":"https:\/\/grupotextil.es\/ca\/wp-json\/wp\/v2\/types\/product"}],"replies":[{"embeddable":true,"href":"https:\/\/grupotextil.es\/ca\/wp-json\/wp\/v2\/comments?post=306415"}],"wp:featuredmedia":[{"embeddable":true,"href":"https:\/\/grupotextil.es\/ca\/wp-json\/wp\/v2\/media\/306416"}],"wp:attachment":[{"href":"https:\/\/grupotextil.es\/ca\/wp-json\/wp\/v2\/media?parent=306415"}],"wp:term":[{"taxonomy":"product_brand","embeddable":true,"href":"https:\/\/grupotextil.es\/ca\/wp-json\/wp\/v2\/product_brand?post=306415"},{"taxonomy":"product_cat","embeddable":true,"href":"https:\/\/grupotextil.es\/ca\/wp-json\/wp\/v2\/product_cat?post=306415"},{"taxonomy":"product_tag","embeddable":true,"href":"https:\/\/grupotextil.es\/ca\/wp-json\/wp\/v2\/product_tag?post=306415"}],"curies":[{"name":"wp","href":"https:\/\/api.w.org\/{rel}","templated":true}]}}

<div class="product-description">
<div class="article_characteristics">
<ul style="margin-block-start: 0;" >
<li><b>Conjunto sanitario</b> formado por <b>blusón de trabajo</b> y <b>pantalón</b>.</li>
<li>Confeccionado en <b>tejido transpirable</b> de <b>microfibra</b> aterciopelada, flexible y ligera.</li>
<li>Blusón de manga corta con cuello de pico amplio y refrescante, bajo con aberturas laterales para mayor confort, dos bolsillos frontales tipo parche y uno en pecho izquierdo con compartimento para bolígrafo, para tener todo accesible y resaltar el marcaje.</li>
<li><b>Pantalón</b> sin bolsillos, cintura con goma elástica entera y cordón regulador para mejor ajuste y mayor comodidad.</li>
<li>Métodos idóneos de marcaje: serigrafía, transfer, vinilo, bordados, cosidos.</li>
<li>Ideal para <b>uniformes sanitarios</b>, <b>uniformes de estética</b> y <b>ropa laboral</b>, se vende únicamente en conjunto, no por separado.</li>
</ul></div>
</div>
<div class="product-pdf">
<p><a href="https://valento.es/?service=ServeDocuments&amp;function=serve_datasheet&amp;article_ref=BPVALEI" target="_blank" rel="noopener">Descargar ficha técnica (PDF)</a></p>
</div>

<p>Pijama sanitario microfibra VALENTO LEIDEN de Valento. Disponible en la categoría Camisolas Petos Y Conjuntos Sanitarios. Envío rápido 24/48h.</p>
